483
CXUS56 KMFR 241000
CF6SIY
PRELIMINARY LOCAL CLIMATOLOGICAL DATA (WS FORM: F-6)

                                          STATION:   MONTAGUE CA
                                          MONTH:     NOVEMBER
                                          YEAR:      2017
                                          LATITUDE:   41 46 N
                                          LONGITUDE: 122 28 W

  TEMPERATURE IN F:       :PCPN:    SNOW:  WIND      :SUNSHINE: SKY     :PK WND
================================================================================
1   2   3   4   5  6A  6B    7    8   9   10  11  12  13   14  15   16   17  18
                                     12Z  AVG MX 2MIN
DY MAX MIN AVG DEP HDD CDD  WTR  SNW DPTH SPD SPD DIR MIN PSBL S-S WX    SPD DR
================================================================================

 1  70  27  49   4  16   0 0.00    M    M  3.5 14  20   M    M   0 8      16  20
 2  62  35  49   4  16   0 0.00    M    M  9.6 31 180   M    M   8 18     36 180
 3  52  39  46   2  19   0 0.49    M    M  8.1 18  20   M    M  10 1      21  20
 4  48  31  40  -4  25   0    T    M    M  4.6  9  50   M    M   4        12 340
 5  49  28  39  -5  26   0 0.02    M    M  5.3 17 190   M    M   8        22 200
 6  50  27  39  -4  26   0 0.00    M    M  4.1 10  20   M    M   4        13  20
 7  48  24  36  -7  29   0 0.00    M    M  2.3 10  40   M    M   0        12  40
 8  55  34  45   3  20   0    T    M    M 15.9 41 160   M    M   7        51 170
 9  55  35  45   3  20   0 0.01    M    M  7.6 20 220   M    M   7        23 180
10  53  38  46   4  19   0 0.14    M    M  6.1 25 160   M    M   8 1      30 160
11  54  31  43   2  22   0    T    M    M  2.7  9  40   M    M   4 12     10 170
12  57  37  47   6  18   0 0.00    M    M 14.8 31 170   M    M   3        39 170
13  55  40  48   8  17   0 0.01    M    M 13.7 29 170   M    M   9        36 170
14  53  27  40   0  25   0    T    M    M  4.3 17 180   M    M   1        20 180
15  49  30  40   0  25   0 0.08    M    M 12.7 29 170   M    M   6 1      35 180
16  48  37  43   4  22   0 0.05    M    M  4.9 17 270   M    M  10        19 270
17  47  25  36  -3  29   0    T    M    M  2.8 10 270   M    M   2        13 270
18  46  18  32  -7  33   0 0.00    M    M  0.9  6 130   M    M   0 12      6 200
19  40  19  30  -8  35   0 0.02    M    M  3.5 12  30   M    M   2        13  20
20  52  37  45   7  20   0 0.30    M    M  6.0 13 350   M    M  10 1      15 350
21  68  44  56  18   9   0 0.01    M    M  6.9 21 170   M    M   6 18     26 180
22  63  42  53  15  12   0 0.01    M    M  6.2 16 260   M    M   3        18 260
23  68  45  57  20   8   0 0.05    M    M  5.0 23 210   M    M   6 1      28 210
================================================================================
SM 1242  750       491   0  1.19    M    151.5          M      118
================================================================================
AV 54.0 32.6                               6.6 FASTST   M    M   5    MAX(MPH)
                                 MISC ---->  # 41 160               # 51  170
================================================================================
NOTES:
# LAST OF SEVERAL OCCURRENCES

COLUMN 17 PEAK WIND IN M.P.H.

PRELIMINARY LOCAL CLIMATOLOGICAL DATA (WS FORM: F-6) , PAGE 2

                                          STATION:  MONTAGUE CA
                                          MONTH:    NOVEMBER
                                          YEAR:     2017
                                          LATITUDE:   41 46 N
                                          LONGITUDE: 122 28 W

[TEMPERATURE DATA]      [PRECIPITATION DATA]       SYMBOLS USED IN COLUMN 16

AVERAGE MONTHLY: 43.3   TOTAL FOR MONTH:   1.19    1 = FOG OR MIST
DPTR FM NORMAL:   2.3   DPTR FM NORMAL:   -0.99    2 = FOG REDUCING VISIBILITY
HIGHEST:    70 ON  1    GRTST 24HR  0.49 ON  3- 3      TO 1/4 MILE OR LESS
LOWEST:     18 ON 18                               3 = THUNDER
                        SNOW, ICE PELLETS, HAIL    4 = ICE PELLETS
                        TOTAL MONTH:    M          5 = HAIL
                        GRTST 24HR    M  ON   M    6 = FREEZING RAIN OR DRIZZLE
                        GRTST DEPTH:  M  ON   M    7 = DUSTSTORM OR SANDSTORM:
                                                       VSBY 1/2 MILE OR LESS
                                                   8 = SMOKE OR HAZE
[NO. OF DAYS WITH]      [WEATHER - DAYS WITH]      9 = BLOWING SNOW
                                                   X = TORNADO
MAX 32 OR BELOW:   0    0.01 INCH OR MORE:  12
MAX 90 OR ABOVE:   0    0.10 INCH OR MORE:   3
MIN 32 OR BELOW:  11    0.50 INCH OR MORE:   0
MIN  0 OR BELOW:   0    1.00 INCH OR MORE:   0

[HDD (BASE 65) ]
TOTAL THIS MO.   491    CLEAR  (SCALE 0-3)   7
DPTR FM NORMAL   -62    PTCLDY (SCALE 4-7)  11
TOTAL FM JUL 1  1056    CLOUDY (SCALE 8-10)  5
DPTR FM NORMAL   -50

[CDD (BASE 65) ]
TOTAL THIS MO.     0
DPTR FM NORMAL     0    [PRESSURE DATA]
TOTAL FM JAN 1   902    HIGHEST SLP M ON M
DPTR FM NORMAL   358    LOWEST  SLP 29.64 ON 15

[REMARKS]
