000
CXUS56 KMFR 291000
CF6SIY
PRELIMINARY LOCAL CLIMATOLOGICAL DATA (WS FORM: F-6)

                                          STATION:   MONTAGUE CA
                                          MONTH:     JULY
                                          YEAR:      2015
                                          LATITUDE:   41 46 N
                                          LONGITUDE: 122 28 W

  TEMPERATURE IN F:       :PCPN:    SNOW:  WIND      :SUNSHINE: SKY     :PK WND
================================================================================
1   2   3   4   5  6A  6B    7    8   9   10  11  12  13   14  15   16   17  18
                                     12Z  AVG MX 2MIN
DY MAX MIN AVG DEP HDD CDD  WTR  SNW DPTH SPD SPD DIR MIN PSBL S-S WX    SPD DR
================================================================================

 1 105  65  85  16   0  20    T    M    M  4.5 24 320   M    M   0        32 300
 2 106  65  86  16   0  21 0.00    M    M  5.3 20  10   M    M   0        25  10
 3 100  67  84  14   0  19 0.00    M    M  3.7  9  30   M    M   0 8       M  M
 4 102  64  83  13   0  18 0.04    M    M   M   M   M   0    0   0         0   0
 5  93  69  81  10   0  16 0.00    M    M  5.5 22  20   0    0   0        26  20
 6  97  60  79   8   0  14 0.00    M    M  6.0 18 320   M    M   1        24 320
 7  93  64  79   8   0  14    T    M    M  5.5 23  10   M    M   1        30  10
 8  80  62  71  -1   0   6 0.01    M    M  4.9 16 350   M    M   3        19 350
 9  83  62  73   1   0   8 0.06    M    M  5.7 20 270   M    M   6 1      24 140
10  79  61  70  -2   0   5 0.04    M    M  5.3 17 350   M    M   9        20 360
11  84  58  71  -1   0   6 0.05    M    M  6.6 18 260   M    M   3        24 180
12  82  56  69  -4   0   4 0.02    M    M  7.8 33 230   M    M   3        43 230
13  85  50  68  -5   0   3 0.58    M    M  4.9 26 130   M    M   3 8      33 120
14  87  57  72  -1   0   7 0.00    M    M  6.8 24 350   M    M   2        28 340
15  90  58  74   1   0   9 0.00    M    M  9.4 22 360   M    M   0        27 360
16  90  55  73   0   0   8 0.00    M    M 10.9 22 360   M    M   0        27  10
17  93  56  75   1   0  10 0.00    M    M  9.5 23  10   M    M   0        28  10
18  94  61  78   4   0  13 0.00    M    M  5.4 14 360   M    M   0        19 190
19  96  56  76   2   0  11 0.00    M    M  5.7 18 360   M    M   0        23 360
20  96  59  78   4   0  13    T    M    M  5.7 23 230   M    M   1        27  20
21  93  57  75   1   0  10    T    M    M  5.8 21  10   M    M   1        24 290
22  90  59  75   1   0  10 0.00    M    M  8.6 21 360   M    M   0        26 350
23  87  53  70  -4   0   5 0.00    M    M  6.2 16 190   M    M   0        19 200
24  90  52  71  -3   0   6 0.00    M    M  6.2 16 330   M    M   1        28 290
25  90  53  72  -2   0   7 0.00    M    M  7.5 20 310   M    M   0        25 320
26  83  57  70  -4   0   5 0.00    M    M 12.1 30 350   M    M   1        37 350
27  84  50  67  -7   0   2 0.00    M    M  9.2 20 350   M    M   0        23 350
28  94  54  74   0   0   9 0.00    M    M  9.5 23  20   M    M   0        30 340
================================================================================
SM 2546 1640         0 279  0.80    M    184.2            0     35
================================================================================
AV 90.9 58.6                               6.8 FASTST    0   0   1    MAX(MPH)
                                 MISC ---->  # 33 230               # 43  230
================================================================================
NOTES:
# LAST OF SEVERAL OCCURRENCES

COLUMN 17 PEAK WIND IN M.P.H.

PRELIMINARY LOCAL CLIMATOLOGICAL DATA (WS FORM: F-6) , PAGE 2

                                          STATION:  MONTAGUE CA
                                          MONTH:    JULY
                                          YEAR:     2015
                                          LATITUDE:   41 46 N
                                          LONGITUDE: 122 28 W

[TEMPERATURE DATA]      [PRECIPITATION DATA]       SYMBOLS USED IN COLUMN 16

AVERAGE MONTHLY: 74.8   TOTAL FOR MONTH:   0.80    1 = FOG OR MIST
DPTR FM NORMAL:   2.1   DPTR FM NORMAL:    0.41    2 = FOG REDUCING VISIBILITY
HIGHEST:   106 ON  2    GRTST 24HR  0.58 ON 13-13      TO 1/4 MILE OR LESS
LOWEST:     50 ON 27,13                            3 = THUNDER
                        SNOW, ICE PELLETS, HAIL    4 = ICE PELLETS
                        TOTAL MONTH:    M          5 = HAIL
                        GRTST 24HR    M  ON   M    6 = FREEZING RAIN OR DRIZZLE
                        GRTST DEPTH:  M  ON   M    7 = DUSTSTORM OR SANDSTORM:
                                                       VSBY 1/2 MILE OR LESS
                                                   8 = SMOKE OR HAZE
[NO. OF DAYS WITH]      [WEATHER - DAYS WITH]      9 = BLOWING SNOW
                                                   X = TORNADO
MAX 32 OR BELOW:   0    0.01 INCH OR MORE:   7
MAX 90 OR ABOVE:  18    0.10 INCH OR MORE:   1
MIN 32 OR BELOW:   0    0.50 INCH OR MORE:   1
MIN  0 OR BELOW:   0    1.00 INCH OR MORE:   0

[HDD (BASE 65) ]
TOTAL THIS MO.     0    CLEAR  (SCALE 0-3)  24
DPTR FM NORMAL    -1    PTCLDY (SCALE 4-7)   3
TOTAL FM JUL 1     0    CLOUDY (SCALE 8-10)  1
DPTR FM NORMAL    -1

[CDD (BASE 65) ]
TOTAL THIS MO.   279
DPTR FM NORMAL    64    [PRESSURE DATA]
TOTAL FM JAN 1   528    HIGHEST SLP  0.00 ON M
DPTR FM NORMAL   242    LOWEST  SLP  0.00 ON M

[REMARKS]
