428
CXUS56 KMTR 261000
CF6SJC
PRELIMINARY LOCAL CLIMATOLOGICAL DATA (WS FORM: F-6)

                                          STATION:   SAN JOSE AIRPORT
                                          MONTH:     FEBRUARY
                                          YEAR:      2017
                                          LATITUDE:   37 21 N
                                          LONGITUDE: 121 55 W

  TEMPERATURE IN F:       :PCPN:    SNOW:  WIND      :SUNSHINE: SKY     :PK WND
================================================================================
1   2   3   4   5  6A  6B    7    8   9   10  11  12  13   14  15   16   17  18
                                     12Z  AVG MX 2MIN
DY MAX MIN AVG DEP HDD CDD  WTR  SNW DPTH SPD SPD DIR MIN PSBL S-S WX    SPD DR
================================================================================

 1  62  44  53   1  12   0 0.03    M    0  8.1 24 180   M    M   6        32 100
 2  64  51  58   6   7   0 0.22  0.0    0 14.0 24 120   M    M   8 1      33  90
 3  64  56  60   8   5   0 0.20  0.0    0 10.2 17 150   M    M   9 1      24 130
 4  63  49  56   4   9   0    T  0.0    0  6.5 14 190   M    M   7        17 110
 5  59  49  54   2  11   0 0.19    M    0  9.9 26 110   M    M   7 1      33 120
 6  62  54  58   6   7   0 0.19  0.0    0 10.5 23 120   M    M  10 1      29 110
 7  67  55  61   9   4   0 0.35  0.0    0  8.3 24 130   M    M   9 18     35 130
 8  66  59  63  11   2   0 0.06  0.0    0  8.2 17 150   M    M   9        26 100
 9  64  58  61   8   4   0 0.53  0.0    0  9.8 26 130   M    M   8 18     37 120
10  63  50  57   4   8   0 0.06  0.0    0  6.1 18 300   M    M   7 1      22 310
11  60  46  53   0  12   0 0.00  0.0    0  7.7 16 290   M    M   3        23 300
12  65  41  53   0  12   0 0.00  0.0    0  5.2 15 280   M    M   4        18 270
13  63  41  52  -1  13   0 0.00  0.0    0  3.2  8 270   M    M   6 128    12 350
14  70  45  58   5   7   0 0.00  0.0    0  2.6 10 300   M    M   3        13 310
15  71  49  60   7   5   0 0.00  0.0    0  6.1 22 180   M    M   6        28 170
16  66  54  60   6   5   0 0.08  0.0    0  9.2 24 150   M    M   6 8      34 160
17  59  53  56   2   9   0 0.95  0.0    0 15.1 44 120   M    M   9 1      56 130
18  56  47  52  -2  13   0 0.13    M    0 11.1 23 270   M    M   9 1      29 270
19  56  48  52  -2  13   0 0.01  0.0    0 13.3 29 120   M    M  10        37 110
20  61  53  57   3   8   0 1.87  0.0    0 10.8 31 160   M    M  10 1      42 150
21  61  48  55   1  10   0 0.33    M    0  6.1 18 180   M    M   9 1      22 180
22  56  42  49  -5  16   0    T  0.0    0 10.1 24 310   M    M   5        28 330
23  54  38  46  -8  19   0    T  0.0    0  6.9 17 270   M    M   2        22 300
24  56  35  46  -8  19   0 0.00  0.0    0  6.0 15 310   M    M   4        19 310
25  59  36  48  -7  17   0 0.00  0.0    0  5.1 17 270   M    M   6        22 300
================================================================================
SM 1547 1201       247   0  5.20     0.0 210.1          M      172
================================================================================
AV 61.9 48.0                               8.4 FASTST   M    M   7    MAX(MPH)
                                 MISC ---->  # 44 120               # 56  130
================================================================================
NOTES:
# LAST OF SEVERAL OCCURRENCES

COLUMN 17 PEAK WIND IN M.P.H.

PRELIMINARY LOCAL CLIMATOLOGICAL DATA (WS FORM: F-6) , PAGE 2

                                          STATION:  SAN JOSE AIRPORT
                                          MONTH:    FEBRUARY
                                          YEAR:     2017
                                          LATITUDE:   37 21 N
                                          LONGITUDE: 121 55 W

[TEMPERATURE DATA]      [PRECIPITATION DATA]       SYMBOLS USED IN COLUMN 16

AVERAGE MONTHLY: 55.0   TOTAL FOR MONTH:   5.20    1 = FOG OR MIST
DPTR FM NORMAL:   1.8   DPTR FM NORMAL:    2.42    2 = FOG REDUCING VISIBILITY
HIGHEST:    71 ON 15    GRTST 24HR  1.87 ON 20-20      TO 1/4 MILE OR LESS
LOWEST:     35 ON 24                               3 = THUNDER
                        SNOW, ICE PELLETS, HAIL    4 = ICE PELLETS
                        TOTAL MONTH:   0.0 INCH    5 = HAIL
                        GRTST 24HR     0.0         6 = FREEZING RAIN OR DRIZZLE
                        GRTST DEPTH:   0           7 = DUSTSTORM OR SANDSTORM:
                                                       VSBY 1/2 MILE OR LESS
                                                   8 = SMOKE OR HAZE
[NO. OF DAYS WITH]      [WEATHER - DAYS WITH]      9 = BLOWING SNOW
                                                   X = TORNADO
MAX 32 OR BELOW:   0    0.01 INCH OR MORE:  15
MAX 90 OR ABOVE:   0    0.10 INCH OR MORE:  10
MIN 32 OR BELOW:   0    0.50 INCH OR MORE:   3
MIN  0 OR BELOW:   0    1.00 INCH OR MORE:   1

[HDD (BASE 65) ]
TOTAL THIS MO.   247    CLEAR  (SCALE 0-3)   3
DPTR FM NORMAL   -50    PTCLDY (SCALE 4-7)  12
TOTAL FM JUL 1  1382    CLOUDY (SCALE 8-10) 10
DPTR FM NORMAL  -252

[CDD (BASE 65) ]
TOTAL THIS MO.     0
DPTR FM NORMAL     0    [PRESSURE DATA]
TOTAL FM JAN 1     0    HIGHEST SLP M ON M
DPTR FM NORMAL     0    LOWEST  SLP 29.14 ON 17

[REMARKS]
