013
CXUS56 KMTR 261000
CF6SJC
PRELIMINARY LOCAL CLIMATOLOGICAL DATA (WS FORM: F-6)

                                          STATION:   SAN JOSE AIRPORT
                                          MONTH:     JULY
                                          YEAR:      2016
                                          LATITUDE:   37 21 N
                                          LONGITUDE: 121 55 W

  TEMPERATURE IN F:       :PCPN:    SNOW:  WIND      :SUNSHINE: SKY     :PK WND
================================================================================
1   2   3   4   5  6A  6B    7    8   9   10  11  12  13   14  15   16   17  18
                                     12Z  AVG MX 2MIN
DY MAX MIN AVG DEP HDD CDD  WTR  SNW DPTH SPD SPD DIR MIN PSBL S-S WX    SPD DR
================================================================================

 1  81  56  69  -1   0   4 0.00  0.0    0  8.3 17 120   M    M   0        21 130
 2  81  55  68  -3   0   3 0.00  0.0    0  9.7 17 130   M    M   1        20 130
 3  81  57  69  -2   0   4 0.00  0.0    0  8.9 16 280   M    M   1        20 300
 4  80  56  68  -3   0   3 0.00  0.0    0  8.8 16 300   M    M   1 8      21 300
 5  77  57  67  -4   0   2 0.00  0.0    0  8.5 16 310   M    M   4        20 310
 6  75  55  65  -6   0   0 0.00  0.0    0  9.3 20 320   M    M   2        25 300
 7  73  57  65  -6   0   0 0.00  0.0    0  8.1 22 300   M    M   4        26 310
 8  78  59  69  -2   0   4 0.00  0.0    0  8.5 20 300   M    M   6        23 300
 9  80  60  70  -1   0   5 0.00  0.0    0  9.9 22 320   M    M   5        28 310
10  79  55  67  -4   0   2 0.00  0.0    0  8.4 17 310   M    M   1        24 330
11  84  58  71   0   0   6 0.00  0.0    0  8.1 21 310   M    M   0        26 300
12  79  56  68  -3   0   3 0.00  0.0    0  7.3 18 310   M    M   1        25 340
13  89  57  73   2   0   8 0.00  0.0    0  5.4 17 310   M    M   0        20 280
14  86  60  73   2   0   8 0.00  0.0    0  6.8 17 300   M    M   0        20 290
15  82  55  69  -2   0   4 0.00  0.0    0  7.5 16 290   M    M   4        21 280
16  82  57  70  -1   0   5 0.00  0.0    0  9.7 15 140   M    M   2        21 300
17  80  56  68  -3   0   3 0.00  0.0    0 10.4 20 300   M    M   2        26 300
18  73  58  66  -5   0   1 0.00  0.0    0  8.1 18 320   M    M   4        24 340
19  75  57  66  -5   0   1 0.00  0.0    0  9.3 21 320   M    M   2        24 300
20  80  56  68  -3   0   3 0.00  0.0    0  7.6 18 290   M    M   1        22 280
21  78  57  68  -3   0   3 0.00  0.0    0  9.6 21 310   M    M   3        24 310
22  85  56  71   0   0   6 0.00  0.0    0  6.5 18 300   M    M   1        22 290
23  89  59  74   3   0   9 0.00  0.0    0  6.6 17 310   M    M   0        21 300
24  85  59  72   1   0   7 0.00  0.0    0  5.9 17 290   M    M   1        20 300
25  84  56  70  -1   0   5 0.00  0.0    0  6.4 14 320   M    M   3 8      18 280
================================================================================
SM 2016 1424         0  99  0.00     0.0 203.6          M       49
================================================================================
AV 80.6 57.0                               8.1 FASTST   M    M   2    MAX(MPH)
                                 MISC ---->  # 22 300               # 28  310
================================================================================
NOTES:
# LAST OF SEVERAL OCCURRENCES

COLUMN 17 PEAK WIND IN M.P.H.

PRELIMINARY LOCAL CLIMATOLOGICAL DATA (WS FORM: F-6) , PAGE 2

                                          STATION:  SAN JOSE AIRPORT
                                          MONTH:    JULY
                                          YEAR:     2016
                                          LATITUDE:   37 21 N
                                          LONGITUDE: 121 55 W

[TEMPERATURE DATA]      [PRECIPITATION DATA]       SYMBOLS USED IN COLUMN 16

AVERAGE MONTHLY: 68.8   TOTAL FOR MONTH:   0.00    1 = FOG OR MIST
DPTR FM NORMAL:  -2.2   DPTR FM NORMAL:    0.00    2 = FOG REDUCING VISIBILITY
HIGHEST:    89 ON 23,13 GRTST 24HR    T  ON  2- 3      TO 1/4 MILE OR LESS
LOWEST:     55 ON 15,10                            3 = THUNDER
                        SNOW, ICE PELLETS, HAIL    4 = ICE PELLETS
                        TOTAL MONTH:   0.0 INCH    5 = HAIL
                        GRTST 24HR     0.0         6 = FREEZING RAIN OR DRIZZLE
                        GRTST DEPTH:   0           7 = DUSTSTORM OR SANDSTORM:
                                                       VSBY 1/2 MILE OR LESS
                                                   8 = SMOKE OR HAZE
[NO. OF DAYS WITH]      [WEATHER - DAYS WITH]      9 = BLOWING SNOW
                                                   X = TORNADO
MAX 32 OR BELOW:   0    0.01 INCH OR MORE:   0
MAX 90 OR ABOVE:   0    0.10 INCH OR MORE:   0
MIN 32 OR BELOW:   0    0.50 INCH OR MORE:   0
MIN  0 OR BELOW:   0    1.00 INCH OR MORE:   0

[HDD (BASE 65) ]
TOTAL THIS MO.     0    CLEAR  (SCALE 0-3)  19
DPTR FM NORMAL     0    PTCLDY (SCALE 4-7)   6
TOTAL FM JUL 1     0    CLOUDY (SCALE 8-10)  0
DPTR FM NORMAL     0

[CDD (BASE 65) ]
TOTAL THIS MO.    99
DPTR FM NORMAL   -51    [PRESSURE DATA]
TOTAL FM JAN 1   328    HIGHEST SLP M ON M
DPTR FM NORMAL    -7    LOWEST  SLP 29.83 ON  1

[REMARKS]
