000
CXUS56 KMTR 261000
CF6SJC
PRELIMINARY LOCAL CLIMATOLOGICAL DATA (WS FORM: F-6)

                                          STATION:   SAN JOSE AIRPORT
                                          MONTH:     FEBRUARY
                                          YEAR:      2015
                                          LATITUDE:   37 21 N
                                          LONGITUDE: 121 55 W

  TEMPERATURE IN F:       :PCPN:    SNOW:  WIND      :SUNSHINE: SKY     :PK WND
================================================================================
1   2   3   4   5  6A  6B    7    8   9   10  11  12  13   14  15   16   17  18
                                     12Z  AVG MX 2MIN
DY MAX MIN AVG DEP HDD CDD  WTR  SNW DPTH SPD SPD DIR MIN PSBL S-S WX    SPD DR
================================================================================

 1  67  39  53   1  12   0    T    M    0  2.3 14 290   M    M   6        17 300
 2  68  42  55   3  10   0    T    M    0  2.1 10 290   M    M   4 8      10 300
 3  72  48  60   7   5   0 0.00  0.0    0  2.3  9 310   M    M   6 8      13 320
 4  73  44  59   6   6   0 0.00  0.0    0  3.7 14 300   M    M   5 8      18 140
 5  68  51  60   7   5   0 0.00  0.0    0  8.5 22 170   M    M   6        29 150
 6  65  57  61   8   4   0 1.26  0.0    0 16.3 31 100   M    M   8 1      41 110
 7  68  58  63  10   2   0 0.03  0.0    0  8.2 22 160   M    M   7 1      28 160
 8  64  57  61   7   4   0 0.39  0.0    0 13.2 28 110   M    M   6 1      37 110
 9  66  51  59   5   6   0 0.02  0.0    M  5.4 18 300   M    M   5 1      23 300
10  64  44  54   0  11   0 0.00  0.0    0  3.5 15 310   M    M   4 1      18 290
11  68  41  55   1  10   0 0.00  0.0    0  2.0  7 250   M    M   5 8      10 250
12  72  44  58   4   7   0 0.00  0.0    0  2.3 10 310   M    M   4        15 190
13  77  47  62   8   3   0 0.00  0.0    0  1.9  9 300   M    M   3        12 330
14  74  46  60   6   5   0 0.00  0.0    0  2.3  9 290   M    M   1        12 310
15  75  44  60   5   5   0 0.00  0.0    0  2.3 10 290   M    M   3        13 290
16  72  47  60   5   5   0 0.00  0.0    0  3.6 13 300   M    M   4 1      15 300
17  59  54  57   2   8   0 0.00  0.0    0  4.6 12 310   M    M  10 18     14 320
18  65  53  59   4   6   0 0.00  0.0    0  4.3 12 290   M    M   6 1      13 290
19  66  53  60   5   5   0 0.00  0.0    0  3.2 14 310   M    M   8 18     17 300
20  70  51  61   6   4   0 0.00  0.0    0  3.6 12 310   M    M   6 18     14 300
21  71  45  58   2   7   0 0.00  0.0    0  2.9 17 290   M    M   3        20 290
22  65  46  56   0   9   0 0.00  0.0    0  7.1 17 320   M    M   3        32 320
23  62  45  54  -2  11   0 0.00  0.0    0  9.3 20 330   M    M   1        25 320
24  66  35  51  -5  14   0 0.00  0.0    0  3.6 14 290   M    M   1        18 310
25  68  40  54  -2  11   0 0.00  0.0    0  4.6 17 310   M    M   3        22 310
================================================================================
SM 1705 1182       175   0  1.70     0.0 123.1          M      118
================================================================================
AV 68.2 47.3                               4.9 FASTST   M    M   5    MAX(MPH)
                                 MISC ---->  # 31 100               # 41  110
================================================================================
NOTES:
# LAST OF SEVERAL OCCURRENCES

COLUMN 17 PEAK WIND IN M.P.H.

PRELIMINARY LOCAL CLIMATOLOGICAL DATA (WS FORM: F-6) , PAGE 2

                                          STATION:  SAN JOSE AIRPORT
                                          MONTH:    FEBRUARY
                                          YEAR:     2015
                                          LATITUDE:   37 21 N
                                          LONGITUDE: 121 55 W

[TEMPERATURE DATA]      [PRECIPITATION DATA]       SYMBOLS USED IN COLUMN 16

AVERAGE MONTHLY: 57.7   TOTAL FOR MONTH:   1.70    1 = FOG OR MIST
DPTR FM NORMAL:   3.5   DPTR FM NORMAL:   -1.26    2 = FOG REDUCING VISIBILITY
HIGHEST:    77 ON 13    GRTST 24HR  1.29 ON  6- 7      TO 1/4 MILE OR LESS
LOWEST:     35 ON 24                               3 = THUNDER
                        SNOW, ICE PELLETS, HAIL    4 = ICE PELLETS
                        TOTAL MONTH:   0.0 INCH    5 = HAIL
                        GRTST 24HR     0.0         6 = FREEZING RAIN OR DRIZZLE
                        GRTST DEPTH:   0           7 = DUSTSTORM OR SANDSTORM:
                                                       VSBY 1/2 MILE OR LESS
                                                   8 = SMOKE OR HAZE
[NO. OF DAYS WITH]      [WEATHER - DAYS WITH]      9 = BLOWING SNOW
                                                   X = TORNADO
MAX 32 OR BELOW:   0    0.01 INCH OR MORE:   4
MAX 90 OR ABOVE:   0    0.10 INCH OR MORE:   2
MIN 32 OR BELOW:   0    0.50 INCH OR MORE:   1
MIN  0 OR BELOW:   0    1.00 INCH OR MORE:   1

[HDD (BASE 65) ]
TOTAL THIS MO.   175    CLEAR  (SCALE 0-3)   7
DPTR FM NORMAL   -93    PTCLDY (SCALE 4-7)  17
TOTAL FM JUL 1  1192    CLOUDY (SCALE 8-10)  1
DPTR FM NORMAL  -245

[CDD (BASE 65) ]
TOTAL THIS MO.     0
DPTR FM NORMAL     0    [PRESSURE DATA]
TOTAL FM JAN 1     0    HIGHEST SLP M ON M
DPTR FM NORMAL     0    LOWEST  SLP 29.76 ON  6

[REMARKS]
