000
CXUS56 KFGZ 010900
CF6SJN
PRELIMINARY LOCAL CLIMATOLOGICAL DATA (WS FORM: F-6)

                                          STATION:   SAINT JOHNS AZ AIRPORT
                                          MONTH:     OCTOBER
                                          YEAR:      2014
                                          LATITUDE:   34 31 N
                                          LONGITUDE: 109 23 W

  TEMPERATURE IN F:       :PCPN:    SNOW:  WIND      :SUNSHINE: SKY     :PK WND
================================================================================
1   2   3   4   5  6A  6B    7    8   9   10  11  12  13   14  15   16   17  18
                                     12Z  AVG MX 2MIN
DY MAX MIN AVG DEP HDD CDD  WTR  SNW DPTH SPD SPD DIR MIN PSBL S-S WX    SPD DR
================================================================================

 1  73  43  58  -4   7   0    T    M    M  7.2 18 290   M    M   2        24 290
 2  68  42  55  -7  10   0 0.00    M    M  5.7 13 330   M    M   0        18 300
 3  76  34  55  -6  10   0 0.00    M    M  4.3 13 320   M    M   0        17 300
 4  78  37  58  -3   7   0 0.00    M    M  5.1 16 290   M    M   0        24 300
 5  77  38  58  -2   7   0 0.00    M    M  6.6 18 290   M    M   0        23 280
 6  78  39  59  -1   6   0 0.00    M    M  5.2 13 310   M    M   0        17 320
 7  78  43  61   2   4   0 0.00    M    M  4.0 12 340   M    M   0        14 230
 8  65  55  60   1   5   0 0.31    M    M  4.5 16 130   M    M   8 1      19 110
 9  64  51  58   0   7   0 0.09    M    M  6.9 16 290   M    M   7 1      20 290
10  72  47  60   2   5   0 0.00    M    M  5.0 17 300   M    M   1        21 270
11  75  47  61   3   4   0 0.00    M    M  6.9 21 240   M    M   0        26 230
12  75  39  57   0   8   0 0.00    M    M 17.6 41 270   M    M   0        55 280
13  65  35  50  -7  15   0 0.00    M    M  4.0 13 310   M    M   0        17 290
14  76  33  55  -1  10   0 0.00    M    M  2.6  9 350   M    M   0        13 360
15  79  36  58   2   7   0 0.00    M    M  5.7 23 260   M    M   0        28 260
16  80  41  61   6   4   0 0.00    M    M  6.9 21 270   M    M   0        25 270
17  73  44  59   4   6   0 0.00    M    M  4.8 22 240   M    M   1        27 250
18  77  41  59   5   6   0    T    M    M  3.8 15 310   M    M   2        20 330
19  66  43  55   1  10   0 0.33    M    M  5.4 25 210   M    M   2 13     31 210
20  69  40  55   1  10   0 0.00    M    M  3.8 15 180   M    M   4        18 180
21  70  40  55   2  10   0 0.00    M    M  3.7 14 240   M    M   0        19 240
22  73  44  59   6   6   0 0.00    M    M  3.6 13 320   M    M   1        16 330
23  75  42  59   7   6   0 0.00    M    M  3.8  9 180   M    M   0        12 300
24  79  38  59   7   6   0 0.00    M    M  2.6  9 260   M    M   0        12 320
25  79  40  60   9   5   0 0.00    M    M  5.9 24 260   M    M   0        30 260
26  78  50  64  13   1   0 0.00    M    M 10.4 29 230   M    M   1        37 240
27  70  45  58   7   7   0 0.00    M    M  6.5 18 290   M    M   1        25 290
28  71  38  55   5  10   0 0.00    M    M  4.3 14 300   M    M   0        17 290
29  73  36  55   5  10   0 0.00    M    M  4.1 12 330   M    M   0        14  10
30  79  34  57   8   8   0 0.00    M    M  4.8 14 310   M    M   0        18  60
31  77  41  59  10   6   0    T    M    M 11.3 24 150   M    M   1 3      30 170
================================================================================
SM 2288 1276       223   0  0.73    M    177.0          M       31
================================================================================
AV 73.8 41.2                               5.7 FASTST   M    M   1    MAX(MPH)
                                 MISC ---->  # 41 270               # 55  280
================================================================================
NOTES:
# LAST OF SEVERAL OCCURRENCES

COLUMN 17 PEAK WIND IN M.P.H.

PRELIMINARY LOCAL CLIMATOLOGICAL DATA (WS FORM: F-6) , PAGE 2

                                          STATION:  SAINT JOHNS AZ AIRPORT
                                          MONTH:    OCTOBER
                                          YEAR:     2014
                                          LATITUDE:   34 31 N
                                          LONGITUDE: 109 23 W

[TEMPERATURE DATA]      [PRECIPITATION DATA]       SYMBOLS USED IN COLUMN 16

AVERAGE MONTHLY: 57.5   TOTAL FOR MONTH:   0.73    1 = FOG OR MIST
DPTR FM NORMAL:   2.2   DPTR FM NORMAL:   -0.35    2 = FOG REDUCING VISIBILITY
HIGHEST:    80 ON 16    GRTST 24HR  0.39 ON  8- 9      TO 1/4 MILE OR LESS
LOWEST:     33 ON 14                               3 = THUNDER
                        SNOW, ICE PELLETS, HAIL    4 = ICE PELLETS
                        TOTAL MONTH:    M          5 = HAIL
                        GRTST 24HR    M  ON   M    6 = FREEZING RAIN OR DRIZZLE
                        GRTST DEPTH:  M  ON   M    7 = DUSTSTORM OR SANDSTORM:
                                                       VSBY 1/2 MILE OR LESS
                                                   8 = SMOKE OR HAZE
[NO. OF DAYS WITH]      [WEATHER - DAYS WITH]      9 = BLOWING SNOW
                                                   X = TORNADO
MAX 32 OR BELOW:   0    0.01 INCH OR MORE:   3
MAX 90 OR ABOVE:   0    0.10 INCH OR MORE:   2
MIN 32 OR BELOW:   0    0.50 INCH OR MORE:   0
MIN  0 OR BELOW:   0    1.00 INCH OR MORE:   0

[HDD (BASE 65) ]
TOTAL THIS MO.   223    CLEAR  (SCALE 0-3)  28
DPTR FM NORMAL   -85    PTCLDY (SCALE 4-7)   2
TOTAL FM JUL 1   233    CLOUDY (SCALE 8-10)  1
DPTR FM NORMAL  -107

[CDD (BASE 65) ]
TOTAL THIS MO.     0
DPTR FM NORMAL    -5    [PRESSURE DATA]
TOTAL FM JAN 1  1013    HIGHEST SLP M ON M
DPTR FM NORMAL    52    LOWEST  SLP 29.79 ON 31

[REMARKS]
#FINAL-10-14#
