815
CXUS56 KPQR 211200
CF6SLE
PRELIMINARY LOCAL CLIMATOLOGICAL DATA (WS FORM: F-6)

                                          STATION:   SALEM OR
                                          MONTH:     SEPTEMBER
                                          YEAR:      2017
                                          LATITUDE:   44 55 N
                                          LONGITUDE: 123  0 W

  TEMPERATURE IN F:       :PCPN:    SNOW:  WIND      :SUNSHINE: SKY     :PK WND
================================================================================
1   2   3   4   5  6A  6B    7    8   9   10  11  12  13   14  15   16   17  18
                                     12Z  AVG MX 2MIN
DY MAX MIN AVG DEP HDD CDD  WTR  SNW DPTH SPD SPD DIR MIN PSBL S-S WX    SPD DR
================================================================================

 1  94  57  76  10   0  11 0.00  0.0    0  5.6 15  20   M    M   0        19 360
 2  98  58  78  12   0  13 0.00  0.0    0  3.6 13  10   M    M   1        18  10
 3  98  59  79  14   0  14 0.00  0.0    0  1.7  8  10   M    M   0         9  10
 4  92  61  77  12   0  12 0.00  0.0    0  4.7 14  10   M    M   3 8      17 360
 5  89  65  77  12   0  12 0.00  0.0    0  4.6 12 230   M    M   1 8      14 230
 6  85  61  73   8   0   8    T  0.0    0  4.6 14 310   M    M   0 8      16 240
 7  86  64  75  10   0  10    T  0.0    0  5.0 14 260   M    M   2 8      18 260
 8  74  64  69   5   0   4    T  0.0    0  3.3 12 280   M    M  10 8      14 280
 9  83  62  73   9   0   8 0.02  0.0    0  6.5 17 320   M    M   7 1      22 320
10  82  60  71   7   0   6 0.00  0.0    0  7.9 17  10   M    M   4 1      22  10
11  94  52  73   9   0   8 0.00  0.0    0  6.1 17 360   M    M   0 8      20 350
12  91  58  75  11   0  10 0.00  0.0    0  6.7 16 320   M    M   0        21 320
13  77  51  64   0   1   0 0.00  0.0    0  7.2 15 320   M    M   0        18 360
14  78  50  64   1   1   0 0.00  0.0    0  3.4 14 300   M    M   0        18 350
15  81  47  64   1   1   0 0.00  0.0    0  3.4 10  50   M    M   0        14 320
16  77  50  64   1   1   0 0.00  0.0    0  2.6 12 290   M    M   3 8      15 280
17  67  52  60  -2   5   0 0.22  0.0    0  9.3 22 170   M    M   7 18     27 180
18  63  53  58  -4   7   0 0.43  0.0    0  8.3 18 220   M    M   9 1      27 200
19  66  51  59  -3   6   0 0.95  0.0    0  9.2 20 210   M    M   9 1      26 230
20  59  44  52 -10  13   0 0.66    M    0  7.1 17 200   M    M   6 18     21 190
================================================================================
SM 1634 1119        35 116  2.28     0.0 110.8          M       62
================================================================================
AV 81.7 56.0                               5.5 FASTST   M    M   3    MAX(MPH)
                                 MISC ---->  # 22 170               # 27  180
================================================================================
NOTES:
# LAST OF SEVERAL OCCURRENCES

COLUMN 17 PEAK WIND IN M.P.H.

PRELIMINARY LOCAL CLIMATOLOGICAL DATA (WS FORM: F-6) , PAGE 2

                                          STATION:  SALEM OR
                                          MONTH:    SEPTEMBER
                                          YEAR:     2017
                                          LATITUDE:   44 55 N
                                          LONGITUDE: 123  0 W

[TEMPERATURE DATA]      [PRECIPITATION DATA]       SYMBOLS USED IN COLUMN 16

AVERAGE MONTHLY: 68.8   TOTAL FOR MONTH:   2.28    1 = FOG OR MIST
DPTR FM NORMAL:   4.9   DPTR FM NORMAL:    1.55    2 = FOG REDUCING VISIBILITY
HIGHEST:    98 ON  3, 2 GRTST 24HR  0.95 ON 19-19      TO 1/4 MILE OR LESS
LOWEST:     44 ON 20                               3 = THUNDER
                        SNOW, ICE PELLETS, HAIL    4 = ICE PELLETS
                        TOTAL MONTH:   0.0 INCH    5 = HAIL
                        GRTST 24HR     0.0         6 = FREEZING RAIN OR DRIZZLE
                        GRTST DEPTH:   0           7 = DUSTSTORM OR SANDSTORM:
                                                       VSBY 1/2 MILE OR LESS
                                                   8 = SMOKE OR HAZE
[NO. OF DAYS WITH]      [WEATHER - DAYS WITH]      9 = BLOWING SNOW
                                                   X = TORNADO
MAX 32 OR BELOW:   0    0.01 INCH OR MORE:   5
MAX 90 OR ABOVE:   6    0.10 INCH OR MORE:   4
MIN 32 OR BELOW:   0    0.50 INCH OR MORE:   2
MIN  0 OR BELOW:   0    1.00 INCH OR MORE:   0

[HDD (BASE 65) ]
TOTAL THIS MO.    35    CLEAR  (SCALE 0-3)  13
DPTR FM NORMAL   -19    PTCLDY (SCALE 4-7)   4
TOTAL FM JUL 1    37    CLOUDY (SCALE 8-10)  3
DPTR FM NORMAL   -73

[CDD (BASE 65) ]
TOTAL THIS MO.   116
DPTR FM NORMAL    85    [PRESSURE DATA]
TOTAL FM JAN 1   636    HIGHEST SLP M ON M
DPTR FM NORMAL   353    LOWEST  SLP 29.60 ON 20

[REMARKS]
