000
CXUS51 KBTV 250700
CF6SLK
PRELIMINARY LOCAL CLIMATOLOGICAL DATA (WS FORM: F-6)

                                          STATION:   SARANAC LAKE NY
                                          MONTH:     FEBRUARY
                                          YEAR:      2018
                                          LATITUDE:   44 23 N
                                          LONGITUDE:  74 12 W

  TEMPERATURE IN F:       :PCPN:    SNOW:  WIND      :SUNSHINE: SKY     :PK WND
================================================================================
1   2   3   4   5  6A  6B    7    8   9   10  11  12  13   14  15   16   17  18
                                     12Z  AVG MX 2MIN
DY MAX MIN AVG DEP HDD CDD  WTR  SNW DPTH SPD SPD DIR MIN PSBL S-S WX    SPD DR
================================================================================

 1  35  23  29  16  36   0 0.04    M    0 10.8 20 210   M    M   9 1      25 200
 2  23 -14   5  -8  60   0 0.01    M    0  6.9 14 280   M    M   7 18     22 290
 3  18 -14   2 -11  63   0    T    M    0  5.9 17 230   M    M   9 18     25 230
 4  29  18  24  11  41   0 0.04    M    0  9.7 20 210   M    M  10 18     25 200
 5  28   7  18   5  47   0 0.04    M    0  8.1 16 240   M    M   7 18     26 250
 6  20  -4   8  -5  57   0    T    M    0  6.8 20 220   M    M   8 18     23 220
 7  19  -9   5  -9  60   0 0.35    M    0  3.5 13 280   M    M   9 12     19 250
 8  17   3  10  -4  55   0 0.01    M    0  6.1 15 240   M    M  10 18     22 230
 9  18  -5   7  -7  58   0 0.03    M    0  5.2 16 200   M    M   9 18     19 200
10  33  17  25  11  40   0 0.27    M    0  4.5 13 210   M    M  10 1      15 210
11  42  20  31  17  34   0 0.08    M    0  7.8 21 240   M    M  10 16     32 240
12  32   8  20   6  45   0    T    M    0  8.7 17 270   M    M   6 1      28 280
13  25 -14   6  -8  59   0 0.00  0.0    0  3.4 13 220   M    M   1        15 220
14  37  20  29  15  36   0 0.00  0.0    0  9.8 20 230   M    M   8 1      28 230
15  47  23  35  20  30   0    T    M    0  9.0 22 250   M    M   9 1      35 240
16  40   9  25  10  40   0 0.04    M    0  4.4 13 270   M    M   8 18     22 310
17  29  -6  12  -3  53   0    T    M    0  7.6 18 210   M    M   2 18     24 200
18  33  18  26  11  39   0 0.04    M    0  6.2 12 240   M    M   9 1      19 280
19  42   7  25   9  40   0 0.08    M    0  8.1 16 210   M    M   3 1      20 210
20  53  36  45  29  20   0 0.52    M    0  5.6 13 230   M    M  10 12     18 230
21  63  26  45  29  20   0 0.04    M    0  7.2 18 240   M    M   6 1      29 240
22  30  15  23   7  42   0    T    M    0  2.1  8  50   M    M   4        10  40
23  40  12  26  10  39   0 0.08    M    0  6.1 18 230   M    M   7 1      24 210
24  40  22  31  14  34   0 0.06    M    0  4.9 14 260   M    M   8 1      21 240
================================================================================
SM  793  218      1048   0  1.73     0.0 158.4          M      179
================================================================================
AV 33.0  9.1                               6.6 FASTST   M    M   7    MAX(MPH)
                                 MISC ---->  # 22 250               # 35  240
================================================================================
NOTES:
# LAST OF SEVERAL OCCURRENCES

COLUMN 17 PEAK WIND IN M.P.H.

PRELIMINARY LOCAL CLIMATOLOGICAL DATA (WS FORM: F-6) , PAGE 2

                                          STATION:  SARANAC LAKE NY
                                          MONTH:    FEBRUARY
                                          YEAR:     2018
                                          LATITUDE:   44 23 N
                                          LONGITUDE:  74 12 W

[TEMPERATURE DATA]      [PRECIPITATION DATA]       SYMBOLS USED IN COLUMN 16

AVERAGE MONTHLY: 21.1   TOTAL FOR MONTH:   1.73    1 = FOG OR MIST
DPTR FM NORMAL:   6.6   DPTR FM NORMAL:    0.32    2 = FOG REDUCING VISIBILITY
HIGHEST:    63 ON 21    GRTST 24HR  0.52 ON 20-20      TO 1/4 MILE OR LESS
LOWEST:    -14 ON 13, 3                            3 = THUNDER
                        SNOW, ICE PELLETS, HAIL    4 = ICE PELLETS
                        TOTAL MONTH:   0.0 INCH    5 = HAIL
                        GRTST 24HR     0.0         6 = FREEZING RAIN OR DRIZZLE
                        GRTST DEPTH:   0           7 = DUSTSTORM OR SANDSTORM:
                                                       VSBY 1/2 MILE OR LESS
                                                   8 = SMOKE OR HAZE
[NO. OF DAYS WITH]      [WEATHER - DAYS WITH]      9 = BLOWING SNOW
                                                   X = TORNADO
MAX 32 OR BELOW:  12    0.01 INCH OR MORE:  16
MAX 90 OR ABOVE:   0    0.10 INCH OR MORE:   3
MIN 32 OR BELOW:  23    0.50 INCH OR MORE:   1
MIN  0 OR BELOW:   7    1.00 INCH OR MORE:   0

[HDD (BASE 65) ]
TOTAL THIS MO.  1048    CLEAR  (SCALE 0-3)   2
DPTR FM NORMAL  -166    PTCLDY (SCALE 4-7)  11
TOTAL FM JUL 1  6281    CLOUDY (SCALE 8-10) 11
DPTR FM NORMAL  -235

[CDD (BASE 65) ]
TOTAL THIS MO.     0
DPTR FM NORMAL     0    [PRESSURE DATA]
TOTAL FM JAN 1     0    HIGHEST SLP M ON M
DPTR FM NORMAL     0    LOWEST  SLP 29.56 ON 16

[REMARKS]
