000
CXUS55 KLOX 261655
CF6SMO
PRELIMINARY LOCAL CLIMATOLOGICAL DATA (WS FORM: F-6)

                                          STATION:   SANTA MONICA AIRPORT CA
                                          MONTH:     DECEMBER
                                          YEAR:      2014
                                          LATITUDE:   34  0 N
                                          LONGITUDE: 118 27 W

  TEMPERATURE IN F:       :PCPN:    SNOW:  WIND      :SUNSHINE: SKY     :PK WND
================================================================================
1   2   3   4   5  6A  6B    7    8   9   10  11  12  13   14  15   16   17  18
                                     12Z  AVG MX 2MIN
DY MAX MIN AVG DEP HDD CDD  WTR  SNW DPTH SPD SPD DIR MIN PSBL S-S WX    SPD DR
================================================================================

 1  70  58  64   7   1   0 0.00  0.0    0  2.7  7  20   M    M   1        12  20
 2  66  58  62   5   3   0 1.18  0.0    0  5.1 17  70   M    M   9 1      22  70
 3  66  59  63   6   2   0 0.03  0.0    0  2.4  8  70   M    M  10 1      11  70
 4  69  57  63   7   2   0 0.00  0.0    0  3.1 12 230   M    M   3 1      14 240
 5  69  57  63   7   2   0 0.00  0.0    0  1.9  8 240   M    M   0        12 260
 6  68  55  62   6   3   0 0.00  0.0    0  3.4  9 230   M    M   0        12 220
 7  75  55  65   9   0   0 0.00  0.0    0  2.9 12 260   M    M   0        15 250
 8  77  57  67  11   0   2 0.00  0.0    0  3.1 10 260   M    M   0        13 280
 9  72  55  64   8   1   0 0.00  0.0    0  3.6 10 230   M    M   0        13 230
10  70  53  62   6   3   0 0.00  0.0    0  2.8  8 230   M    M   1 18     12 220
11  67  60  64   8   1   0 0.01  0.0    0  7.4 17 120   M    M  10 18     24 120
12  64  51  58   2   7   0 1.33  0.0    0  7.9 26 200   M    M   4 1      42 190
13  64  48  56   0   9   0 0.00  0.0    0  4.1 13 230   M    M   0        16 220
14  66  48  57   1   8   0 0.00  0.0    0  3.2  9 210   M    M   1        12 200
15  66  48  57   1   8   0    T    M    0  3.0 12 210   M    M   2        14 210
16  61  54  58   2   7   0 0.53  0.0    0  4.3 10  30   M    M   9 1      17  50
17  63  51  57   1   8   0 0.21  0.0    0  3.3 12 220   M    M   3 1      15 220
18  62  49  56   0   9   0    T    M    0  2.2  9 210   M    M   5        11 220
19  65  49  57   1   8   0 0.00  0.0    0  3.0 12 230   M    M   0        14 240
20  64  50  57   1   8   0 0.00  0.0    0  2.3  9 240   M    M   1        11 230
21  70  52  61   5   4   0 0.00  0.0    0  3.1 10 340   M    M   0 18     17 350
22  73  52  63   7   2   0 0.00  0.0    0  2.9 10 210   M    M   1 128    13 220
23  77  51  64   8   1   0 0.00  0.0    0  3.5  9 260   M    M   0 18     14  90
24  74  55  65   9   0   0 0.00  0.0    0  4.4  9 230   M    M   0        13 220
25  65  53  59   3   6   0 0.00  0.0    0 11.9 23 360   M    M   0        38  10
================================================================================
SM 1703 1335       103   2  3.29     0.0  97.5          M       60
================================================================================
AV 68.1 53.4                               3.9 FASTST   M    M   2    MAX(MPH)
                                 MISC ---->  # 26 200               # 42  190
================================================================================
NOTES:
# LAST OF SEVERAL OCCURRENCES

COLUMN 17 PEAK WIND IN M.P.H.

PRELIMINARY LOCAL CLIMATOLOGICAL DATA (WS FORM: F-6) , PAGE 2

                                          STATION:  SANTA MONICA AIRPORT CA
                                          MONTH:    DECEMBER
                                          YEAR:     2014
                                          LATITUDE:   34  0 N
                                          LONGITUDE: 118 27 W

[TEMPERATURE DATA]      [PRECIPITATION DATA]       SYMBOLS USED IN COLUMN 16

AVERAGE MONTHLY: 60.8   TOTAL FOR MONTH:   3.29    1 = FOG OR MIST
DPTR FM NORMAL:   4.6   DPTR FM NORMAL:    2.12    2 = FOG REDUCING VISIBILITY
HIGHEST:    77 ON 23, 8 GRTST 24HR  1.34 ON 11-12      TO 1/4 MILE OR LESS
LOWEST:     48 ON 15,14                            3 = THUNDER
                        SNOW, ICE PELLETS, HAIL    4 = ICE PELLETS
                        TOTAL MONTH:   0.0 INCH    5 = HAIL
                        GRTST 24HR     0.0         6 = FREEZING RAIN OR DRIZZLE
                        GRTST DEPTH:   0           7 = DUSTSTORM OR SANDSTORM:
                                                       VSBY 1/2 MILE OR LESS
                                                   8 = SMOKE OR HAZE
[NO. OF DAYS WITH]      [WEATHER - DAYS WITH]      9 = BLOWING SNOW
                                                   X = TORNADO
MAX 32 OR BELOW:   0    0.01 INCH OR MORE:   6
MAX 90 OR ABOVE:   0    0.10 INCH OR MORE:   4
MIN 32 OR BELOW:   0    0.50 INCH OR MORE:   3
MIN  0 OR BELOW:   0    1.00 INCH OR MORE:   2

[HDD (BASE 65) ]
TOTAL THIS MO.   103    CLEAR  (SCALE 0-3)  19
DPTR FM NORMAL  -120    PTCLDY (SCALE 4-7)   2
TOTAL FM JUL 1   133    CLOUDY (SCALE 8-10)  4
DPTR FM NORMAL  -316

[CDD (BASE 65) ]
TOTAL THIS MO.     2
DPTR FM NORMAL     2    [PRESSURE DATA]
TOTAL FM JAN 1  1337    HIGHEST SLP M ON M
DPTR FM NORMAL   839    LOWEST  SLP 29.73 ON 12

[REMARKS]
