000
CXUS55 KLOX 281655
CF6SMO
PRELIMINARY LOCAL CLIMATOLOGICAL DATA (WS FORM: F-6)

                                          STATION:   SANTA MONICA AIRPORT CA
                                          MONTH:     MARCH
                                          YEAR:      2015
                                          LATITUDE:   34  0 N
                                          LONGITUDE: 118 27 W

  TEMPERATURE IN F:       :PCPN:    SNOW:  WIND      :SUNSHINE: SKY     :PK WND
================================================================================
1   2   3   4   5  6A  6B    7    8   9   10  11  12  13   14  15   16   17  18
                                     12Z  AVG MX 2MIN
DY MAX MIN AVG DEP HDD CDD  WTR  SNW DPTH SPD SPD DIR MIN PSBL S-S WX    SPD DR
================================================================================

 1  66  51  59   1   6   0 2.59  0.0    0  4.9 15 190   M    M   9 13     19 190
 2  63  47  55  -3  10   0 0.01    M    0  4.7 14 210   M    M   4        18 200
 3  64  48  56  -2   9   0 0.01    M    0  5.1 16 240   M    M   2        22 230
 4  70  47  59   1   6   0 0.00  0.0    0  4.5 13 240   M    M   0        16 230
 5  77  49  63   5   2   0 0.00  0.0    0  4.9 13 210   M    M   0        17 210
 6  82  50  66   8   0   1 0.00  0.0    0  4.8 12 210   M    M   0        17 200
 7  84  54  69  11   0   4 0.00  0.0    0  5.1 14 220   M    M   0        19 250
 8  73  53  63   5   2   0 0.00  0.0    0  5.2 14 220   M    M   1        18 230
 9  66  56  61   3   4   0 0.00  0.0    0  3.8 12 250   M    M   5 8      15 240
10  71  55  63   5   2   0 0.00  0.0    0  3.4 10 220   M    M   3 18     14 260
11  73  60  67   9   0   2    T  0.0    0  2.9 12 220   M    M   3 18     15 220
12  85  57  71  13   0   6 0.00  0.0    0  4.6 13 210   M    M   0        16  10
13  87  66  77  19   0  12 0.00  0.0    0  5.0 13 210   M    M   0        17 220
14  94  63  79  21   0  14 0.00  0.0    0  5.0 12 240   M    M   0        15 150
15  91  68  80  22   0  15 0.00  0.0    0  4.5 13 260   M    M   0 8      17 250
16  88  65  77  19   0  12 0.00  0.0    0  4.4 13 210   M    M   0 8      14 210
17  81  62  72  14   0   7 0.00  0.0    0  4.2 12 230   M    M   0        16 220
18  74  61  68  10   0   3    T  0.0    0  5.1 12 200   M    M   4        15 240
19  69  59  64   6   1   0 0.00  0.0    0  4.2 15 230   M    M   5        19 240
20  71  59  65   7   0   0 0.00  0.0    0  4.0 14 240   M    M   5 18     19 240
21  70  61  66   8   0   1 0.00  0.0    0  5.6 12 250   M    M   7 18     16 230
22  68  59  64   6   1   0 0.00  0.0    0  4.8 12 240   M    M   5        16 230
23  69  56  63   5   2   0 0.00  0.0    0  5.4 18 240   M    M   1        27 260
24  73  55  64   6   1   0 0.00  0.0    0  6.4 20 360   M    M   0        30  10
25  75  59  67   9   0   2 0.00  0.0    0  4.5 13 240   M    M   0        16 240
26  85  60  73  15   0   8 0.00  0.0    0  4.3 13 210   M    M   0        16 230
27  81  61  71  13   0   6 0.00  0.0    0  5.1 14 220   M    M   0        17 240
================================================================================
SM 2050 1541        46  93  2.61     0.0 126.4          M       54
================================================================================
AV 75.9 57.1                               4.7 FASTST   M    M   2    MAX(MPH)
                                 MISC ---->  # 20 360               # 30   10
================================================================================
NOTES:
# LAST OF SEVERAL OCCURRENCES

COLUMN 17 PEAK WIND IN M.P.H.

PRELIMINARY LOCAL CLIMATOLOGICAL DATA (WS FORM: F-6) , PAGE 2

                                          STATION:  SANTA MONICA AIRPORT CA
                                          MONTH:    MARCH
                                          YEAR:     2015
                                          LATITUDE:   34  0 N
                                          LONGITUDE: 118 27 W

[TEMPERATURE DATA]      [PRECIPITATION DATA]       SYMBOLS USED IN COLUMN 16

AVERAGE MONTHLY: 66.5   TOTAL FOR MONTH:   2.61    1 = FOG OR MIST
DPTR FM NORMAL:   8.5   DPTR FM NORMAL:    0.20    2 = FOG REDUCING VISIBILITY
HIGHEST:    94 ON 14    GRTST 24HR  2.59 ON  1- 1      TO 1/4 MILE OR LESS
LOWEST:     47 ON  4, 2                            3 = THUNDER
                        SNOW, ICE PELLETS, HAIL    4 = ICE PELLETS
                        TOTAL MONTH:   0.0 INCH    5 = HAIL
                        GRTST 24HR     0.0         6 = FREEZING RAIN OR DRIZZLE
                        GRTST DEPTH:   0           7 = DUSTSTORM OR SANDSTORM:
                                                       VSBY 1/2 MILE OR LESS
                                                   8 = SMOKE OR HAZE
[NO. OF DAYS WITH]      [WEATHER - DAYS WITH]      9 = BLOWING SNOW
                                                   X = TORNADO
MAX 32 OR BELOW:   0    0.01 INCH OR MORE:   3
MAX 90 OR ABOVE:   2    0.10 INCH OR MORE:   1
MIN 32 OR BELOW:   0    0.50 INCH OR MORE:   1
MIN  0 OR BELOW:   0    1.00 INCH OR MORE:   1

[HDD (BASE 65) ]
TOTAL THIS MO.    46    CLEAR  (SCALE 0-3)  19
DPTR FM NORMAL  -144    PTCLDY (SCALE 4-7)   7
TOTAL FM JUL 1   470    CLOUDY (SCALE 8-10)  1
DPTR FM NORMAL  -728

[CDD (BASE 65) ]
TOTAL THIS MO.    93
DPTR FM NORMAL    93    [PRESSURE DATA]
TOTAL FM JAN 1   145    HIGHEST SLP M ON M
DPTR FM NORMAL   131    LOWEST  SLP 29.82 ON  9

[REMARKS]
