000
CXUS55 KLOX 221655
CF6SMX
PRELIMINARY LOCAL CLIMATOLOGICAL DATA (WS FORM: F-6)

                                          STATION:   SANTA MARIA AIRPORT CA
                                          MONTH:     AUGUST
                                          YEAR:      2014
                                          LATITUDE:   34 54 N
                                          LONGITUDE: 120 27 W

  TEMPERATURE IN F:       :PCPN:    SNOW:  WIND      :SUNSHINE: SKY     :PK WND
================================================================================
1   2   3   4   5  6A  6B    7    8   9   10  11  12  13   14  15   16   17  18
                                     12Z  AVG MX 2MIN
DY MAX MIN AVG DEP HDD CDD  WTR  SNW DPTH SPD SPD DIR MIN PSBL S-S WX    SPD DR
================================================================================

 1  77  60  69   5   0   4 0.00  0.0    0  5.2 14 300   M    M   6 18     20 330
 2  78  61  70   6   0   5 0.00  0.0    0   M   M   M   M    M   8 18      M  M
 3  78  60  69   5   0   4 0.00  0.0    0  5.2 13 300   M    M   8 18     17 290
 4  76  61  69   5   0   4 0.00  0.0    0  6.5 15 300   M    M   5 18     23 290
 5  77  61  69   5   0   4 0.00  0.0    0  6.2 16 310   M    M   5        21 310
 6  76  62  69   5   0   4 0.00  0.0    0  5.9  M   M   M    M   8 18      M  M
 7  74  62  68   4   0   3 0.00  0.0    0  6.5 15 330   M    M   7 18     18 310
 8  77  62  70   6   0   5 0.00  0.0    0  6.4 15 320   M    M   6 18      M  M
 9  79  59  69   5   0   4 0.00  0.0    0  5.0 15 320   M    M   6 8       M  M
10  75  58  67   3   0   2 0.00  0.0    0   M   M   M   M    M   5 18      M  M
11  75  56  66   2   0   1 0.00  0.0    0  5.4 17 330   M    M   4 18     22 300
12  77  57  67   3   0   2 0.00  0.0    0  6.0  M   M   M    M   1 18      M  M
13  77  59  68   4   0   3 0.00  0.0    0  5.6 17 300   M    M   3 18      M  M
14  76  60  68   4   0   3 0.00  0.0    0  5.3 16 310   M    M   7 1      21 320
15  75  59  67   3   0   2 0.00  0.0    0  5.2 15 320   M    M   5 18      M  M
16  81  60  71   7   0   6 0.00  0.0    0  4.9 15 310   M    M   4 18     18 290
17  75  58  67   3   0   2 0.00  0.0    0  6.9 17 320   M    M   5 18     23 320
18  76  59  68   4   0   3 0.00  0.0    0  5.9 16 300   M    M   7 18     18 310
19  76  60  68   4   0   3    T  0.0    0  5.3  M   M   M    M   8 18      M  M
20  79  61  70   6   0   5 0.00  0.0    0  4.7  M   M   M    M   5 18      M  M
21  78  57  68   4   0   3 0.00  0.0    0  4.9  M 350   M    M   1         M  M
================================================================================
SM 1612 1252         0  72    T      0.0 107.0          M      114
================================================================================
AV 76.8 59.6                               5.6 FASTST   M    M   5    MAX(MPH)
                                 MISC ---->  # 17 330               # 23  290
================================================================================
NOTES:
# LAST OF SEVERAL OCCURRENCES

COLUMN 17 PEAK WIND IN M.P.H.

PRELIMINARY LOCAL CLIMATOLOGICAL DATA (WS FORM: F-6) , PAGE 2

                                          STATION:  SANTA MARIA AIRPORT CA
                                          MONTH:    AUGUST
                                          YEAR:     2014
                                          LATITUDE:   34 54 N
                                          LONGITUDE: 120 27 W

[TEMPERATURE DATA]      [PRECIPITATION DATA]       SYMBOLS USED IN COLUMN 16

AVERAGE MONTHLY: 68.2   TOTAL FOR MONTH:      T    1 = FOG OR MIST
DPTR FM NORMAL:   4.2   DPTR FM NORMAL:   -0.01    2 = FOG REDUCING VISIBILITY
HIGHEST:    81 ON 16    GRTST 24HR    T  ON 19-19      TO 1/4 MILE OR LESS
LOWEST:     56 ON 11                               3 = THUNDER
                        SNOW, ICE PELLETS, HAIL    4 = ICE PELLETS
                        TOTAL MONTH:   0.0 INCH    5 = HAIL
                        GRTST 24HR     0.0         6 = FREEZING RAIN OR DRIZZLE
                        GRTST DEPTH:   0           7 = DUSTSTORM OR SANDSTORM:
                                                       VSBY 1/2 MILE OR LESS
                                                   8 = SMOKE OR HAZE
[NO. OF DAYS WITH]      [WEATHER - DAYS WITH]      9 = BLOWING SNOW
                                                   X = TORNADO
MAX 32 OR BELOW:   0    0.01 INCH OR MORE:   0
MAX 90 OR ABOVE:   0    0.10 INCH OR MORE:   0
MIN 32 OR BELOW:   0    0.50 INCH OR MORE:   0
MIN  0 OR BELOW:   0    1.00 INCH OR MORE:   0

[HDD (BASE 65) ]
TOTAL THIS MO.     0    CLEAR  (SCALE 0-3)   3
DPTR FM NORMAL   -42    PTCLDY (SCALE 4-7)  17
TOTAL FM JUL 1     0    CLOUDY (SCALE 8-10)  1
DPTR FM NORMAL  -117

[CDD (BASE 65) ]
TOTAL THIS MO.    72
DPTR FM NORMAL    51    [PRESSURE DATA]
TOTAL FM JAN 1   302    HIGHEST SLP M ON M
DPTR FM NORMAL   246    LOWEST  SLP 29.74 ON 18

[REMARKS]
