248
CXUS56 KSGX 011545
CF6SNA
PRELIMINARY LOCAL CLIMATOLOGICAL DATA (WS FORM: F-6)

                                          STATION:   JOHN WAYNE AIRPORT CA
                                          MONTH:     APRIL
                                          YEAR:      2016
                                          LATITUDE:   33 40 N
                                          LONGITUDE: 117 53 W

  TEMPERATURE IN F:       :PCPN:    SNOW:  WIND      :SUNSHINE: SKY     :PK WND
================================================================================
1   2   3   4   5  6A  6B    7    8   9   10  11  12  13   14  15   16   17  18
                                     12Z  AVG MX 2MIN
DY MAX MIN AVG DEP HDD CDD  WTR  SNW DPTH SPD SPD DIR MIN PSBL S-S WX    SPD DR
================================================================================

 1  67  52  60   0   5   0 0.00  0.0    0  4.7 14 220   M    M   1        18 210
 2  73  53  63   3   2   0 0.00  0.0    0  3.5 10 220   M    M   2 1      15 220
 3  71  54  63   3   2   0 0.00  0.0    0  4.3 12 210   M    M   4 18     15 210
 4  75  54  65   5   0   0 0.00  0.0    0  3.8 13 200   M    M   2 1      18 210
 5  80  53  67   7   0   2 0.00  0.0    0  2.9 14 190   M    M   5 12     16 190
 6  75  58  67   7   0   2 0.00  0.0    0  4.7 17 200   M    M   6 1      23 200
 7  65  60  63   3   2   0 0.06  0.0    0  2.8 10 210   M    M   7        21  60
 8  63  58  61   0   4   0 0.06  0.0    0  3.9 13 200   M    M  10 18     18 110
 9  67  58  63   2   2   0 0.04  0.0    0  3.6 16 200   M    M   9 1      21 180
10  69  57  63   2   2   0 0.02  0.0    0  5.0 16 190   M    M   6 1      22 230
11  72  55  64   3   1   0 0.00  0.0    0  4.3 13 220   M    M   4        18 240
12  70  56  63   2   2   0 0.00  0.0    0  4.7 15 200   M    M   2        20 220
13  68  57  63   2   2   0 0.00  0.0    0  5.1 12 230   M    M   5        16 230
14  68  57  63   2   2   0 0.00  0.0    0  5.6 16 210   M    M   5 1      21 210
15  74  55  65   4   0   0 0.00  0.0    0  6.7 22  60   M    M   3        30  70
16  82  61  72  11   0   7 0.00  0.0    0  9.3 21  60   M    M   0        29  60
17  90  55  73  11   0   8 0.00  0.0    0  5.4 25  60   M    M   0        36  70
18  87  58  73  11   0   8 0.00  0.0    0  2.6 12 220   M    M   1        15 200
19  85  60  73  11   0   8 0.00  0.0    0  2.9 12 240   M    M   4        16 210
20  85  59  72  10   0   7 0.00  0.0    0  4.3 12 280   M    M   1        16 260
21  77  57  67   5   0   2 0.00  0.0    0  5.2 13 210   M    M   4        17 270
22  71  58  65   3   0   0 0.00  0.0    0  5.0 15 270   M    M   4        21 270
23  73  56  65   3   0   0 0.00  0.0    0  5.0 15 210   M    M   2        20 230
24  72  55  64   2   1   0 0.00  0.0    0  7.0 20 200   M    M   3        23 200
25  65  55  60  -2   5   0 0.00  0.0    0  7.5 18 230   M    M   5        29 220
26  68  52  60  -3   5   0 0.00  0.0    0  6.1 16 220   M    M   3        22 180
27  68  55  62  -1   3   0 0.00  0.0    0  7.3 17 220   M    M   3 1      24 220
28  67  54  61  -2   4   0 0.00  0.0    0  7.5 17 200   M    M   5 8      23 220
29  68  55  62  -1   3   0 0.00  0.0    0  6.4 15 200   M    M   6        24 230
30  68  55  62  -1   3   0 0.01  0.0    0  5.4 13 220   M    M   6 1      18 220
================================================================================
SM 2183 1682        50  44  0.19     0.0 152.5          M      118
================================================================================
AV 72.8 56.1                               5.1 FASTST   M    M   4    MAX(MPH)
                                 MISC ---->  # 25  60               # 36   70
================================================================================
NOTES:
# LAST OF SEVERAL OCCURRENCES

COLUMN 17 PEAK WIND IN M.P.H.

PRELIMINARY LOCAL CLIMATOLOGICAL DATA (WS FORM: F-6) , PAGE 2

                                          STATION:  JOHN WAYNE AIRPORT CA
                                          MONTH:    APRIL
                                          YEAR:     2016
                                          LATITUDE:   33 40 N
                                          LONGITUDE: 117 53 W

[TEMPERATURE DATA]      [PRECIPITATION DATA]       SYMBOLS USED IN COLUMN 16

AVERAGE MONTHLY: 64.4   TOTAL FOR MONTH:   0.19    1 = FOG OR MIST
DPTR FM NORMAL:   3.0   DPTR FM NORMAL:   -0.70    2 = FOG REDUCING VISIBILITY
HIGHEST:    90 ON 17    GRTST 24HR  0.10 ON  7- 8      TO 1/4 MILE OR LESS
LOWEST:     52 ON 26, 1                            3 = THUNDER
                        SNOW, ICE PELLETS, HAIL    4 = ICE PELLETS
                        TOTAL MONTH:   0.0 INCH    5 = HAIL
                        GRTST 24HR     0.0         6 = FREEZING RAIN OR DRIZZLE
                        GRTST DEPTH:   0           7 = DUSTSTORM OR SANDSTORM:
                                                       VSBY 1/2 MILE OR LESS
                                                   8 = SMOKE OR HAZE
[NO. OF DAYS WITH]      [WEATHER - DAYS WITH]      9 = BLOWING SNOW
                                                   X = TORNADO
MAX 32 OR BELOW:   0    0.01 INCH OR MORE:   5
MAX 90 OR ABOVE:   1    0.10 INCH OR MORE:   0
MIN 32 OR BELOW:   0    0.50 INCH OR MORE:   0
MIN  0 OR BELOW:   0    1.00 INCH OR MORE:   0

[HDD (BASE 65) ]
TOTAL THIS MO.    50    CLEAR  (SCALE 0-3)  11
DPTR FM NORMAL   -70    PTCLDY (SCALE 4-7)  17
TOTAL FM JUL 1   942    CLOUDY (SCALE 8-10)  2
DPTR FM NORMAL  -265

[CDD (BASE 65) ]
TOTAL THIS MO.    44
DPTR FM NORMAL    30    [PRESSURE DATA]
TOTAL FM JAN 1    85    HIGHEST SLP 30.17 ON  2
DPTR FM NORMAL    56    LOWEST  SLP 29.74 ON 28

[REMARKS]
#FINAL-04-16#
