000
CXUS54 KMAF 301100
CF6SNK
PRELIMINARY LOCAL CLIMATOLOGICAL DATA (WS FORM: F-6)

                                          STATION:   Snyder Winston Field
                                          MONTH:     APRIL
                                          YEAR:      2016
                                          LATITUDE:   32 41 N
                                          LONGITUDE: 100 57 W

  TEMPERATURE IN F:       :PCPN:    SNOW:  WIND      :SUNSHINE: SKY     :PK WND
================================================================================
1   2   3   4   5  6A  6B    7    8   9   10  11  12  13   14  15   16   17  18
                                     12Z  AVG MX 2MIN
DY MAX MIN AVG DEP HDD CDD  WTR  SNW DPTH SPD SPD DIR MIN PSBL S-S WX    SPD DR
================================================================================

 1  59  37  48   M  17   0 0.20    M    0 12.1 20  30   M    M   0        30  40
 2  66  34  50   M  15   0 0.00  0.0    0  7.4 13 300   M    M   0        18 300
 3  74  39  57   M   8   0 0.00  0.0    0  9.7 18 210   M    M   0        25 210
 4  85  46  66   M   0   1 0.00  0.0    0  8.0 13 150   M    M   0         M  M
 5  86  54  70   M   0   5 0.00  0.0    0 14.7 27 190   M    M   0        33 190
 6  73  51  62   M   3   0 0.00  0.0    0 10.4 23 360   M    M   0        29 330
 7  79  44  62   M   3   0 0.00  0.0    0  9.6 21  40   M    M   0        28  40
 8  72  52  62   M   3   0 0.00  0.0    0  9.9 17 140   M    M   0        21 140
 9  67  50  59   M   6   0 0.40  0.0    0 11.3 18 160   M    M   0 3      24 160
10  84  57  71   M   0   6 0.00  0.0    0 13.6 21 190   M    M   0        30 220
11  80  54  67   M   0   2 0.00  0.0    0 13.4 24  10   M    M   0        37  10
12  54  49  52   M  13   0 0.18    M    0  9.5 14  30   M    M   0 1      20  20
13  68  51  60   M   5   0 0.00  0.0    0  4.7 10 290   M    M   0 1       M  M
14  78  51  65   M   0   0 0.00  0.0    0  8.2 14 160   M    M   0 12     17 150
15  79  54  67   M   0   2 0.00  0.0    0 17.0 25 160   M    M   0        33 160
16  78  59  69   M   0   4 1.63  0.0    0 15.1 29 150   M    M   0 3      36 140
17  62  53  58   M   7   0 0.00  0.0    0  8.8 15 350   M    M   0        20 340
18  62  47  55   M  10   0 0.00  0.0    0 10.8 17  10   M    M   0        25  10
19  71  57  64   M   1   0 0.37  0.0    0  7.7 14 340   M    M   0 13     16 350
20  68  54  61   M   4   0 0.00  0.0    0  7.0 14 170   M    M   0 3      16  40
21  75  53  64   M   1   0 0.28  0.0    0  9.1 25 110   M    M   0 13     30  30
22  77  51  64   M   1   0 0.00  0.0    0  3.8  9 150   M    M   0         M  M
23  80  52  66   M   0   1 0.00  0.0    0 10.6 18 150   M    M   0        23 180
24  88  57  73   M   0   8 0.00  0.0    0 10.4 15 170   M    M   0        23 160
25  89  61  75   M   0  10 0.00  0.0    0 11.8 16 250   M    M   0        22 230
26  87  63  75   M   0  10 0.00  0.0    0 10.7 21 270   M    M   0 3      31 270
27  81  51  66   M   0   1 0.00  0.0    0  8.0 17 240   M    M   0        22 240
28  85  50  68   M   0   3 0.00  0.0    0 13.6 23 160   M    M   0        32 160
29  84  60  72   M   0   7 0.00  0.0    0 16.4 27 240   M    M   0 18     33 260
================================================================================
SM 2191 1491        97  60  3.06     0.0 303.3          M        0
================================================================================
AV 75.6 51.4                              10.5 FASTST   M    M   0    MAX(MPH)
                                 MISC ---->    29   M                 37    M
================================================================================
NOTES:
# LAST OF SEVERAL OCCURRENCES

COLUMN 17 PEAK WIND IN M.P.H.

PRELIMINARY LOCAL CLIMATOLOGICAL DATA (WS FORM: F-6) , PAGE 2

                                          STATION:  Snyder Winston Field
                                          MONTH:    APRIL
                                          YEAR:     2016
                                          LATITUDE:   32 41 N
                                          LONGITUDE: 100 57 W

[TEMPERATURE DATA]      [PRECIPITATION DATA]       SYMBOLS USED IN COLUMN 16

AVERAGE MONTHLY: 63.5   TOTAL FOR MONTH:   3.06    1 = FOG OR MIST
DPTR FM NORMAL:     M   DPTR FM NORMAL:       M    2 = FOG REDUCING VISIBILITY
HIGHEST:    89 ON 25    GRTST 24HR  1.63 ON 16-16      TO 1/4 MILE OR LESS
LOWEST:     34 ON  2                               3 = THUNDER
                        SNOW, ICE PELLETS, HAIL    4 = ICE PELLETS
                        TOTAL MONTH:   0.0 INCH    5 = HAIL
                        GRTST 24HR     0.0         6 = FREEZING RAIN OR DRIZZLE
                        GRTST DEPTH:   0           7 = DUSTSTORM OR SANDSTORM:
                                                       VSBY 1/2 MILE OR LESS
                                                   8 = SMOKE OR HAZE
[NO. OF DAYS WITH]      [WEATHER - DAYS WITH]      9 = BLOWING SNOW
                                                   X = TORNADO
MAX 32 OR BELOW:   0    0.01 INCH OR MORE:   6
MAX 90 OR ABOVE:   0    0.10 INCH OR MORE:   6
MIN 32 OR BELOW:   0    0.50 INCH OR MORE:   1
MIN  0 OR BELOW:   0    1.00 INCH OR MORE:   1

[HDD (BASE 65) ]
TOTAL THIS MO.    97    CLEAR  (SCALE 0-3)  29
DPTR FM NORMAL     M    PTCLDY (SCALE 4-7)   0
TOTAL FM JUL 1  2203    CLOUDY (SCALE 8-10)  0
DPTR FM NORMAL     M

[CDD (BASE 65) ]
TOTAL THIS MO.    60
DPTR FM NORMAL     M    [PRESSURE DATA]
TOTAL FM JAN 1    88    HIGHEST SLP M ON M
DPTR FM NORMAL     M    LOWEST  SLP M ON M

[REMARKS]
