000
CXUS54 KMAF 161100
CF6SNK
PRELIMINARY LOCAL CLIMATOLOGICAL DATA (WS FORM: F-6)

                                          STATION:   Snyder Winston Field
                                          MONTH:     SEPTEMBER
                                          YEAR:      2014
                                          LATITUDE:   32 41 N
                                          LONGITUDE: 100 57 W

  TEMPERATURE IN F:       :PCPN:    SNOW:  WIND      :SUNSHINE: SKY     :PK WND
================================================================================
1   2   3   4   5  6A  6B    7    8   9   10  11  12  13   14  15   16   17  18
                                     12Z  AVG MX 2MIN
DY MAX MIN AVG DEP HDD CDD  WTR  SNW DPTH SPD SPD DIR MIN PSBL S-S WX    SPD DR
================================================================================

 1 101  75  88   M   0  23 0.00  0.0    0 13.8 18 210   M    M   0        23 190
 2  97  74  86   M   0  21 0.00  0.0    0 12.7 20 140   M    M   0        25 140
 3  92  72  82   M   0  17 0.00  0.0    0 13.1 22 140   M    M   2        31 180
 4  92  69  81   M   0  16 0.00  0.0    0 14.6 21 170   M    M   2        30 170
 5  90  68  79   M   0  14 0.21  0.0    0 10.6 18 130   M    M   4        24 130
 6  68  62  65   M   0   0 0.52  0.0    0 11.9 16  40   M    M  10 1      21  20
 7  77  62  70   M   0   5 0.23  0.0    0  5.7 13  30   M    M   7 1       M  M
 8  89  66  78   M   0  13 0.00  0.0    0  7.0 15 200   M    M   2 1      20 200
 9  95  69  82   M   0  17 0.00  0.0    0 11.7 17 220   M    M   1        25 170
10  96  73  85   M   0  20 0.00  0.0    0 11.3 20  30   M    M   1        28  30
11  80  65  73   M   0   8 0.00  0.0    0 12.2 15  50   M    M   5        25  50
12  70  51  61   M   4   0 2.16  0.0    0 14.5 22  30   M    M  10 13     31  30
13  63  49  56   M   9   0 0.00  0.0    0  8.8 18  30   M    M   9        23  30
14  74  59  67   M   0   2 0.00  0.0    0  2.4  8 190   M    M   8         M  M
15  81  67  74   M   0   9 0.00  0.0    0  4.4 12 170   M    M   9         M  M
================================================================================
SM 1265  981        13 165  3.12     0.0 154.7          M       70
================================================================================
AV 84.3 65.4                              10.3 FASTST   M    M   5    MAX(MPH)
                                 MISC ---->    22   M                 31    M
================================================================================
NOTES:
# LAST OF SEVERAL OCCURRENCES

COLUMN 17 PEAK WIND IN M.P.H.

PRELIMINARY LOCAL CLIMATOLOGICAL DATA (WS FORM: F-6) , PAGE 2

                                          STATION:  Snyder Winston Field
                                          MONTH:    SEPTEMBER
                                          YEAR:     2014
                                          LATITUDE:   32 41 N
                                          LONGITUDE: 100 57 W

[TEMPERATURE DATA]      [PRECIPITATION DATA]       SYMBOLS USED IN COLUMN 16

AVERAGE MONTHLY: 74.9   TOTAL FOR MONTH:   3.12    1 = FOG OR MIST
DPTR FM NORMAL:     M   DPTR FM NORMAL:       M    2 = FOG REDUCING VISIBILITY
HIGHEST:   101 ON  1    GRTST 24HR  2.16 ON 12-12      TO 1/4 MILE OR LESS
LOWEST:     49 ON 13                               3 = THUNDER
                        SNOW, ICE PELLETS, HAIL    4 = ICE PELLETS
                        TOTAL MONTH:   0.0 INCH    5 = HAIL
                        GRTST 24HR     0.0         6 = FREEZING RAIN OR DRIZZLE
                        GRTST DEPTH:   0           7 = DUSTSTORM OR SANDSTORM:
                                                       VSBY 1/2 MILE OR LESS
                                                   8 = SMOKE OR HAZE
[NO. OF DAYS WITH]      [WEATHER - DAYS WITH]      9 = BLOWING SNOW
                                                   X = TORNADO
MAX 32 OR BELOW:   0    0.01 INCH OR MORE:   4
MAX 90 OR ABOVE:   7    0.10 INCH OR MORE:   4
MIN 32 OR BELOW:   0    0.50 INCH OR MORE:   2
MIN  0 OR BELOW:   0    1.00 INCH OR MORE:   1

[HDD (BASE 65) ]
TOTAL THIS MO.    13    CLEAR  (SCALE 0-3)   7
DPTR FM NORMAL     M    PTCLDY (SCALE 4-7)   4
TOTAL FM JUL 1    13    CLOUDY (SCALE 8-10)  4
DPTR FM NORMAL     M

[CDD (BASE 65) ]
TOTAL THIS MO.   165
DPTR FM NORMAL     M    [PRESSURE DATA]
TOTAL FM JAN 1  2031    HIGHEST SLP M ON M
DPTR FM NORMAL     M    LOWEST  SLP M ON M

[REMARKS]
