000
CXUS56 KMTR 011000
CF6SNS
PRELIMINARY LOCAL CLIMATOLOGICAL DATA (WS FORM: F-6)

                                          STATION:   SALINAS AIRPORT
                                          MONTH:     SEPTEMBER
                                          YEAR:      2014
                                          LATITUDE:   36 40 N
                                          LONGITUDE: 121 36 W

  TEMPERATURE IN F:       :PCPN:    SNOW:  WIND      :SUNSHINE: SKY     :PK WND
================================================================================
1   2   3   4   5  6A  6B    7    8   9   10  11  12  13   14  15   16   17  18
                                     12Z  AVG MX 2MIN
DY MAX MIN AVG DEP HDD CDD  WTR  SNW DPTH SPD SPD DIR MIN PSBL S-S WX    SPD DR
================================================================================

 1  78  58  68   3   0   3 0.00  0.0    0  6.5 20 330   M    M   5 18     28 330
 2  70  61  66   1   0   1 0.00  0.0    0  7.0 16 280   M    M   9        21 280
 3  72  60  66   1   0   1 0.00  0.0    0  6.7 17 280   M    M   7 1      23 270
 4  70  60  65   0   0   0 0.00  0.0    0  6.8 17 290   M    M   8 8      21 280
 5  70  58  64  -1   1   0 0.00  0.0    0  5.5 16 280   M    M   5 8      21 290
 6  71  58  65   0   0   0 0.00  0.0    0  5.8 16 270   M    M   5 8      22 280
 7  72  56  64  -1   1   0 0.00  0.0    0  6.8 17 270   M    M   6 18     22 260
 8  68  58  63  -2   2   0 0.00  0.0    0  7.7 18 280   M    M   5        22 270
 9  73  55  64  -1   1   0 0.00  0.0    0  6.5 15 290   M    M   6 8      20 290
10  85  54  70   5   0   5 0.00  0.0    0  5.8 20 290   M    M   5 18     24 280
11  76  55  66   1   0   1 0.00  0.0    0  6.1 18 280   M    M   4 128    23 270
12  74  57  66   2   0   1 0.00  0.0    0  6.1 17 280   M    M   6 128    21 280
13  77  59  68   4   0   3 0.00  0.0    0  6.7 17 260   M    M   7 18     22 270
14  74  59  67   3   0   2 0.00  0.0    0  7.4 15 280   M    M   4 18     20 260
15  76  59  68   4   0   3 0.00  0.0    0  6.7 17 280   M    M   2        22 270
16  80  53  67   3   0   2 0.00  0.0    0  5.1 20 280   M    M   0        23 280
17  74  55  65   1   0   0 0.00  0.0    0  6.4 18 310   M    M   2 128    24 310
18  77  61  69   5   0   4 0.00  0.0    0  7.7 20 310   M    M   8        25 310
19  78  62  70   6   0   5 0.00  0.0    0  6.9 17 290   M    M   7        23 300
20  71  61  66   2   0   1 0.00  0.0    0  6.3 17 290   M    M  10 1      21 300
21  72  63  68   4   0   3 0.00  0.0    0  7.4 17 270   M    M   9        22 280
22  76  61  69   5   0   4 0.00  0.0    0  5.6 16 280   M    M   4        24 280
23  77  57  67   3   0   2 0.01  0.0    0  5.7 15 290   M    M   5 18     31  40
24  77  63  70   6   0   5 0.00  0.0    M  5.2 17 260   M    M   7 1      23 250
25  72  59  66   2   0   1 0.09  0.0    0  5.9 14 290   M    M   7 1      17 260
26  72  55  64   0   1   0 0.00  0.0    0  6.9 20 240   M    M   2         M  M
27  69  60  65   1   0   0 0.00  0.0    0  9.7 28 320   M    M   9         M  M
28  70  58  64   1   1   0    T  0.0    0  5.7 15 250   M    M   8        20 250
29  71  52  62  -1   3   0 0.00  0.0    0  5.9 15 260   M    M   2 18     20 270
30  70  58  64   1   1   0 0.00  0.0    0  5.8 16 270   M    M   4 1      21 260
================================================================================
SM 2212 1745        11  47  0.10     0.0 194.3          M      168
================================================================================
AV 73.7 58.2                               6.5 FASTST   M    M   6    MAX(MPH)
                                 MISC ---->  # 28 320               # 31   40
================================================================================
NOTES:
# LAST OF SEVERAL OCCURRENCES

COLUMN 17 PEAK WIND IN M.P.H.

PRELIMINARY LOCAL CLIMATOLOGICAL DATA (WS FORM: F-6) , PAGE 2

                                          STATION:  SALINAS AIRPORT
                                          MONTH:    SEPTEMBER
                                          YEAR:     2014
                                          LATITUDE:   36 40 N
                                          LONGITUDE: 121 36 W

[TEMPERATURE DATA]      [PRECIPITATION DATA]       SYMBOLS USED IN COLUMN 16

AVERAGE MONTHLY: 65.9   TOTAL FOR MONTH:   0.10    1 = FOG OR MIST
DPTR FM NORMAL:   1.8   DPTR FM NORMAL:   -0.07    2 = FOG REDUCING VISIBILITY
HIGHEST:    85 ON 10    GRTST 24HR  0.09 ON 25-25      TO 1/4 MILE OR LESS
LOWEST:     52 ON 29                               3 = THUNDER
                        SNOW, ICE PELLETS, HAIL    4 = ICE PELLETS
                        TOTAL MONTH:   0.0 INCH    5 = HAIL
                        GRTST 24HR     0.0         6 = FREEZING RAIN OR DRIZZLE
                        GRTST DEPTH:   0           7 = DUSTSTORM OR SANDSTORM:
                                                       VSBY 1/2 MILE OR LESS
                                                   8 = SMOKE OR HAZE
[NO. OF DAYS WITH]      [WEATHER - DAYS WITH]      9 = BLOWING SNOW
                                                   X = TORNADO
MAX 32 OR BELOW:   0    0.01 INCH OR MORE:   2
MAX 90 OR ABOVE:   0    0.10 INCH OR MORE:   0
MIN 32 OR BELOW:   0    0.50 INCH OR MORE:   0
MIN  0 OR BELOW:   0    1.00 INCH OR MORE:   0

[HDD (BASE 65) ]
TOTAL THIS MO.    11    CLEAR  (SCALE 0-3)   5
DPTR FM NORMAL   -49    PTCLDY (SCALE 4-7)  20
TOTAL FM JUL 1    52    CLOUDY (SCALE 8-10)  5
DPTR FM NORMAL  -143

[CDD (BASE 65) ]
TOTAL THIS MO.    47
DPTR FM NORMAL    11    [PRESSURE DATA]
TOTAL FM JAN 1   180    HIGHEST SLP M ON M
DPTR FM NORMAL    75    LOWEST  SLP 29.70 ON  3

[REMARKS]
#FINAL-09-14#
