000
CXUS56 KMTR 221000
CF6SNS
PRELIMINARY LOCAL CLIMATOLOGICAL DATA (WS FORM: F-6)

                                          STATION:   SALINAS AIRPORT
                                          MONTH:     JULY
                                          YEAR:      2017
                                          LATITUDE:   36 40 N
                                          LONGITUDE: 121 36 W

  TEMPERATURE IN F:       :PCPN:    SNOW:  WIND      :SUNSHINE: SKY     :PK WND
================================================================================
1   2   3   4   5  6A  6B    7    8   9   10  11  12  13   14  15   16   17  18
                                     12Z  AVG MX 2MIN
DY MAX MIN AVG DEP HDD CDD  WTR  SNW DPTH SPD SPD DIR MIN PSBL S-S WX    SPD DR
================================================================================

 1  64  55  60  -3   5   0 0.00  0.0    0 13.6 18 250   M    M   9        24 270
 2  67  54  61  -2   4   0 0.00  0.0    0  7.9 17 290   M    M   7        25 300
 3  67  55  61  -2   4   0 0.00  0.0    0  7.7 18 280   M    M   9        23 280
 4  71  56  64   1   1   0 0.00  0.0    0  7.5 16 270   M    M   6 18     20 280
 5  74  55  65   2   0   0 0.00  0.0    0  8.6 17 270   M    M   5 1      21 280
 6  73  53  63   0   2   0 0.00  0.0    0  9.0 17 310   M    M   3 1      21 310
 7  80  56  68   5   0   3 0.00  0.0    0  9.2 17 310   M    M   0        22 270
 8  81  54  68   5   0   3 0.00  0.0    0  8.6 20 300   M    M   0 18     23 290
 9  70  53  62  -1   3   0 0.00  0.0    0  8.9 20 290   M    M   3 1      24 300
10  68  52  60  -3   5   0 0.00  0.0    0  8.2 17 280   M    M   3 1      22 280
11  72  53  63   0   2   0 0.00  0.0    0  7.9 16 300   M    M   3 1      21 300
12  68  51  60  -3   5   0 0.00  0.0    0  7.9 18 270   M    M   3 1      24 280
13  68  54  61  -2   4   0 0.00  0.0    0  7.8 17 300   M    M   6 18     22 300
14  69  53  61  -2   4   0 0.00  0.0    0  7.1 18 290   M    M   6 18     22 310
15  76  52  64   1   1   0 0.00  0.0    0  7.7 17 270   M    M   3 128    22 270
16  82  53  68   5   0   3 0.00  0.0    0  8.3 17 290   M    M   0 18     21 280
17  72  55  64   1   1   0 0.00  0.0    0 10.7 18 280   M    M   0 18     23 270
18  70  55  63   0   2   0 0.00  0.0    0 11.5 20 280   M    M   1 1      24 280
19  68  54  61  -2   4   0 0.00  0.0    0  9.7 20 290   M    M   3        24 300
20  67  57  62  -1   3   0 0.00  0.0    0 11.0 18 280   M    M   4        23 250
21  68  54  61  -2   4   0 0.00  0.0    0 10.6 20 280   M    M   2 1      26 280
================================================================================
SM 1495 1134        54   9  0.00     0.0 189.4          M       76
================================================================================
AV 71.2 54.0                               9.0 FASTST   M    M   4    MAX(MPH)
                                 MISC ---->  # 20 300               # 26  280
================================================================================
NOTES:
# LAST OF SEVERAL OCCURRENCES

COLUMN 17 PEAK WIND IN M.P.H.

PRELIMINARY LOCAL CLIMATOLOGICAL DATA (WS FORM: F-6) , PAGE 2

                                          STATION:  SALINAS AIRPORT
                                          MONTH:    JULY
                                          YEAR:     2017
                                          LATITUDE:   36 40 N
                                          LONGITUDE: 121 36 W

[TEMPERATURE DATA]      [PRECIPITATION DATA]       SYMBOLS USED IN COLUMN 16

AVERAGE MONTHLY: 62.6   TOTAL FOR MONTH:   0.00    1 = FOG OR MIST
DPTR FM NORMAL:  -0.4   DPTR FM NORMAL:    0.00    2 = FOG REDUCING VISIBILITY
HIGHEST:    82 ON 16    GRTST 24HR  0.00 ON 21-21      TO 1/4 MILE OR LESS
LOWEST:     51 ON 12                               3 = THUNDER
                        SNOW, ICE PELLETS, HAIL    4 = ICE PELLETS
                        TOTAL MONTH:   0.0 INCH    5 = HAIL
                        GRTST 24HR     0.0         6 = FREEZING RAIN OR DRIZZLE
                        GRTST DEPTH:   0           7 = DUSTSTORM OR SANDSTORM:
                                                       VSBY 1/2 MILE OR LESS
                                                   8 = SMOKE OR HAZE
[NO. OF DAYS WITH]      [WEATHER - DAYS WITH]      9 = BLOWING SNOW
                                                   X = TORNADO
MAX 32 OR BELOW:   0    0.01 INCH OR MORE:   0
MAX 90 OR ABOVE:   0    0.10 INCH OR MORE:   0
MIN 32 OR BELOW:   0    0.50 INCH OR MORE:   0
MIN  0 OR BELOW:   0    1.00 INCH OR MORE:   0

[HDD (BASE 65) ]
TOTAL THIS MO.    54    CLEAR  (SCALE 0-3)  10
DPTR FM NORMAL    -8    PTCLDY (SCALE 4-7)   9
TOTAL FM JUL 1    54    CLOUDY (SCALE 8-10)  2
DPTR FM NORMAL    -8

[CDD (BASE 65) ]
TOTAL THIS MO.     9
DPTR FM NORMAL   -12    [PRESSURE DATA]
TOTAL FM JAN 1    36    HIGHEST SLP M ON M
DPTR FM NORMAL   -13    LOWEST  SLP 29.82 ON 16

[REMARKS]
