000
CXUS55 KCYS 251000
CF6SNY
PRELIMINARY LOCAL CLIMATOLOGICAL DATA (WS FORM: F-6)

                                          STATION:   SIDNEY NEBRASKA AIRPORT
                                          MONTH:     MAY
                                          YEAR:      2017
                                          LATITUDE:   41  5 N
                                          LONGITUDE: 102 59 W

  TEMPERATURE IN F:       :PCPN:    SNOW:  WIND      :SUNSHINE: SKY     :PK WND
================================================================================
1   2   3   4   5  6A  6B    7    8   9   10  11  12  13   14  15   16   17  18
                                     12Z  AVG MX 2MIN
DY MAX MIN AVG DEP HDD CDD  WTR  SNW DPTH SPD SPD DIR MIN PSBL S-S WX    SPD DR
================================================================================

 1  60  31  46  -7  19   0    T    M    M 15.9 30 310   M    M   6        38 320
 2  53  33  43 -10  22   0 0.01    M    M  7.3 17 190   M    M   9 1      20 190
 3  56  28  42 -12  23   0 0.00    M    M 14.9 29 350   M    M   5        36 350
 4  69  25  47  -7  18   0 0.00    M    M  8.5 17  30   M    M   0        28  20
 5  79  32  56   2   9   0 0.00    M    M  4.9 12 300   M    M   0        16  30
 6  83  39  61   6   4   0 0.00    M    M 14.8 25 150   M    M   0        33 150
 7  83  45  64   9   1   0 0.09    M    M  7.4 32 260   M    M   2 3      41 260
 8  73  51  62   7   3   0 0.83    M    M 12.5 22  20   M    M   4 13     28  50
 9  66  49  58   2   7   0 0.03    M    M 11.1 21 160   M    M   9 1      25 150
10  56  45  51  -5  14   0 0.00    M    M 11.2 23 350   M    M   9 1      28 350
11  64  43  54  -2  11   0 0.00    M    M  6.1 13  70   M    M   6        16 150
12  71  40  56   0   9   0 0.00    M    M 14.4 25 170   M    M   0        31 170
13  81  46  64   7   1   0 0.00    M    M 12.0 24 320   M    M   0        36 330
14  74  50  62   5   3   0 0.00    M    M 14.6 26 330   M    M   0        33 340
15  76  47  62   5   3   0 0.00    M    M 11.3 21 100   M    M   0        26 100
16  74  46  60   2   5   0 0.16    M    M 12.9 36 340   M    M   4 13     43 340
17  64  46  55  -3  10   0 0.01    M    M 12.4 30  30   M    M   4 1      36  20
18  46  40  43 -15  22   0 0.20    M    M 17.6 29  70   M    M  10 12     35  60
19   M   M   M   M   M   M 0.25    M    M 14.1 17  30   M    M   8 1       M  M
20  56  32  44 -15  21   0 0.01    M    M 12.1 23 340   M    M   7 1      28 340
21  65  33  49 -10  16   0 0.02    M    M  7.8 20  10   M    M   3        24  10
22  63  35  49 -10  16   0 0.01    M    M 14.1 30 330   M    M   2 1      39 340
23  61  33  47 -13  18   0    T    M    M 12.5 24 340   M    M   4        33 330
24  78  30  54  -6  11   0 0.00    M    M 10.5 18 170   M    M   1        24 190
================================================================================
SM 1551  899       266   0  1.62    M    280.9          M       93
================================================================================
AV 67.4 39.1                              11.7 FASTST   M    M   4    MAX(MPH)
                                 MISC ---->  # 36 340               # 43  340
================================================================================
NOTES:
# LAST OF SEVERAL OCCURRENCES

COLUMN 17 PEAK WIND IN M.P.H.

PRELIMINARY LOCAL CLIMATOLOGICAL DATA (WS FORM: F-6) , PAGE 2

                                          STATION:  SIDNEY NEBRASKA AIRPORT
                                          MONTH:    MAY
                                          YEAR:     2017
                                          LATITUDE:   41  5 N
                                          LONGITUDE: 102 59 W

[TEMPERATURE DATA]      [PRECIPITATION DATA]       SYMBOLS USED IN COLUMN 16

AVERAGE MONTHLY: 53.3   TOTAL FOR MONTH:   1.62    1 = FOG OR MIST
DPTR FM NORMAL:  -3.3   DPTR FM NORMAL:   -0.70    2 = FOG REDUCING VISIBILITY
HIGHEST:    83 ON  7, 6 GRTST 24HR  0.83 ON  8- 8      TO 1/4 MILE OR LESS
LOWEST:     25 ON  4                               3 = THUNDER
                        SNOW, ICE PELLETS, HAIL    4 = ICE PELLETS
                        TOTAL MONTH:    M          5 = HAIL
                        GRTST 24HR    M  ON   M    6 = FREEZING RAIN OR DRIZZLE
                        GRTST DEPTH:  M  ON   M    7 = DUSTSTORM OR SANDSTORM:
                                                       VSBY 1/2 MILE OR LESS
                                                   8 = SMOKE OR HAZE
[NO. OF DAYS WITH]      [WEATHER - DAYS WITH]      9 = BLOWING SNOW
                                                   X = TORNADO
MAX 32 OR BELOW:   0    0.01 INCH OR MORE:  11
MAX 90 OR ABOVE:   0    0.10 INCH OR MORE:   4
MIN 32 OR BELOW:   6    0.50 INCH OR MORE:   1
MIN  0 OR BELOW:   0    1.00 INCH OR MORE:   0

[HDD (BASE 65) ]
TOTAL THIS MO.   266    CLEAR  (SCALE 0-3)  11
DPTR FM NORMAL    51    PTCLDY (SCALE 4-7)   9
TOTAL FM JUL 1  5683    CLOUDY (SCALE 8-10)  4
DPTR FM NORMAL  -444

[CDD (BASE 65) ]
TOTAL THIS MO.     0
DPTR FM NORMAL   -15    [PRESSURE DATA]
TOTAL FM JAN 1     0    HIGHEST SLP M ON M
DPTR FM NORMAL   -16    LOWEST  SLP 29.37 ON M

[REMARKS]
