000
CXUS55 KCYS 231000
CF6SNY
PRELIMINARY LOCAL CLIMATOLOGICAL DATA (WS FORM: F-6)

                                          STATION:   SIDNEY NEBRASKA AIRPORT
                                          MONTH:     FEBRUARY
                                          YEAR:      2018
                                          LATITUDE:   41  5 N
                                          LONGITUDE: 102 59 W

  TEMPERATURE IN F:       :PCPN:    SNOW:  WIND      :SUNSHINE: SKY     :PK WND
================================================================================
1   2   3   4   5  6A  6B    7    8   9   10  11  12  13   14  15   16   17  18
                                     12Z  AVG MX 2MIN
DY MAX MIN AVG DEP HDD CDD  WTR  SNW DPTH SPD SPD DIR MIN PSBL S-S WX    SPD DR
================================================================================

 1  34  23  29  -1  36   0    T    M    M  7.8 15 340   M    M   9 1      17 220
 2  48  19  34   4  31   0 0.00    M    M 10.3 18 230   M    M   3        23 220
 3  54  17  36   6  29   0    T    M    M 12.2 30 330   M    M   4 1      35 330
 4  23   3  13 -17  52   0 0.02    M    M 12.5 24 360   M    M   8 189    28 360
 5  44  15  30   0  35   0    T    M    M 13.4 31 360   M    M   7 1      38 360
 6  39  14  27  -3  38   0    T    M    M  9.2 20 170   M    M   5 1      25 170
 7  48  19  34   4  31   0    T    M    M  9.6 21 210   M    M   7 1      25 210
 8  61  25  43  13  22   0 0.00    M    M 12.1 26  30   M    M   0 1      31  30
 9  29   4  17 -14  48   0    T    M    M 11.3 26  10   M    M  10 18     35  20
10  13  -1   6 -25  59   0    T    M    M  4.9 12 270   M    M   6 18     14 270
11  38   3  21 -10  44   0 0.00    M    M 11.5 21  60   M    M   0        24 220
12  27  10  19 -12  46   0    T    M    M 15.0 28 140   M    M   8 18     34 140
13  52   8  30  -1  35   0 0.00    M    M  7.9 16 150   M    M   1 1      19 150
14  61  25  43  11  22   0 0.00    M    M  9.7 22 210   M    M   0        25 210
15  48  12  30  -2  35   0 0.00    M    M 17.8 35 320   M    M   6        43 310
16  45   4  25  -7  40   0 0.00    M    M 14.2 24 210   M    M   2        32 310
17  53  20  37   5  28   0 0.00    M    M 16.2 33 320   M    M   1        42 290
18  68  11  40   8  25   0    T    M    M 16.1 32  50   M    M   3 1      41  40
19  11  -1   5 -28  60   0 0.01    M    M 13.9 24 360   M    M  10 18     29 360
20  12 -12   0 -33  65   0    T    M    M  9.6 20 330   M    M   2 18     24 330
21  30 -10  10 -23  55   0 0.00    M    M 10.9 21 160   M    M   0        26 190
22  26   6  16 -18  49   0    T    M    M  8.1 16 160   M    M   9 18     18 160
================================================================================
SM  864  214       885   0  0.03    M    254.2          M      101
================================================================================
AV 39.3  9.7                              11.6 FASTST   M    M   5    MAX(MPH)
                                 MISC ---->  # 35 320               # 43  310
================================================================================
NOTES:
# LAST OF SEVERAL OCCURRENCES

COLUMN 17 PEAK WIND IN M.P.H.

PRELIMINARY LOCAL CLIMATOLOGICAL DATA (WS FORM: F-6) , PAGE 2

                                          STATION:  SIDNEY NEBRASKA AIRPORT
                                          MONTH:    FEBRUARY
                                          YEAR:     2018
                                          LATITUDE:   41  5 N
                                          LONGITUDE: 102 59 W

[TEMPERATURE DATA]      [PRECIPITATION DATA]       SYMBOLS USED IN COLUMN 16

AVERAGE MONTHLY: 24.5   TOTAL FOR MONTH:   0.03    1 = FOG OR MIST
DPTR FM NORMAL:  -6.8   DPTR FM NORMAL:   -0.20    2 = FOG REDUCING VISIBILITY
HIGHEST:    68 ON 18    GRTST 24HR  0.02 ON  4- 4      TO 1/4 MILE OR LESS
LOWEST:    -12 ON 20                               3 = THUNDER
                        SNOW, ICE PELLETS, HAIL    4 = ICE PELLETS
                        TOTAL MONTH:    M          5 = HAIL
                        GRTST 24HR    M  ON   M    6 = FREEZING RAIN OR DRIZZLE
                        GRTST DEPTH:  M  ON   M    7 = DUSTSTORM OR SANDSTORM:
                                                       VSBY 1/2 MILE OR LESS
                                                   8 = SMOKE OR HAZE
[NO. OF DAYS WITH]      [WEATHER - DAYS WITH]      9 = BLOWING SNOW
                                                   X = TORNADO
MAX 32 OR BELOW:   8    0.01 INCH OR MORE:   2
MAX 90 OR ABOVE:   0    0.10 INCH OR MORE:   0
MIN 32 OR BELOW:  22    0.50 INCH OR MORE:   0
MIN  0 OR BELOW:   4    1.00 INCH OR MORE:   0

[HDD (BASE 65) ]
TOTAL THIS MO.   885    CLEAR  (SCALE 0-3)   9
DPTR FM NORMAL   143    PTCLDY (SCALE 4-7)   8
TOTAL FM JUL 1  4640    CLOUDY (SCALE 8-10)  5
DPTR FM NORMAL   241

[CDD (BASE 65) ]
TOTAL THIS MO.     0
DPTR FM NORMAL     0    [PRESSURE DATA]
TOTAL FM JAN 1     0    HIGHEST SLP M ON M
DPTR FM NORMAL     0    LOWEST  SLP 29.27 ON 18

[REMARKS]
