000
CXUS55 KCYS 251000
CF6SNY
PRELIMINARY LOCAL CLIMATOLOGICAL DATA (WS FORM: F-6)

                                          STATION:   SIDNEY NEBRASKA AIRPORT
                                          MONTH:     JULY
                                          YEAR:      2016
                                          LATITUDE:   41  5 N
                                          LONGITUDE: 102 59 W

  TEMPERATURE IN F:       :PCPN:    SNOW:  WIND      :SUNSHINE: SKY     :PK WND
================================================================================
1   2   3   4   5  6A  6B    7    8   9   10  11  12  13   14  15   16   17  18
                                     12Z  AVG MX 2MIN
DY MAX MIN AVG DEP HDD CDD  WTR  SNW DPTH SPD SPD DIR MIN PSBL S-S WX    SPD DR
================================================================================

 1  68  61  65  -8   0   0 0.04    M    M 11.4 21 150   M    M   9 1      26 150
 2  78  59  69  -4   0   4 0.00    M    M  6.1 13 140   M    M   8 12     15 110
 3  87  58  73  -1   0   8 0.00    M    M  8.6 20 150   M    M   4 12     24 150
 4  95  56  76   2   0  11    T    M    M 10.5 35 330   M    M   0        41 330
 5  93  59  76   2   0  11    T    M    M 10.4 28 340   M    M   2 3      33 340
 6  99  57  78   4   0  13 0.02    M    M 12.8 32 250   M    M   0 3      59 260
 7  85  53  69  -6   0   4 0.18    M    M  9.9 39 280   M    M   0 13     47 280
 8  93  58  76   1   0  11 0.11    M    M 12.4 31 190   M    M   3 1238   40 190
 9 100  59  80   5   0  15    T    M    M 12.3 23 110   M    M   0 3      32 120
10 103  66  85  10   0  20 0.00    M    M 11.1 24 170   M    M   0        31 170
11  88  53  71  -4   0   6 0.00    M    M 14.6 28 330   M    M   0        34 350
12  91  44  68  -7   0   3 0.00    M    M  9.9 25 200   M    M   1        33 190
13  90  52  71  -5   0   6 0.00    M    M  9.4 24 340   M    M   0        28 350
14  86  58  72  -4   0   7 0.00    M    M 10.9 21 130   M    M   3        27 130
15  75  56  66 -10   0   1 0.00    M    M 15.3 35  90   M    M   3        43  80
16  90  56  73  -3   0   8    T    M    M 11.3 21 250   M    M   0        28 220
17  89  59  74  -2   0   9    T    M    M 14.4 32  40   M    M   1 3      42  30
18  93  65  79   3   0  14 0.03    M    M 12.1 35 290   M    M   4 13     41 290
19  97  61  79   3   0  14    T    M    M  9.5 37 200   M    M   0 3      45 200
20 102  65  84   8   0  19 0.00    M    M 10.3 20 290   M    M   0        24 300
21  99  67  83   7   0  18 0.00    M    M  8.4 17 340   M    M   0        21 360
22 100  67  84   8   0  19 0.00    M    M 12.5 29  60   M    M   2 3      35  60
23  98  67  83   7   0  18    T    M    M 11.0 36 280   M    M   0 3      53 280
24  88  53  71  -5   0   6 0.01    M    M 11.5 36 140   M    M   1 3      45 140
================================================================================
SM 2187 1409         0 245  0.39    M    266.6          M       41
================================================================================
AV 91.1 58.7                              11.1 FASTST   M    M   2    MAX(MPH)
                                 MISC ---->  # 39 280               # 59  260
================================================================================
NOTES:
# LAST OF SEVERAL OCCURRENCES

COLUMN 17 PEAK WIND IN M.P.H.

PRELIMINARY LOCAL CLIMATOLOGICAL DATA (WS FORM: F-6) , PAGE 2

                                          STATION:  SIDNEY NEBRASKA AIRPORT
                                          MONTH:    JULY
                                          YEAR:     2016
                                          LATITUDE:   41  5 N
                                          LONGITUDE: 102 59 W

[TEMPERATURE DATA]      [PRECIPITATION DATA]       SYMBOLS USED IN COLUMN 16

AVERAGE MONTHLY: 74.9   TOTAL FOR MONTH:   0.39    1 = FOG OR MIST
DPTR FM NORMAL:  -0.2   DPTR FM NORMAL:   -1.93    2 = FOG REDUCING VISIBILITY
HIGHEST:   103 ON 10    GRTST 24HR  0.18 ON  7- 7      TO 1/4 MILE OR LESS
LOWEST:     44 ON 12                               3 = THUNDER
                        SNOW, ICE PELLETS, HAIL    4 = ICE PELLETS
                        TOTAL MONTH:    M          5 = HAIL
                        GRTST 24HR    M  ON   M    6 = FREEZING RAIN OR DRIZZLE
                        GRTST DEPTH:  M  ON   M    7 = DUSTSTORM OR SANDSTORM:
                                                       VSBY 1/2 MILE OR LESS
                                                   8 = SMOKE OR HAZE
[NO. OF DAYS WITH]      [WEATHER - DAYS WITH]      9 = BLOWING SNOW
                                                   X = TORNADO
MAX 32 OR BELOW:   0    0.01 INCH OR MORE:   6
MAX 90 OR ABOVE:  15    0.10 INCH OR MORE:   2
MIN 32 OR BELOW:   0    0.50 INCH OR MORE:   0
MIN  0 OR BELOW:   0    1.00 INCH OR MORE:   0

[HDD (BASE 65) ]
TOTAL THIS MO.     0    CLEAR  (SCALE 0-3)  20
DPTR FM NORMAL     0    PTCLDY (SCALE 4-7)   3
TOTAL FM JUL 1     0    CLOUDY (SCALE 8-10)  1
DPTR FM NORMAL     0

[CDD (BASE 65) ]
TOTAL THIS MO.   245
DPTR FM NORMAL     1    [PRESSURE DATA]
TOTAL FM JAN 1   459    HIGHEST SLP  0.00 ON M
DPTR FM NORMAL    56    LOWEST  SLP 29.44 ON 10

[REMARKS]
