000
CXUS55 KCYS 231000
CF6SNY
PRELIMINARY LOCAL CLIMATOLOGICAL DATA (WS FORM: F-6)

                                          STATION:   SIDNEY NEBRASKA AIRPORT
                                          MONTH:     SEPTEMBER
                                          YEAR:      2017
                                          LATITUDE:   41  5 N
                                          LONGITUDE: 102 59 W

  TEMPERATURE IN F:       :PCPN:    SNOW:  WIND      :SUNSHINE: SKY     :PK WND
================================================================================
1   2   3   4   5  6A  6B    7    8   9   10  11  12  13   14  15   16   17  18
                                     12Z  AVG MX 2MIN
DY MAX MIN AVG DEP HDD CDD  WTR  SNW DPTH SPD SPD DIR MIN PSBL S-S WX    SPD DR
================================================================================

 1  90  54  72   2   0   7    T    M    M  9.1 29 190   M    M   2 8      33 190
 2  90  51  71   1   0   6 0.00    M    M  7.3 14 190   M    M   0 8      17 200
 3 100  51  76   7   0  11 0.00    M    M  9.9 21  10   M    M   2 18     25 350
 4  81  47  64  -5   1   0 0.00    M    M 10.8 21  70   M    M   3 8      27  50
 5  74  36  55 -13  10   0 0.00    M    M  7.5 18 350   M    M   4        23 340
 6  79  34  57 -11   8   0 0.00    M    M  5.6 14  80   M    M   0        17  80
 7  87  43  65  -3   0   0 0.00    M    M  7.7 17 160   M    M   0        25 140
 8  87  45  66  -1   0   1 0.00    M    M  7.7 18 130   M    M   0        22 120
 9  93  52  73   6   0   8 0.00    M    M  7.5 20 250   M    M   0        23 250
10  96  55  76  10   0  11 0.00    M    M  7.2 14 250   M    M   1        23 330
11  93  61  77  11   0  12 0.00    M    M  6.9 16 160   M    M   3 8      18 150
12  94  54  74   9   0   9 0.00    M    M  8.6 18 200   M    M   0 8      25 200
13  95  54  75  10   0  10 0.06    M    M  9.5 31 250   M    M   0 3      39 250
14  90  52  71   7   0   6 0.08    M    M 11.2 26 270   M    M   2 138    35 260
15  85  48  67   3   0   2 0.21    M    M 11.0 29 340   M    M   3 138    37 340
16  66  46  56  -7   9   0 0.05    M    M  8.0 24  10   M    M   5 13     29  10
17  73  46  60  -3   5   0    T    M    M 14.2 26 170   M    M   5 3      33 170
18  84  45  65   3   0   0 0.00    M    M 10.2 20 160   M    M   2 12     26 160
19  86  45  66   4   0   1 0.00    M    M 12.7 39 330   M    M   0        49 330
20  76  45  61   0   4   0 0.00    M    M 12.1 25 160   M    M   0        32 160
21  91  43  67   6   0   2 0.00    M    M  9.7 17 160   M    M   0        22 150
22  76  44  60   0   5   0    T    M    M 12.7 24  70   M    M   0        30  70
================================================================================
SM 1886 1051        42  86  0.40    M    207.1          M       32
================================================================================
AV 85.7 47.8                               9.4 FASTST   M    M   1    MAX(MPH)
                                 MISC ---->  # 39 330               # 49  330
================================================================================
NOTES:
# LAST OF SEVERAL OCCURRENCES

COLUMN 17 PEAK WIND IN M.P.H.

PRELIMINARY LOCAL CLIMATOLOGICAL DATA (WS FORM: F-6) , PAGE 2

                                          STATION:  SIDNEY NEBRASKA AIRPORT
                                          MONTH:    SEPTEMBER
                                          YEAR:     2017
                                          LATITUDE:   41  5 N
                                          LONGITUDE: 102 59 W

[TEMPERATURE DATA]      [PRECIPITATION DATA]       SYMBOLS USED IN COLUMN 16

AVERAGE MONTHLY: 66.8   TOTAL FOR MONTH:   0.40    1 = FOG OR MIST
DPTR FM NORMAL:   1.4   DPTR FM NORMAL:   -0.59    2 = FOG REDUCING VISIBILITY
HIGHEST:   100 ON  3    GRTST 24HR  0.21 ON 15-15      TO 1/4 MILE OR LESS
LOWEST:     34 ON  6                               3 = THUNDER
                        SNOW, ICE PELLETS, HAIL    4 = ICE PELLETS
                        TOTAL MONTH:    M          5 = HAIL
                        GRTST 24HR    M  ON   M    6 = FREEZING RAIN OR DRIZZLE
                        GRTST DEPTH:  M  ON   M    7 = DUSTSTORM OR SANDSTORM:
                                                       VSBY 1/2 MILE OR LESS
                                                   8 = SMOKE OR HAZE
[NO. OF DAYS WITH]      [WEATHER - DAYS WITH]      9 = BLOWING SNOW
                                                   X = TORNADO
MAX 32 OR BELOW:   0    0.01 INCH OR MORE:   4
MAX 90 OR ABOVE:  10    0.10 INCH OR MORE:   1
MIN 32 OR BELOW:   0    0.50 INCH OR MORE:   0
MIN  0 OR BELOW:   0    1.00 INCH OR MORE:   0

[HDD (BASE 65) ]
TOTAL THIS MO.    42    CLEAR  (SCALE 0-3)  19
DPTR FM NORMAL   -24    PTCLDY (SCALE 4-7)   3
TOTAL FM JUL 1    62    CLOUDY (SCALE 8-10)  0
DPTR FM NORMAL   -15

[CDD (BASE 65) ]
TOTAL THIS MO.    86
DPTR FM NORMAL     9    [PRESSURE DATA]
TOTAL FM JAN 1   641    HIGHEST SLP M ON M
DPTR FM NORMAL  -178    LOWEST  SLP 29.41 ON 19

[REMARKS]
