000
CXUS56 KPQR 231330
CF6SPB
PRELIMINARY LOCAL CLIMATOLOGICAL DATA (WS FORM: F-6)

                                          STATION:   SCAPPOOSE OR
                                          MONTH:     NOVEMBER
                                          YEAR:      2014
                                          LATITUDE:   45 46 N
                                          LONGITUDE: 122 50 W

  TEMPERATURE IN F:       :PCPN:    SNOW:  WIND      :SUNSHINE: SKY     :PK WND
================================================================================
1   2   3   4   5  6A  6B    7    8   9   10  11  12  13   14  15   16   17  18
                                     12Z  AVG MX 2MIN
DY MAX MIN AVG DEP HDD CDD  WTR  SNW DPTH SPD SPD DIR MIN PSBL S-S WX    SPD DR
================================================================================

 1  53  37  45  -3  20   0 0.00  0.0    0  2.4 10 220   M    M   8 12     12 220
 2  53  38  46  -1  19   0 0.19    M    0  3.8 10 150   M    M  10 12     15 170
 3  56  51  54   7  11   0 0.19  0.0    0  6.5 12 140   M    M  10 1      14 140
 4  62  48  55   8  10   0 0.14    M    0  5.0 15 140   M    M   8 1      19 160
 5  60  50  55   8  10   0 0.02  0.0    0  0.0  5 320   M    M   8 1       6 150
 6  62  43  53   7  12   0 0.12    M    0  4.1 16 150   M    M   7 12     21 150
 7  59  41  50   4  15   0 0.00  0.0    0  2.2 12 360   M    M   5 12     14 360
 8  57  36  47   1  18   0 0.00  0.0    0  1.2  5 270   M    M   0 12      8 140
 9  55  40  48   2  17   0 0.08    M    0  2.6 10 280   M    M   8 12     15 280
10  58  37  48   2  17   0 0.01    M    0  3.5 10 350   M    M   4 1      14 340
11  48  24  36  -9  29   0 0.00  0.0    0  6.4 17  70   M    M   0        21  70
12  44  20  32 -13  33   0 0.00  0.0    0  3.6 13  70   M    M   0        17  80
13  38  29  34 -11  31   0 0.09    M    0  3.6 14  60   M    M   9 1      17  60
14  46  24  35 -10  30   0 0.00  0.0    0  2.2  7 140   M    M   3        10  70
15  46  19  33 -11  32   0 0.00  0.0    0  3.9 16 140   M    M   0        20 140
16  49  19  34 -10  31   0 0.00  0.0    0  3.6  8 230   M    M   0        13 150
17  49  21  35  -9  30   0 0.00  0.0    0  5.0 10 150   M    M   0        14 150
18  44  22  33 -11  32   0 0.00  0.0    0  4.1 12 150   M    M   1        15 150
19  50  32  41  -2  24   0 0.06    M    0  5.1 12 150   M    M   4        15 180
20  48  37  43   0  22   0 0.05    M    0  1.5  8 180   M    M   9 18     11 160
21  55  40  48   5  17   0 0.74    M    0  2.9 13 310   M    M  10 1      18 310
22  53  34  44   1  21   0 0.24    M    0  3.0 14 340   M    M   7 12     17 280
================================================================================
SM 1145  742       481   0  1.93     0.0  76.2          M      111
================================================================================
AV 52.0 33.7                               3.5 FASTST   M    M   5    MAX(MPH)
                                 MISC ---->  # 17  70               # 21  150
================================================================================
NOTES:
# LAST OF SEVERAL OCCURRENCES

COLUMN 17 PEAK WIND IN M.P.H.

PRELIMINARY LOCAL CLIMATOLOGICAL DATA (WS FORM: F-6) , PAGE 2

                                          STATION:  SCAPPOOSE OR
                                          MONTH:    NOVEMBER
                                          YEAR:     2014
                                          LATITUDE:   45 46 N
                                          LONGITUDE: 122 50 W

[TEMPERATURE DATA]      [PRECIPITATION DATA]       SYMBOLS USED IN COLUMN 16

AVERAGE MONTHLY: 42.9   TOTAL FOR MONTH:   1.93    1 = FOG OR MIST
DPTR FM NORMAL:  -2.3   DPTR FM NORMAL:   -2.60    2 = FOG REDUCING VISIBILITY
HIGHEST:    62 ON  6, 4 GRTST 24HR  0.81 ON 21-22      TO 1/4 MILE OR LESS
LOWEST:     19 ON 16,15                            3 = THUNDER
                        SNOW, ICE PELLETS, HAIL    4 = ICE PELLETS
                        TOTAL MONTH:   0.0 INCH    5 = HAIL
                        GRTST 24HR     0.0         6 = FREEZING RAIN OR DRIZZLE
                        GRTST DEPTH:   0           7 = DUSTSTORM OR SANDSTORM:
                                                       VSBY 1/2 MILE OR LESS
                                                   8 = SMOKE OR HAZE
[NO. OF DAYS WITH]      [WEATHER - DAYS WITH]      9 = BLOWING SNOW
                                                   X = TORNADO
MAX 32 OR BELOW:   0    0.01 INCH OR MORE:  12
MAX 90 OR ABOVE:   0    0.10 INCH OR MORE:   6
MIN 32 OR BELOW:   9    0.50 INCH OR MORE:   1
MIN  0 OR BELOW:   0    1.00 INCH OR MORE:   0

[HDD (BASE 65) ]
TOTAL THIS MO.   481    CLEAR  (SCALE 0-3)   7
DPTR FM NORMAL    45    PTCLDY (SCALE 4-7)  10
TOTAL FM JUL 1   766    CLOUDY (SCALE 8-10)  5
DPTR FM NORMAL  -276

[CDD (BASE 65) ]
TOTAL THIS MO.     0
DPTR FM NORMAL     0    [PRESSURE DATA]
TOTAL FM JAN 1   470    HIGHEST SLP M ON M
DPTR FM NORMAL   219    LOWEST  SLP 29.42 ON 21

[REMARKS]
