000
CXUS55 KPUB 291116
CF6SPD
PRELIMINARY LOCAL CLIMATOLOGICAL DATA (WS FORM: F-6)

                                          STATION:   SPRINGFIELD CO
                                          MONTH:     MAY
                                          YEAR:      2015
                                          LATITUDE:   37 16 N
                                          LONGITUDE: 102 37 W

  TEMPERATURE IN F:       :PCPN:    SNOW:  WIND      :SUNSHINE: SKY     :PK WND
================================================================================
1   2   3   4   5  6A  6B    7    8   9   10  11  12  13   14  15   16   17  18
                                     12Z  AVG MX 2MIN
DY MAX MIN AVG DEP HDD CDD  WTR  SNW DPTH SPD SPD DIR MIN PSBL S-S WX    SPD DR
================================================================================

 1  75  50  63   7   2   0 0.00  0.0    0 11.1 30 310   M    M   0        40 320
 2  82  48  65   8   0   0 0.00  0.0    0 10.4 33 170   M    M   0        41 170
 3  82  48  65   8   0   0 0.00  0.0    0  8.6 20 300   M    M   0        25 290
 4  74  47  61   4   4   0 0.07  0.0    0 10.2 26 190   M    M   0        35 200
 5  64  47  56  -2   9   0 0.56  0.0    0 10.1 23 110   M    M   0        27 110
 6  76  44  60   2   5   0 0.17  0.0    0  7.5 28 330   M    M   0        34 320
 7  71  47  59   1   6   0 0.01  0.0    0  9.3 20 130   M    M   0        27  70
 8  62  49  56  -3   9   0 0.08  0.0    0 14.8 24 130   M    M   0        29 120
 9  71  41  56  -3   9   0 0.14  0.0    0 19.1 39 200   M    M   0 3      46 190
10  57  32  45 -14  20   0 0.01  0.0    M 19.6 37 330   M    M   0        44 330
11  63  33  48 -12  17   0 0.00  0.0    0 10.0 23 330   M    M   0        28 330
12  70  40  55  -5  10   0 0.00  0.0    0 24.0 39 190   M    M   0        46 170
13  57  50  54  -6  11   0 0.27  0.0    0 12.7 28 180   M    M   0        35 180
14  77  43  60  -1   5   0 0.00  0.0    0 11.1 26 180   M    M   0        32 190
15  77  50  64   3   1   0 0.16  0.0    0 18.5 40 190   M    M   0 3      52 190
16  70  46  58  -3   7   0 0.00  0.0    0 17.1 44 340   M    M   0        56 340
17  76  45  61  -1   4   0 0.00  0.0    0 10.5 21 180   M    M   0        29 180
18  66  44  55  -7  10   0 0.03  0.0    0 15.1 30  90   M    M   0        37  80
19  50  37  44 -18  21   0 2.19  0.0    0 15.8 26  90   M    M   0        32  90
20  53  37  45 -18  20   0 0.00  0.0    0 10.6 18  80   M    M   0        20  90
21  54  40  47 -16  18   0 0.19  0.0    0 11.2 21 180   M    M   0        26 170
22  69  46  58  -5   7   0 0.01  0.0    0 21.2 30 190   M    M   0        37 180
23  69  50  60  -4   5   0 0.41  0.0    0 15.6 36 190   M    M   0        44 190
24  71  44  58  -6   7   0 0.00  0.0    0  8.9 24 310   M    M   0        31 290
25  72  39  56  -8   9   0 0.00  0.0    0  6.4 18 340   M    M   0        22 340
26  74  46  60  -5   5   0 0.00  0.0    0  7.2 20 270   M    M   0        28 270
27  80  48  64  -1   1   0 0.14    M    0 12.5 35 350   M    M   0        44 350
28  75  50  63  -2   2   0 0.03  0.0    0 13.5 31 170   M    M   0        37 180
================================================================================
SM 1937 1241       224   0  4.47     0.0 362.6          M        0
================================================================================
AV 69.2 44.3                              13.0 FASTST   M    M   0    MAX(MPH)
                                 MISC ---->  # 44 340               # 56  340
================================================================================
NOTES:
# LAST OF SEVERAL OCCURRENCES

COLUMN 17 PEAK WIND IN M.P.H.

PRELIMINARY LOCAL CLIMATOLOGICAL DATA (WS FORM: F-6) , PAGE 2

                                          STATION:  SPRINGFIELD CO
                                          MONTH:    MAY
                                          YEAR:     2015
                                          LATITUDE:   37 16 N
                                          LONGITUDE: 102 37 W

[TEMPERATURE DATA]      [PRECIPITATION DATA]       SYMBOLS USED IN COLUMN 16

AVERAGE MONTHLY: 56.8   TOTAL FOR MONTH:   4.47    1 = FOG OR MIST
DPTR FM NORMAL:  -4.1   DPTR FM NORMAL:    2.40    2 = FOG REDUCING VISIBILITY
HIGHEST:    82 ON  3, 2 GRTST 24HR  2.22 ON 18-19      TO 1/4 MILE OR LESS
LOWEST:     32 ON 10                               3 = THUNDER
                        SNOW, ICE PELLETS, HAIL    4 = ICE PELLETS
                        TOTAL MONTH:   0.0 INCH    5 = HAIL
                        GRTST 24HR     0.0         6 = FREEZING RAIN OR DRIZZLE
                        GRTST DEPTH:   0           7 = DUSTSTORM OR SANDSTORM:
                                                       VSBY 1/2 MILE OR LESS
                                                   8 = SMOKE OR HAZE
[NO. OF DAYS WITH]      [WEATHER - DAYS WITH]      9 = BLOWING SNOW
                                                   X = TORNADO
MAX 32 OR BELOW:   0    0.01 INCH OR MORE:  16
MAX 90 OR ABOVE:   0    0.10 INCH OR MORE:   9
MIN 32 OR BELOW:   1    0.50 INCH OR MORE:   2
MIN  0 OR BELOW:   0    1.00 INCH OR MORE:   1

[HDD (BASE 65) ]
TOTAL THIS MO.   224    CLEAR  (SCALE 0-3)  28
DPTR FM NORMAL    68    PTCLDY (SCALE 4-7)   0
TOTAL FM JUL 1  5118    CLOUDY (SCALE 8-10)  0
DPTR FM NORMAL  -137

[CDD (BASE 65) ]
TOTAL THIS MO.     0
DPTR FM NORMAL   -41    [PRESSURE DATA]
TOTAL FM JAN 1     0    HIGHEST SLP M ON M
DPTR FM NORMAL   -45    LOWEST  SLP 29.57 ON  9

[REMARKS]
