000
CXUS53 KILX 292300
CF6SPI
PRELIMINARY LOCAL CLIMATOLOGICAL DATA (WS FORM: F-6)

                                          STATION:   SPRINGFIELD IL
                                          MONTH:     AUGUST
                                          YEAR:      2015
                                          LATITUDE:   39 50 N
                                          LONGITUDE:  89 41 W

  TEMPERATURE IN F:       :PCPN:    SNOW:  WIND      :SUNSHINE: SKY     :PK WND
================================================================================
1   2   3   4   5  6A  6B    7    8   9   10  11  12  13   14  15   16   17  18
                                     12Z  AVG MX 2MIN
DY MAX MIN AVG DEP HDD CDD  WTR  SNW DPTH SPD SPD DIR MIN PSBL S-S WX    SPD DR
================================================================================

 1  88  62  75   0   0  10 0.00  0.0    0  4.0 10 220   M    M   1        16 210
 2  92  69  81   6   0  16    T  0.0    0  7.9 16 250   M    M   0 3      22 220
 3  86  68  77   2   0  12 0.00  0.0    0  6.7 15 270   M    M   0        18 280
 4  82  60  71  -4   0   6    T  0.0    0  1.4  9 300   M    M   2        11 300
 5  83  64  74  -1   0   9 0.03  0.0    0  6.8 15 140   M    M   4        20 140
 6  86  67  77   2   0  12 0.01  0.0    0  8.8 16  50   M    M   3        20  50
 7  85  62  74  -1   0   9 0.00  0.0    0  5.6 12 150   M    M   0        15 160
 8  87  67  77   2   0  12 0.00  0.0    0  3.1 10  80   M    M   2        14 340
 9  85  72  79   4   0  14 1.21  0.0    0  6.7 24 110   M    M   7 13     28 110
10  86  70  78   3   0  13 0.00  0.0    0  6.9 17 340   M    M   5 128    23 340
11  85  63  74  -1   0   9 0.00  0.0    0  6.6 16  10   M    M   1        20  10
12  85  60  73  -2   0   8 0.00  0.0    0  2.7 10 360   M    M   1        14 280
13  86  59  73  -2   0   8 0.00  0.0    0  2.0  9 260   M    M   0 1      12 270
14  90  64  77   2   0  12 0.00  0.0    0  2.5 10 300   M    M   0 1      13 290
15  90  65  78   3   0  13 0.00  0.0    0  2.6  8 250   M    M   1 1      12 260
16  89  67  78   4   0  13 0.00  0.0    0  5.0 14 190   M    M   0        17 200
17  89  71  80   6   0  15 0.00  0.0    0  7.9 14 180   M    M   2 3      19 180
18  89  70  80   6   0  15 0.07  0.0    0  9.8 24 190   M    M   4 3      35 200
19  75  59  67  -7   0   2 0.19  0.0    0 11.2 18 260   M    M   4 3      26 180
20  79  55  67  -7   0   2 0.00  0.0    0  6.8 17 270   M    M   0        23 280
21  84  58  71  -3   0   6 0.00  0.0    0  5.6 16 170   M    M   1        20 170
22  79  60  70  -4   0   5    T  0.0    0  7.2 18 140   M    M   4        25 140
23  78  58  68  -6   0   3 0.03  0.0    0  9.2 20 320   M    M   4 1      25 330
24  78  51  65  -9   0   0 0.00  0.0    0  9.0 22 270   M    M   0        30 300
25  77  49  63 -11   2   0 0.00  0.0    0  7.2 17 270   M    M   1        26 290
26  79  51  65  -8   0   0 0.00  0.0    0  6.7 15 360   M    M   2        20 350
27  79  51  65  -8   0   0    T  0.0    0  3.1 10 110   M    M   0        13 110
28  82  57  70  -3   0   5 0.00  0.0    0  7.6 18 160   M    M   0        23 130
================================================================================
SM 2353 1729         2 229  1.54     0.0 170.6          M       49
================================================================================
AV 84.0 61.8                               6.1 FASTST   M    M   2    MAX(MPH)
                                 MISC ---->  # 24 110               # 35  200
================================================================================
NOTES:
# LAST OF SEVERAL OCCURRENCES

COLUMN 17 PEAK WIND IN M.P.H.

PRELIMINARY LOCAL CLIMATOLOGICAL DATA (WS FORM: F-6) , PAGE 2

                                          STATION:  SPRINGFIELD IL
                                          MONTH:    AUGUST
                                          YEAR:     2015
                                          LATITUDE:   39 50 N
                                          LONGITUDE:  89 41 W

[TEMPERATURE DATA]      [PRECIPITATION DATA]       SYMBOLS USED IN COLUMN 16

AVERAGE MONTHLY: 72.9   TOTAL FOR MONTH:   1.54    1 = FOG OR MIST
DPTR FM NORMAL:  -1.5   DPTR FM NORMAL:   -1.39    2 = FOG REDUCING VISIBILITY
HIGHEST:    92 ON  2    GRTST 24HR  1.21 ON  9- 9      TO 1/4 MILE OR LESS
LOWEST:     49 ON 25                               3 = THUNDER
                        SNOW, ICE PELLETS, HAIL    4 = ICE PELLETS
                        TOTAL MONTH:   0.0 INCH    5 = HAIL
                        GRTST 24HR     0.0         6 = FREEZING RAIN OR DRIZZLE
                        GRTST DEPTH:   0           7 = DUSTSTORM OR SANDSTORM:
                                                       VSBY 1/2 MILE OR LESS
                                                   8 = SMOKE OR HAZE
[NO. OF DAYS WITH]      [WEATHER - DAYS WITH]      9 = BLOWING SNOW
                                                   X = TORNADO
MAX 32 OR BELOW:   0    0.01 INCH OR MORE:   6
MAX 90 OR ABOVE:   3    0.10 INCH OR MORE:   2
MIN 32 OR BELOW:   0    0.50 INCH OR MORE:   1
MIN  0 OR BELOW:   0    1.00 INCH OR MORE:   1

[HDD (BASE 65) ]
TOTAL THIS MO.     2    CLEAR  (SCALE 0-3)  21
DPTR FM NORMAL     2    PTCLDY (SCALE 4-7)   7
TOTAL FM JUL 1     6    CLOUDY (SCALE 8-10)  0
DPTR FM NORMAL     5

[CDD (BASE 65) ]
TOTAL THIS MO.   229
DPTR FM NORMAL   -38    [PRESSURE DATA]
TOTAL FM JAN 1  1057    HIGHEST SLP M ON M
DPTR FM NORMAL   111    LOWEST  SLP 29.63 ON 19

[REMARKS]
