000
CXUS55 KTBW 291000
CF6SRQ
PRELIMINARY LOCAL CLIMATOLOGICAL DATA (WS FORM: F-6)

                                          STATION:   Sarasota Bradenton
                                          MONTH:     APRIL
                                          YEAR:      2016
                                          LATITUDE:   27 23 N
                                          LONGITUDE:  82 33 W

  TEMPERATURE IN F:       :PCPN:    SNOW:  WIND      :SUNSHINE: SKY     :PK WND
================================================================================
1   2   3   4   5  6A  6B    7    8   9   10  11  12  13   14  15   16   17  18
                                     12Z  AVG MX 2MIN
DY MAX MIN AVG DEP HDD CDD  WTR  SNW DPTH SPD SPD DIR MIN PSBL S-S WX    SPD DR
================================================================================

 1  86  70  78   9   0  13 0.00  0.0    0 11.0 22 170   M    M   2 18     31 190
 2  78  67  73   4   0   8 0.54  0.0    0 12.1 24 190   M    M   6 13     29 190
 3  76  61  69   0   0   4 0.00  0.0    0  7.4 17  30   M    M   1        23  40
 4  80  59  70   1   0   5    T  0.0    0  7.2 17 290   M    M   2        22 280
 5  84  55  70   0   0   5 0.00  0.0    0  7.1 18 270   M    M   0        24  10
 6  84  62  73   3   0   8    T  0.0    0 10.9 23 110   M    M   3        29  80
 7  80  62  71   1   0   6 0.35  0.0    0  9.2 17 220   M    M   3 1      23 220
 8  79  67  73   3   0   8 0.00  0.0    0  9.6 18 300   M    M   1        22 310
 9  78  60  69  -1   0   4 0.00  0.0    0  9.5 18 310   M    M   0        24  30
10  84  55  70   0   0   5 0.00  0.0    0  9.5 18 120   M    M   0        30  90
11  85  61  73   3   0   8 0.00  0.0    0  9.4 18 110   M    M   2        23 110
12  81  60  71   1   0   6 0.00  0.0    0  6.6 15 120   M    M   0        20 130
13  85  63  74   3   0   9 0.00  0.0    0  7.4 14 290   M    M   2        18 280
14  83  67  75   4   0  10 0.00  0.0    0  9.1 17  80   M    M   1        24  70
15  82  66  74   3   0   9    T  0.0    0  7.1 15 120   M    M   3        19 130
16  85  69  77   6   0  12 0.00  0.0    0 14.6 24  70   M    M   7        30  70
17  86  65  76   5   0  11 0.00  0.0    0 13.6 23  70   M    M   4        31 100
18  87  60  74   2   0   9 0.00  0.0    0 10.2 17  80   M    M   2        23  80
19  86  60  73   1   0   8 0.00  0.0    0  9.1 20 110   M    M   1        26 100
20  84  61  73   1   0   8 0.00  0.0    0  9.2 17 110   M    M   1        24 110
21  86  64  75   3   0  10 0.02  0.0    0  8.1 20 140   M    M   1 8      25 110
22  85  68  77   5   0  12 0.00  0.0    0 10.5 22 190   M    M   4        28 190
23  84  69  77   5   0  12 0.00  0.0    0 10.2 17 300   M    M   2        26 300
24  87  63  75   3   0  10 0.00  0.0    0  6.5 16 280   M    M   2 1      19 280
25  86  69  78   5   0  13    T  0.0    0  9.4 20 140   M    M   5 3      24 140
26  84  68  76   3   0  11 0.00  0.0    0  7.6 16 230   M    M   2        19 240
27  84  67  76   3   0  11 0.00  0.0    0  7.9 17 210   M    M   0        21 220
28  85  68  77   4   0  12 0.00  0.0    0  7.7 14 240   M    M   0        19 210
================================================================================
SM 2334 1786         0 247  0.91     0.0 257.7          M       57
================================================================================
AV 83.4 63.8                               9.2 FASTST   M    M   2    MAX(MPH)
                                 MISC ---->  # 24 190               # 31  190
================================================================================
NOTES:
# LAST OF SEVERAL OCCURRENCES

COLUMN 17 PEAK WIND IN M.P.H.

PRELIMINARY LOCAL CLIMATOLOGICAL DATA (WS FORM: F-6) , PAGE 2

                                          STATION:  Sarasota Bradenton
                                          MONTH:    APRIL
                                          YEAR:     2016
                                          LATITUDE:   27 23 N
                                          LONGITUDE:  82 33 W

[TEMPERATURE DATA]      [PRECIPITATION DATA]       SYMBOLS USED IN COLUMN 16

AVERAGE MONTHLY: 73.6   TOTAL FOR MONTH:   0.91    1 = FOG OR MIST
DPTR FM NORMAL:   2.6   DPTR FM NORMAL:   -1.41    2 = FOG REDUCING VISIBILITY
HIGHEST:    87 ON 24,18 GRTST 24HR  0.54 ON  2- 2      TO 1/4 MILE OR LESS
LOWEST:     55 ON 10, 5                            3 = THUNDER
                        SNOW, ICE PELLETS, HAIL    4 = ICE PELLETS
                        TOTAL MONTH:   0.0 INCH    5 = HAIL
                        GRTST 24HR     0.0         6 = FREEZING RAIN OR DRIZZLE
                        GRTST DEPTH:   0           7 = DUSTSTORM OR SANDSTORM:
                                                       VSBY 1/2 MILE OR LESS
                                                   8 = SMOKE OR HAZE
[NO. OF DAYS WITH]      [WEATHER - DAYS WITH]      9 = BLOWING SNOW
                                                   X = TORNADO
MAX 32 OR BELOW:   0    0.01 INCH OR MORE:   3
MAX 90 OR ABOVE:   0    0.10 INCH OR MORE:   2
MIN 32 OR BELOW:   0    0.50 INCH OR MORE:   1
MIN  0 OR BELOW:   0    1.00 INCH OR MORE:   0

[HDD (BASE 65) ]
TOTAL THIS MO.     0    CLEAR  (SCALE 0-3)  23
DPTR FM NORMAL    -8    PTCLDY (SCALE 4-7)   5
TOTAL FM JUL 1   320    CLOUDY (SCALE 8-10)  0
DPTR FM NORMAL  -155

[CDD (BASE 65) ]
TOTAL THIS MO.   247
DPTR FM NORMAL    70    [PRESSURE DATA]
TOTAL FM JAN 1   516    HIGHEST SLP M ON M
DPTR FM NORMAL   135    LOWEST  SLP 29.81 ON  2

[REMARKS]
