000
CXUS52 KJAX 280800
CF6SSI
PRELIMINARY LOCAL CLIMATOLOGICAL DATA (WS FORM: F-6)

                                          STATION:   ST SIMONS ISLAND GA
                                          MONTH:     FEBRUARY
                                          YEAR:      2015
                                          LATITUDE:   31  9 N
                                          LONGITUDE:  81 23 W

  TEMPERATURE IN F:       :PCPN:    SNOW:  WIND      :SUNSHINE: SKY     :PK WND
================================================================================
1   2   3   4   5  6A  6B    7    8   9   10  11  12  13   14  15   16   17  18
                                     12Z  AVG MX 2MIN
DY MAX MIN AVG DEP HDD CDD  WTR  SNW DPTH SPD SPD DIR MIN PSBL S-S WX    SPD DR
================================================================================

 1  66  45  56   4   9   0 0.00  0.0    0  6.8 16 180   M    M   1 1      24 180
 2  64  43  54   1  11   0 0.08  0.0    0 12.0 24 270   M    M   6 1      36 290
 3  51  32  42 -11  23   0 0.00  0.0    0  8.1 16  30   M    M   0        22  30
 4  54  44  49  -4  16   0 0.29  0.0    0  6.9 14  30   M    M   8 1      19  30
 5  61  43  52  -1  13   0 0.46  0.0    0  7.5 16  60   M    M   5 1      22  20
 6  52  34  43 -10  22   0 0.00  0.0    0  9.1 18  40   M    M   0        24  30
 7  60  34  47  -6  18   0 0.00  0.0    0  3.2 10 130   M    M   0        21 150
 8  69  42  56   3   9   0 0.00  0.0    0  5.7 13 220   M    M   0 1      19 150
 9  67  46  57   3   8   0 0.15  0.0    0  5.6 12 210   M    M   3 1      16 220
10  59  47  53  -1  12   0 0.00  0.0    0  8.2 17 320   M    M   5        24 320
11  60  40  50  -4  15   0 0.00  0.0    0  5.3 13 330   M    M   0        18 110
12  68  43  56   2   9   0 0.00  0.0    0 10.3 18 350   M    M   0        31 260
13  45  31  38 -16  27   0 0.00  0.0    0  8.2 18  10   M    M   0        26 360
14  61  31  46  -8  19   0 0.00  0.0    0  8.4 18 250   M    M   0        26 270
15  54  43  49  -5  16   0 0.00  0.0    0  9.9 20  70   M    M   0        24  80
16  62  46  54  -1  11   0 0.00  0.0    0  9.6 17 180   M    M   3        26 160
17  64  43  54  -1  11   0 0.45  0.0    0  7.8 18 330   M    M   9 1      23 210
18  55  36  46  -9  19   0 0.00  0.0    0  9.6 21 270   M    M   2        32 270
19  41  28  35 -20  30   0 0.00  0.0    0 10.4 21 290   M    M   0        28 280
20  42  24  33 -22  32   0 0.00  0.0    0  8.0 15  80   M    M   0        20 100
21  62  34  48  -8  17   0 0.00  0.0    0  5.3 12 130   M    M   1        15 130
22  71  51  61   5   4   0 0.00  0.0    0  6.7 14 160   M    M   4        18 150
23  72  50  61   5   4   0 0.00  0.0    0  9.3 23  40   M    M   8 12     28  40
24  51  43  47  -9  18   0 0.37  0.0    0  8.8 16 360   M    M  10 1      22  40
25  53  43  48  -8  17   0 0.13  0.0    0  6.5 15  70   M    M   9 138    20  60
26  62  44  53  -3  12   0 0.75  0.0    0 10.1 18 240   M    M   8 13     31 190
27  50  43  47 -10  18   0 0.00  0.0    0 10.5 20  30   M    M   1        27  20
================================================================================
SM 1576 1083       420   0  2.68     0.0 217.8          M       83
================================================================================
AV 58.4 40.1                               8.1 FASTST   M    M   3    MAX(MPH)
                                 MISC ---->  # 24 270               # 36  290
================================================================================
NOTES:
# LAST OF SEVERAL OCCURRENCES

COLUMN 17 PEAK WIND IN M.P.H.

PRELIMINARY LOCAL CLIMATOLOGICAL DATA (WS FORM: F-6) , PAGE 2

                                          STATION:  ST SIMONS ISLAND GA
                                          MONTH:    FEBRUARY
                                          YEAR:     2015
                                          LATITUDE:   31  9 N
                                          LONGITUDE:  81 23 W

[TEMPERATURE DATA]      [PRECIPITATION DATA]       SYMBOLS USED IN COLUMN 16

AVERAGE MONTHLY: 49.2   TOTAL FOR MONTH:   2.68    1 = FOG OR MIST
DPTR FM NORMAL:  -5.2   DPTR FM NORMAL:   -0.66    2 = FOG REDUCING VISIBILITY
HIGHEST:    72 ON 23    GRTST 24HR  0.88 ON 25-26      TO 1/4 MILE OR LESS
LOWEST:     24 ON 20                               3 = THUNDER
                        SNOW, ICE PELLETS, HAIL    4 = ICE PELLETS
                        TOTAL MONTH:   0.0 INCH    5 = HAIL
                        GRTST 24HR     0.0         6 = FREEZING RAIN OR DRIZZLE
                        GRTST DEPTH:   0           7 = DUSTSTORM OR SANDSTORM:
                                                       VSBY 1/2 MILE OR LESS
                                                   8 = SMOKE OR HAZE
[NO. OF DAYS WITH]      [WEATHER - DAYS WITH]      9 = BLOWING SNOW
                                                   X = TORNADO
MAX 32 OR BELOW:   0    0.01 INCH OR MORE:   8
MAX 90 OR ABOVE:   0    0.10 INCH OR MORE:   7
MIN 32 OR BELOW:   5    0.50 INCH OR MORE:   1
MIN  0 OR BELOW:   0    1.00 INCH OR MORE:   0

[HDD (BASE 65) ]
TOTAL THIS MO.   420    CLEAR  (SCALE 0-3)  17
DPTR FM NORMAL   127    PTCLDY (SCALE 4-7)   6
TOTAL FM JUL 1  1363    CLOUDY (SCALE 8-10)  4
DPTR FM NORMAL   119

[CDD (BASE 65) ]
TOTAL THIS MO.     0
DPTR FM NORMAL     0    [PRESSURE DATA]
TOTAL FM JAN 1     6    HIGHEST SLP M ON M
DPTR FM NORMAL     3    LOWEST  SLP 29.52 ON 26

[REMARKS]
