000
CXUS52 KJAX 220800
CF6SSI
PRELIMINARY LOCAL CLIMATOLOGICAL DATA (WS FORM: F-6)

                                          STATION:   ST SIMONS ISLAND GA
                                          MONTH:     DECEMBER
                                          YEAR:      2014
                                          LATITUDE:   31  9 N
                                          LONGITUDE:  81 23 W

  TEMPERATURE IN F:       :PCPN:    SNOW:  WIND      :SUNSHINE: SKY     :PK WND
================================================================================
1   2   3   4   5  6A  6B    7    8   9   10  11  12  13   14  15   16   17  18
                                     12Z  AVG MX 2MIN
DY MAX MIN AVG DEP HDD CDD  WTR  SNW DPTH SPD SPD DIR MIN PSBL S-S WX    SPD DR
================================================================================

 1  74  50  62   4   3   0 0.00  0.0    0  5.7 16 100   M    M   3 1      20 100
 2  75  57  66   9   0   1 0.00  0.0    0  8.3 15  60   M    M   2 12     18  70
 3  69  56  63   6   2   0 0.00  0.0    0  4.7 13  30   M    M   7 128    17  20
 4  72  55  64   7   1   0 0.00  0.0    0  6.8 15  50   M    M   3 12     24  40
 5  61  58  60   4   5   0 0.00  0.0    0 12.4 18  20   M    M  10 12     24  20
 6  70  57  64   8   1   0 0.00  0.0    0  3.2 10 340   M    M   8 12     13 350
 7  65  52  59   3   6   0 0.00  0.0    0 12.5 23  40   M    M  10 1      32  40
 8  55  48  52  -4  13   0 0.00  0.0    0 12.8 24  30   M    M  10        35  40
 9  59  41  50  -5  15   0 0.00  0.0    0  7.7 16 310   M    M   5        21 300
10  58  40  49  -6  16   0 0.00  0.0    0  5.5 13 260   M    M   0        17 270
11  58  38  48  -7  17   0 0.00  0.0    0  5.9 13 250   M    M   0        16 270
12  59  36  48  -7  17   0 0.00  0.0    0  3.8 10  80   M    M   0        18  90
13  64  35  50  -4  15   0 0.00  0.0    0  2.2  8 220   M    M   0 1      21 270
14  67  37  52  -2  13   0 0.00  0.0    0  3.2  9 300   M    M   0 1      15 320
15  64  37  51  -3  14   0 0.00  0.0    0  3.7  9 160   M    M   0 1       M  M
16  73  44  59   5   6   0 0.00  0.0    0  7.7 18 260   M    M   2 1      25 260
17  65  44  55   1  10   0 0.00  0.0    0  3.6 10 320   M    M   0        15 320
18  62  42  52  -1  13   0 0.00  0.0    0  3.9  9 240   M    M   0        13 240
19  65  44  55   2  10   0    T  0.0    0  3.5  8 360   M    M   2        11 350
20  63  53  58   5   7   0 0.01  0.0    0  8.5 18  30   M    M   9        24  20
21  57  53  55   2  10   0 0.35  0.0    0 12.7 18  50   M    M  10 13     25  40
================================================================================
SM 1355  977       194   1  0.36     0.0 138.3          M       81
================================================================================
AV 64.5 46.5                               6.6 FASTST   M    M   4    MAX(MPH)
                                 MISC ---->  # 24  30               # 35   40
================================================================================
NOTES:
# LAST OF SEVERAL OCCURRENCES

COLUMN 17 PEAK WIND IN M.P.H.

PRELIMINARY LOCAL CLIMATOLOGICAL DATA (WS FORM: F-6) , PAGE 2

                                          STATION:  ST SIMONS ISLAND GA
                                          MONTH:    DECEMBER
                                          YEAR:     2014
                                          LATITUDE:   31  9 N
                                          LONGITUDE:  81 23 W

[TEMPERATURE DATA]      [PRECIPITATION DATA]       SYMBOLS USED IN COLUMN 16

AVERAGE MONTHLY: 55.5   TOTAL FOR MONTH:   0.36    1 = FOG OR MIST
DPTR FM NORMAL:   0.5   DPTR FM NORMAL:   -1.41    2 = FOG REDUCING VISIBILITY
HIGHEST:    75 ON  2    GRTST 24HR  0.35 ON 21-21      TO 1/4 MILE OR LESS
LOWEST:     35 ON 13                               3 = THUNDER
                        SNOW, ICE PELLETS, HAIL    4 = ICE PELLETS
                        TOTAL MONTH:   0.0 INCH    5 = HAIL
                        GRTST 24HR     0.0         6 = FREEZING RAIN OR DRIZZLE
                        GRTST DEPTH:   0           7 = DUSTSTORM OR SANDSTORM:
                                                       VSBY 1/2 MILE OR LESS
                                                   8 = SMOKE OR HAZE
[NO. OF DAYS WITH]      [WEATHER - DAYS WITH]      9 = BLOWING SNOW
                                                   X = TORNADO
MAX 32 OR BELOW:   0    0.01 INCH OR MORE:   2
MAX 90 OR ABOVE:   0    0.10 INCH OR MORE:   1
MIN 32 OR BELOW:   0    0.50 INCH OR MORE:   0
MIN  0 OR BELOW:   0    1.00 INCH OR MORE:   0

[HDD (BASE 65) ]
TOTAL THIS MO.   194    CLEAR  (SCALE 0-3)  13
DPTR FM NORMAL   -24    PTCLDY (SCALE 4-7)   3
TOTAL FM JUL 1   480    CLOUDY (SCALE 8-10)  5
DPTR FM NORMAL    82

[CDD (BASE 65) ]
TOTAL THIS MO.     1
DPTR FM NORMAL    -8    [PRESSURE DATA]
TOTAL FM JAN 1  2587    HIGHEST SLP M ON M
DPTR FM NORMAL   -37    LOWEST  SLP 29.99 ON  9

[REMARKS]
