000
CXUS53 KMPX 211000
CF6STC
PRELIMINARY LOCAL CLIMATOLOGICAL DATA (WS FORM: F-6)

                                          STATION:   ST CLOUD MN
                                          MONTH:     FEBRUARY
                                          YEAR:      2017
                                          LATITUDE:   45 32 N
                                          LONGITUDE:  94  4 W

  TEMPERATURE IN F:       :PCPN:    SNOW:  WIND      :SUNSHINE: SKY     :PK WND
================================================================================
1   2   3   4   5  6A  6B    7    8   9   10  11  12  13   14  15   16   17  18
                                     12Z  AVG MX 2MIN
DY MAX MIN AVG DEP HDD CDD  WTR  SNW DPTH SPD SPD DIR MIN PSBL S-S WX    SPD DR
================================================================================

 1  29   5  17   4  48   0    T    T    T 15.4 28 310   M    M   1 1      34 320
 2  15   5  10  -3  55   0 0.00  0.0    T 12.8 21 270   M    M   0        27 300
 3  22   3  13   0  52   0 0.00  0.0    T  9.2 18 240   M    M   0        22 240
 4  33   9  21   7  44   0 0.00  0.0    T 11.5 25 200   M    M   6        30 200
 5  28  11  20   6  45   0 0.00  0.0    T  7.6 20 310   M    M   2        26 350
 6  28  13  21   7  44   0 0.00  0.0    T  8.2 14  50   M    M   2        20  60
 7  24   2  13  -1  52   0 0.03  0.3    T 12.3 22 310   M    M   8 12     27 310
 8  10  -5   3 -12  62   0 0.00  0.0    1 11.8 20 290   M    M   1        24 280
 9  20  -2   9  -6  56   0 0.00  0.0    1  9.9 20 160   M    M   2        26 160
10  46  19  33  18  32   0 0.00  0.0    1 11.3 21 170   M    M   2        28 170
11  38  30  34  18  31   0 0.07    T    T  4.3 10 270   M    M   4 1      13 260
12  37  26  32  16  33   0 0.00  0.0    T 14.5 29 300   M    M   0        37 300
13  45  25  35  19  30   0 0.00  0.0    T  9.6 17 290   M    M   0        23 280
14  40  23  32  16  33   0 0.00  0.0    T 15.4 35 310   M    M   0        45 320
15  33  14  24   7  41   0 0.00  0.0    0  6.3 15 320   M    M   0        18 320
16  41  27  34  17  31   0 0.00  0.0    0  8.4 17 140   M    M   0        21 140
17  59  28  44  26  21   0 0.00  0.0    0  7.2 16 220   M    M   0 1      21 220
18  57  29  43  25  22   0 0.00  0.0    0  5.5 12 280   M    M   0 1      15 290
19  58  28  43  25  22   0 0.00  0.0    0  7.8 17 130   M    M   0 1      25 130
20  51  37  44  25  21   0 0.54  0.0    0 10.6 23 290   M    M   7 12     30 290
================================================================================
SM  714  327       775   0  0.64     0.3 199.6          M       35
================================================================================
AV 35.7 16.4                              10.0 FASTST   M    M   2    MAX(MPH)
                                 MISC ---->  # 35 310               # 45  320
================================================================================
NOTES:
# LAST OF SEVERAL OCCURRENCES

COLUMN 17 PEAK WIND IN M.P.H.

PRELIMINARY LOCAL CLIMATOLOGICAL DATA (WS FORM: F-6) , PAGE 2

                                          STATION:  ST CLOUD MN
                                          MONTH:    FEBRUARY
                                          YEAR:     2017
                                          LATITUDE:   45 32 N
                                          LONGITUDE:  94  4 W

[TEMPERATURE DATA]      [PRECIPITATION DATA]       SYMBOLS USED IN COLUMN 16

AVERAGE MONTHLY: 26.0   TOTAL FOR MONTH:   0.64    1 = FOG OR MIST
DPTR FM NORMAL:  10.5   DPTR FM NORMAL:    0.27    2 = FOG REDUCING VISIBILITY
HIGHEST:    59 ON 17    GRTST 24HR  0.54 ON 20-20      TO 1/4 MILE OR LESS
LOWEST:     -5 ON  8                               3 = THUNDER
                        SNOW, ICE PELLETS, HAIL    4 = ICE PELLETS
                        TOTAL MONTH:   0.3 INCH    5 = HAIL
                        GRTST 24HR   0.3 ON   M    6 = FREEZING RAIN OR DRIZZLE
                        GRTST DEPTH:   1 ON 10, 9  7 = DUSTSTORM OR SANDSTORM:
                                                       VSBY 1/2 MILE OR LESS
                                                   8 = SMOKE OR HAZE
[NO. OF DAYS WITH]      [WEATHER - DAYS WITH]      9 = BLOWING SNOW
                                                   X = TORNADO
MAX 32 OR BELOW:   8    0.01 INCH OR MORE:   3
MAX 90 OR ABOVE:   0    0.10 INCH OR MORE:   1
MIN 32 OR BELOW:  19    0.50 INCH OR MORE:   1
MIN  0 OR BELOW:   2    1.00 INCH OR MORE:   0

[HDD (BASE 65) ]
TOTAL THIS MO.   775    CLEAR  (SCALE 0-3)  16
DPTR FM NORMAL  -213    PTCLDY (SCALE 4-7)   4
TOTAL FM JUL 1  5091    CLOUDY (SCALE 8-10)  0
DPTR FM NORMAL  -999

[CDD (BASE 65) ]
TOTAL THIS MO.     0
DPTR FM NORMAL     0    [PRESSURE DATA]
TOTAL FM JAN 1     0    HIGHEST SLP M ON M
DPTR FM NORMAL     0    LOWEST  SLP 29.42 ON 17

[REMARKS]
