000
CXUS55 KEAX 240736
CF6STJ
PRELIMINARY LOCAL CLIMATOLOGICAL DATA (WS FORM: F-6)

                                          STATION:   ST. JOSEPH MO
                                          MONTH:     MAY
                                          YEAR:      2015
                                          LATITUDE:   39 46 N
                                          LONGITUDE:  94 55 W

  TEMPERATURE IN F:       :PCPN:    SNOW:  WIND      :SUNSHINE: SKY     :PK WND
================================================================================
1   2   3   4   5  6A  6B    7    8   9   10  11  12  13   14  15   16   17  18
                                     12Z  AVG MX 2MIN
DY MAX MIN AVG DEP HDD CDD  WTR  SNW DPTH SPD SPD DIR MIN PSBL S-S WX    SPD DR
================================================================================

 1  77  44  61   2   4   0 0.00    M    M  7.1 15 160   M    M   3 8      18 170
 2  75  55  65   6   0   0 0.31    M    M  7.7 20 180   M    M   5 138    25 180
 3  85  58  72  12   0   7 0.00    M    M 12.2 26 190   M    M   1        32 210
 4  82  62  72  12   0   7 1.41    M    M  7.6 31 300   M    M   5 13     40 300
 5  80  56  68   8   0   3 0.07    M    M  7.3 22 230   M    M   5 123    26 220
 6  75  63  69   8   0   4 0.03    M    M 15.8 31 180   M    M   6 1      39 170
 7  79  62  71  10   0   6 1.28    M    M 14.9 30 220   M    M   7 13     39 180
 8  68  58  63   2   2   0    T    M    M  8.5 18 350   M    M   8 1      21 340
 9  74  57  66   4   0   1 0.01    M    M  9.4 21 120   M    M   6        25  90
10  73  54  64   2   1   0 0.14    M    M 11.5 23 210   M    M   6 13     29 210
11  61  43  52 -10  13   0 0.00    M    M 14.9 28 280   M    M   4        33 280
12  70  41  56  -7   9   0 0.00    M    M  6.3 14 330   M    M   0 8      17 320
13  71  49  60  -3   5   0 0.05    M    M 10.7 26 170   M    M   3        32 180
14  73  57  65   1   0   0 0.49    M    M  9.2 18 150   M    M   9 12     24 150
15  78  52  65   1   0   0 0.61    M    M  6.1 26 220   M    M   7 1238   31 220
16  81  62  72   8   0   7 1.71    M    M 12.4 28 290   M    M   4 13     34 290
17  81  62  72   7   0   7 0.19    M    M 16.1 31 220   M    M   5 13     39 190
18  66  49  58  -7   7   0 0.00    M    M 13.5 22 330   M    M   0        27 330
19  57  42  50 -16  15   0 0.02    M    M  9.8 17  50   M    M   4        23  40
20  53  48  51 -15  14   0 0.28    M    M 11.1 18  30   M    M  10 1      22  30
21  70  42  56 -10   9   0    T    M    M  5.9 14 350   M    M   1 18     18  20
22  66  46  56 -11   9   0 0.00    M    M  3.9 13 220   M    M   5        16 220
23  68  56  62  -5   3   0 1.00    M    M  8.5 20 120   M    M  10 13     27 120
================================================================================
SM 1663 1218        91  42  7.60    M    230.4          M      114
================================================================================
AV 72.3 53.0                              10.0 FASTST   M    M   5    MAX(MPH)
                                 MISC ---->  # 31 300               # 40  300
================================================================================
NOTES:
# LAST OF SEVERAL OCCURRENCES

COLUMN 17 PEAK WIND IN M.P.H.

PRELIMINARY LOCAL CLIMATOLOGICAL DATA (WS FORM: F-6) , PAGE 2

                                          STATION:  ST. JOSEPH MO
                                          MONTH:    MAY
                                          YEAR:     2015
                                          LATITUDE:   39 46 N
                                          LONGITUDE:  94 55 W

[TEMPERATURE DATA]      [PRECIPITATION DATA]       SYMBOLS USED IN COLUMN 16

AVERAGE MONTHLY: 62.6   TOTAL FOR MONTH:   7.60    1 = FOG OR MIST
DPTR FM NORMAL:  -0.3   DPTR FM NORMAL:    3.51    2 = FOG REDUCING VISIBILITY
HIGHEST:    85 ON  3    GRTST 24HR  1.90 ON 16-17      TO 1/4 MILE OR LESS
LOWEST:     41 ON 12                               3 = THUNDER
                        SNOW, ICE PELLETS, HAIL    4 = ICE PELLETS
                        TOTAL MONTH:    M          5 = HAIL
                        GRTST 24HR    M  ON   M    6 = FREEZING RAIN OR DRIZZLE
                        GRTST DEPTH:  M  ON   M    7 = DUSTSTORM OR SANDSTORM:
                                                       VSBY 1/2 MILE OR LESS
                                                   8 = SMOKE OR HAZE
[NO. OF DAYS WITH]      [WEATHER - DAYS WITH]      9 = BLOWING SNOW
                                                   X = TORNADO
MAX 32 OR BELOW:   0    0.01 INCH OR MORE:  15
MAX 90 OR ABOVE:   0    0.10 INCH OR MORE:  10
MIN 32 OR BELOW:   0    0.50 INCH OR MORE:   5
MIN  0 OR BELOW:   0    1.00 INCH OR MORE:   4

[HDD (BASE 65) ]
TOTAL THIS MO.    91    CLEAR  (SCALE 0-3)   5
DPTR FM NORMAL   -10    PTCLDY (SCALE 4-7)  14
TOTAL FM JUL 1  5494    CLOUDY (SCALE 8-10)  4
DPTR FM NORMAL    55

[CDD (BASE 65) ]
TOTAL THIS MO.    42
DPTR FM NORMAL   -10    [PRESSURE DATA]
TOTAL FM JAN 1    47    HIGHEST SLP  0.00 ON M
DPTR FM NORMAL   -26    LOWEST  SLP  0.00 ON M

[REMARKS]
