000
CXUS55 KEAX 280736
CF6STJ
PRELIMINARY LOCAL CLIMATOLOGICAL DATA (WS FORM: F-6)

                                          STATION:   ST. JOSEPH MO
                                          MONTH:     FEBRUARY
                                          YEAR:      2015
                                          LATITUDE:   39 46 N
                                          LONGITUDE:  94 55 W

  TEMPERATURE IN F:       :PCPN:    SNOW:  WIND      :SUNSHINE: SKY     :PK WND
================================================================================
1   2   3   4   5  6A  6B    7    8   9   10  11  12  13   14  15   16   17  18
                                     12Z  AVG MX 2MIN
DY MAX MIN AVG DEP HDD CDD  WTR  SNW DPTH SPD SPD DIR MIN PSBL S-S WX    SPD DR
================================================================================

 1  33   9  21  -8  44   0 0.23    M    M 15.7 35 330   M    M  10 12     42 340
 2  18  -6   6 -23  59   0    T    M    M  5.8 18 340   M    M   0        22 330
 3  42   7  25  -4  40   0 0.00    M    M  5.1 15 170   M    M   0 1      17 170
 4  29  -4  13 -16  52   0 0.02    M    M 11.3 24 360   M    M   4 128    28 360
 5  25  -6  10 -20  55   0 0.00  0.0    M  5.6 16 180   M    M   5 128    20 180
 6  48  22  35   5  30   0 0.00    M    M  6.9 20 210   M    M   0        24 210
 7  58  30  44  14  21   0 0.00    M    M  8.2 17 200   M    M   0 1      23 190
 8  55  32  44  14  21   0    T    M    M  9.1 21 330   M    M   1 1      24 330
 9  39  31  35   5  30   0 0.00    M    M  7.3 15  20   M    M   9 18     19  20
10  49  28  39   9  26   0 0.00    M    M  8.3 17 160   M    M   3 18     22 140
11  39  23  31   0  34   0 0.00    M    M 14.0 28 350   M    M   6 1      36 360
12  30   9  20 -11  45   0    T    M    M 11.1 33 360   M    M   5        40 360
13  46  19  33   2  32   0 0.00    M    M  7.1 16 260   M    M   3        18 280
14  35  15  25  -7  40   0 0.00    M    M 13.7 33  20   M    M   3        39  20
15  17  10  14 -18  51   0 0.20    M    M 10.3 17  90   M    M   7 128    22  80
16  22   7  15 -17  50   0 0.00    M    M  4.2 10 240   M    M   7        12 250
17  28   8  18 -14  47   0 0.01    M    M  6.8 24 330   M    M   5 18     26 330
18  16  -5   6 -27  59   0 0.00  0.0    M 11.3 24 330   M    M   0        29 330
19  17 -10   4 -29  61   0    T    M    M  5.8 14 160   M    M   7 128    16 150
20  33  12  23 -10  42   0 0.12    M    M  4.7 14 190   M    M   5 168    16 190
21  47  24  36   2  29   0 0.00    M    M  9.4 21 350   M    M   5 12     25 360
22  24  11  18 -16  47   0 0.00    M    M 16.3 24 360   M    M   3        31 350
23  21   4  13 -21  52   0 0.00    M    M  5.7 14  20   M    M   0        17  10
24  46  14  30  -5  35   0 0.00    M    M  9.7 20 240   M    M   0        23 330
25  55  16  36   1  29   0    T    M    M 11.8 33 360   M    M   5 1      43 360
26  19   2  11 -24  54   0    T    M    M 16.6 29 350   M    M   2        35 360
27  20  -3   9 -27  56   0 0.00    M    M  4.0 10 170   M    M   2        12 140
================================================================================
SM  911  299      1141   0  0.58     0.0 245.8          M       97
================================================================================
AV 33.7 11.1                               9.1 FASTST   M    M   4    MAX(MPH)
                                 MISC ---->  # 35 330               # 43  360
================================================================================
NOTES:
# LAST OF SEVERAL OCCURRENCES

COLUMN 17 PEAK WIND IN M.P.H.

PRELIMINARY LOCAL CLIMATOLOGICAL DATA (WS FORM: F-6) , PAGE 2

                                          STATION:  ST. JOSEPH MO
                                          MONTH:    FEBRUARY
                                          YEAR:     2015
                                          LATITUDE:   39 46 N
                                          LONGITUDE:  94 55 W

[TEMPERATURE DATA]      [PRECIPITATION DATA]       SYMBOLS USED IN COLUMN 16

AVERAGE MONTHLY: 22.4   TOTAL FOR MONTH:   0.58    1 = FOG OR MIST
DPTR FM NORMAL:  -9.4   DPTR FM NORMAL:   -0.31    2 = FOG REDUCING VISIBILITY
HIGHEST:    58 ON  7    GRTST 24HR  1.28 ON 31- 1      TO 1/4 MILE OR LESS
LOWEST:    -10 ON 19                               3 = THUNDER
                        SNOW, ICE PELLETS, HAIL    4 = ICE PELLETS
                        TOTAL MONTH:   0.0 INCH    5 = HAIL
                        GRTST 24HR     0.0         6 = FREEZING RAIN OR DRIZZLE
                        GRTST DEPTH:  M  ON   M    7 = DUSTSTORM OR SANDSTORM:
                                                       VSBY 1/2 MILE OR LESS
                                                   8 = SMOKE OR HAZE
[NO. OF DAYS WITH]      [WEATHER - DAYS WITH]      9 = BLOWING SNOW
                                                   X = TORNADO
MAX 32 OR BELOW:  13    0.01 INCH OR MORE:   5
MAX 90 OR ABOVE:   0    0.10 INCH OR MORE:   3
MIN 32 OR BELOW:  27    0.50 INCH OR MORE:   0
MIN  0 OR BELOW:   6    1.00 INCH OR MORE:   0

[HDD (BASE 65) ]
TOTAL THIS MO.  1141    CLEAR  (SCALE 0-3)  12
DPTR FM NORMAL   246    PTCLDY (SCALE 4-7)  13
TOTAL FM JUL 1  4478    CLOUDY (SCALE 8-10)  2
DPTR FM NORMAL   200

[CDD (BASE 65) ]
TOTAL THIS MO.     0
DPTR FM NORMAL     0    [PRESSURE DATA]
TOTAL FM JAN 1     0    HIGHEST SLP  0.00 ON M
DPTR FM NORMAL     0    LOWEST  SLP  0.00 ON M

[REMARKS]
