000
CXUS55 KEAX 240736
CF6STJ
PRELIMINARY LOCAL CLIMATOLOGICAL DATA (WS FORM: F-6)

                                          STATION:   ST. JOSEPH MO
                                          MONTH:     OCTOBER
                                          YEAR:      2017
                                          LATITUDE:   39 46 N
                                          LONGITUDE:  94 55 W

  TEMPERATURE IN F:       :PCPN:    SNOW:  WIND      :SUNSHINE: SKY     :PK WND
================================================================================
1   2   3   4   5  6A  6B    7    8   9   10  11  12  13   14  15   16   17  18
                                     12Z  AVG MX 2MIN
DY MAX MIN AVG DEP HDD CDD  WTR  SNW DPTH SPD SPD DIR MIN PSBL S-S WX    SPD DR
================================================================================

 1  79  59  69   9   0   4 0.02    M    M 11.8 22 150   M    M   4        28 170
 2  87  64  76  16   0  11 0.00    M    M 14.2 25 160   M    M   4        34 160
 3  84  63  74  14   0   9    T    M    M 12.2 22 170   M    M   7 1      30 170
 4  63  57  60   1   5   0 0.19    M    M  6.8 16  30   M    M  10 13     21  40
 5  72  60  66   7   0   1 0.32    M    M  4.7 10 180   M    M  10 1      13 180
 6  78  67  73  15   0   8 0.90    M    M  9.8 21 180   M    M   8 13     27 190
 7  75  49  62   4   3   0 0.30    M    M  9.7 24 250   M    M   5 1      33 270
 8  83  45  64   6   1   0 0.00    M    M  4.4 14 180   M    M   0 12     18 200
 9  74  47  61   4   4   0    T    M    M 11.7 25  10   M    M   1        33  10
10  50  45  48  -9  17   0 0.03    M    M 11.6 23  10   M    M  10 13     29 360
11  65  46  56  -1   9   0 0.00    M    M  4.5  9 120   M    M   5        11 340
12  69  45  57   1   8   0 0.00    M    M  7.9 18 140   M    M   4 1      24 120
13  81  57  69  13   0   4 0.00    M    M  8.0 18 340   M    M   3        21 330
14  73  53  63   7   2   0 0.43    M    M  9.6 26 320   M    M   7 13     36 340
15  63  39  51  -4  14   0 0.00    M    M  9.2 24 330   M    M   4 18     33 330
16  73  33  53  -2  12   0 0.00    M    M  5.5 16 180   M    M   1 12     22 210
17  75  41  58   4   7   0 0.00    M    M  9.6 20 180   M    M   0        28 210
18  76  47  62   8   3   0 0.00    M    M  7.6 20 200   M    M   0        26 200
19  81  40  61   7   4   0 0.00    M    M  5.4 15 180   M    M   2 12     20 180
20  77  48  63  10   2   0 0.00    M    M 12.8 28 170   M    M   0        36 170
21  75  52  64  11   1   0 1.88    M    M 14.0 25 190   M    M  10 13     35 190
22  69  41  55   3  10   0 0.05    M    M  3.9 13 330   M    M   2 38     17 310
23  68  38  53   1  12   0    T    M    M 13.6 32 330   M    M   2        44 320
================================================================================
SM 1690 1136       114  37  4.12    M    208.5          M       99
================================================================================
AV 73.5 49.4                               9.1 FASTST   M    M   4    MAX(MPH)
                                 MISC ---->  # 32 330               # 44  320
================================================================================
NOTES:
# LAST OF SEVERAL OCCURRENCES

COLUMN 17 PEAK WIND IN M.P.H.

PRELIMINARY LOCAL CLIMATOLOGICAL DATA (WS FORM: F-6) , PAGE 2

                                          STATION:  ST. JOSEPH MO
                                          MONTH:    OCTOBER
                                          YEAR:     2017
                                          LATITUDE:   39 46 N
                                          LONGITUDE:  94 55 W

[TEMPERATURE DATA]      [PRECIPITATION DATA]       SYMBOLS USED IN COLUMN 16

AVERAGE MONTHLY: 61.4   TOTAL FOR MONTH:   4.12    1 = FOG OR MIST
DPTR FM NORMAL:   5.2   DPTR FM NORMAL:    1.98    2 = FOG REDUCING VISIBILITY
HIGHEST:    87 ON  2    GRTST 24HR  1.88 ON 21-21      TO 1/4 MILE OR LESS
LOWEST:     33 ON 16                               3 = THUNDER
                        SNOW, ICE PELLETS, HAIL    4 = ICE PELLETS
                        TOTAL MONTH:    M          5 = HAIL
                        GRTST 24HR    M  ON   M    6 = FREEZING RAIN OR DRIZZLE
                        GRTST DEPTH:  M  ON   M    7 = DUSTSTORM OR SANDSTORM:
                                                       VSBY 1/2 MILE OR LESS
                                                   8 = SMOKE OR HAZE
[NO. OF DAYS WITH]      [WEATHER - DAYS WITH]      9 = BLOWING SNOW
                                                   X = TORNADO
MAX 32 OR BELOW:   0    0.01 INCH OR MORE:   9
MAX 90 OR ABOVE:   0    0.10 INCH OR MORE:   6
MIN 32 OR BELOW:   0    0.50 INCH OR MORE:   2
MIN  0 OR BELOW:   0    1.00 INCH OR MORE:   1

[HDD (BASE 65) ]
TOTAL THIS MO.   114    CLEAR  (SCALE 0-3)   9
DPTR FM NORMAL  -106    PTCLDY (SCALE 4-7)  10
TOTAL FM JUL 1   143    CLOUDY (SCALE 8-10)  4
DPTR FM NORMAL  -157

[CDD (BASE 65) ]
TOTAL THIS MO.    37
DPTR FM NORMAL    19    [PRESSURE DATA]
TOTAL FM JAN 1  1271    HIGHEST SLP  0.00 ON M
DPTR FM NORMAL    54    LOWEST  SLP  0.00 ON M

[REMARKS]
