000
CXUS53 KMPX 240700
CF6STP
PRELIMINARY LOCAL CLIMATOLOGICAL DATA (WS FORM: F-6)

                                          STATION:   ST PAUL MN
                                          MONTH:     JANUARY
                                          YEAR:      2017
                                          LATITUDE:   44 55 N
                                          LONGITUDE:  93  4 W

  TEMPERATURE IN F:       :PCPN:    SNOW:  WIND      :SUNSHINE: SKY     :PK WND
================================================================================
1   2   3   4   5  6A  6B    7    8   9   10  11  12  13   14  15   16   17  18
                                     12Z  AVG MX 2MIN
DY MAX MIN AVG DEP HDD CDD  WTR  SNW DPTH SPD SPD DIR MIN PSBL S-S WX    SPD DR
================================================================================

 1  32  20  26   9  39   0    M    M    M  5.9 12 120   M    M   3        16 220
 2  32  28  30  13  35   0    M    M    M  5.6 14 110   M    M  10 168    17 110
 3  32   3  18   1  47   0    M    M    M 17.2 26 290   M    M   6 1      35 280
 4   4  -5   0 -17  65   0    M    M    M 16.1 24 300   M    M   2 8      31 310
 5   3  -7  -2 -19  67   0    M    M    M 11.8 16 300   M    M   6 8      21 280
 6   5  -8  -1 -18  66   0    M    M    M  5.1 14 300   M    M   2 18     16 300
 7  10  -2   4 -13  61   0    M    M    M  9.1 17 290   M    M   0 18     21 320
 8  17  -5   6 -11  59   0    M    M    M  8.5 22 150   M    M   4 1      29 150
 9  27  13  20   3  45   0    M    M    M  7.5 20 130   M    M   9 128    27 130
10  28   5  17   0  48   0    M    M    M 13.7 30 290   M    M   5 168    39 280
11   9   4   7 -10  58   0    M    M    M  8.1 15 320   M    M   6 18     18 360
12  14  -5   5 -12  60   0    M    M    M 11.5 30 290   M    M   4 8      35 290
13   9  -8   1 -16  64   0    M    M    M  6.1 13 150   M    M   5        15 160
14  24   1  13  -4  52   0    M    M    M  3.9  9 150   M    M   1 18     12 140
15  28   1  15  -2  50   0    M    M    M  5.8 13 160   M    M   1 18     14 160
16  32  11  22   5  43   0 0.00    M    M  2.8 10 310   M    M   6 168    12 340
17  36  29  33  16  32   0    M    M    M  7.2 15 320   M    M  10 18     18 280
18  41  25  33  16  32   0    M    M    M  7.9 15 180   M    M   1 1      18 180
19  37  28  33  16  32   0    M    M    M  6.6 15 160   M    M   5 1      20 160
20  37  35  36  19  29   0    M    M    M  6.3 12 150   M    M  10 1      14 180
21  38  34  36  19  29   0    M    M    M  3.2  9  80   M    M  10 12     12  70
22  40  34  37  20  28   0    M    M    M  6.7 12 300   M    M  10 12     19 150
23  36  33  35  18  30   0    M    M    M  4.1 14 250   M    M  10 1      27 220
================================================================================
SM  571  264      1071   0  0.00    M    180.7          M      126
================================================================================
AV 24.8 11.5                               7.9 FASTST   M    M   5    MAX(MPH)
                                 MISC ---->  # 30 290               # 39  280
================================================================================
NOTES:
# LAST OF SEVERAL OCCURRENCES

COLUMN 17 PEAK WIND IN M.P.H.

PRELIMINARY LOCAL CLIMATOLOGICAL DATA (WS FORM: F-6) , PAGE 2

                                          STATION:  ST PAUL MN
                                          MONTH:    JANUARY
                                          YEAR:     2017
                                          LATITUDE:   44 55 N
                                          LONGITUDE:  93  4 W

[TEMPERATURE DATA]      [PRECIPITATION DATA]       SYMBOLS USED IN COLUMN 16

AVERAGE MONTHLY: 18.2   TOTAL FOR MONTH:   0.00    1 = FOG OR MIST
DPTR FM NORMAL:   1.2   DPTR FM NORMAL:   -0.43    2 = FOG REDUCING VISIBILITY
HIGHEST:    41 ON 18    GRTST 24HR  0.22 ON 16-17      TO 1/4 MILE OR LESS
LOWEST:     -8 ON 13, 6                            3 = THUNDER
                        SNOW, ICE PELLETS, HAIL    4 = ICE PELLETS
                        TOTAL MONTH:    M          5 = HAIL
                        GRTST 24HR    M  ON   M    6 = FREEZING RAIN OR DRIZZLE
                        GRTST DEPTH:  M  ON   M    7 = DUSTSTORM OR SANDSTORM:
                                                       VSBY 1/2 MILE OR LESS
                                                   8 = SMOKE OR HAZE
[NO. OF DAYS WITH]      [WEATHER - DAYS WITH]      9 = BLOWING SNOW
                                                   X = TORNADO
MAX 32 OR BELOW:  16    0.01 INCH OR MORE:   0
MAX 90 OR ABOVE:   0    0.10 INCH OR MORE:   0
MIN 32 OR BELOW:  19    0.50 INCH OR MORE:   0
MIN  0 OR BELOW:   7    1.00 INCH OR MORE:   0

[HDD (BASE 65) ]
TOTAL THIS MO.  1071    CLEAR  (SCALE 0-3)   7
DPTR FM NORMAL   -33    PTCLDY (SCALE 4-7)   9
TOTAL FM JUL 1  3557    CLOUDY (SCALE 8-10)  7
DPTR FM NORMAL  -463

[CDD (BASE 65) ]
TOTAL THIS MO.     0
DPTR FM NORMAL     0    [PRESSURE DATA]
TOTAL FM JAN 1     0    HIGHEST SLP M ON M
DPTR FM NORMAL     0    LOWEST  SLP 29.40 ON 21

[REMARKS]
