000
CXUS53 KMPX 010700
CF6STP
PRELIMINARY LOCAL CLIMATOLOGICAL DATA (WS FORM: F-6)

                                          STATION:   ST PAUL MN
                                          MONTH:     APRIL
                                          YEAR:      2016
                                          LATITUDE:   44 55 N
                                          LONGITUDE:  93  4 W

  TEMPERATURE IN F:       :PCPN:    SNOW:  WIND      :SUNSHINE: SKY     :PK WND
================================================================================
1   2   3   4   5  6A  6B    7    8   9   10  11  12  13   14  15   16   17  18
                                     12Z  AVG MX 2MIN
DY MAX MIN AVG DEP HDD CDD  WTR  SNW DPTH SPD SPD DIR MIN PSBL S-S WX    SPD DR
================================================================================

 1  41  32  37  -5  28   0 0.05  0.0    0 14.2 28 320   M    M   3 1      37 290
 2  36  27  32 -10  33   0    M    M    M 18.1 41 330   M    M   6 1      51 330
 3  65  30  48   5  17   0    T  0.0    0 12.5 24 330   M    M   3        30 340
 4  41  28  35  -8  30   0    M    M    M  7.6 15  20   M    M   6        19  10
 5  37  28  33 -11  32   0    M    M    M 13.4 24 160   M    M   7 1      32 130
 6  43  32  38  -6  27   0    T  0.0    0 10.4 21 320   M    M   7        25 320
 7  43  33  38  -7  27   0    M    M    M  8.7 26 320   M    M  10 18     32 320
 8  37  22  30 -15  35   0    M    M    M 16.4 30 320   M    M   6 18     37 340
 9  42  19  31 -15  34   0 0.00    M    M 11.3 25 170   M    M   0        32 130
10  60  36  48   2  17   0 0.00    M    M 15.1 29 320   M    M   2        36 270
11  44  29  37 -10  28   0 0.00    M    M 15.7 29 320   M    M   3        37 310
12  48  24  36 -11  29   0    T    M    M  7.1 17 130   M    M   4        24 120
13  70  41  56   8   9   0 0.00    M    M 10.3 21 100   M    M   2        25 100
14  76  47  62  14   3   0 0.00    M    M 15.3 24 180   M    M   1 8      36 190
15  77  49  63  14   2   0 0.00    M    M 14.1 26 150   M    M   1        33 170
16  80  57  69  20   0   4 0.00    M    M 12.2 25 170   M    M   4        32 160
17  80  56  68  18   0   3 0.00    M    M  7.3 20 170   M    M   5        25 170
18  79  51  65  15   0   0 0.14    M    M  7.1 23  60   M    M   5 8      29  40
19  58  50  54   3  11   0 0.11    M    M  8.3 18  80   M    M  10        24  80
20  66  51  59   8   6   0 0.25    M    M  6.8 14 100   M    M   8 18     17 100
21  66  50  58   6   7   0 0.46    M    M  5.6 20 360   M    M   8 1      25 350
22  59  43  51  -1  14   0 0.00    M    M  7.3 18  10   M    M   5        26 360
23  69  41  55   3  10   0 0.00    M    M  9.7 20 150   M    M   2        25 140
24  62  51  57   4   8   0 0.52    M    M 11.2 22  80   M    M   9 13     25  80
25  54  44  49  -4  16   0 0.40    M    M  8.6 16 130   M    M   9 13     21 100
26  49  42  46  -8  19   0 0.00    M    M  9.7 17  90   M    M  10        26 200
27  53  41  47  -7  18   0 0.30    M    M 11.5 26  80   M    M   5 1      37  80
28  43  37  40 -14  25   0 0.58    M    M  8.6 22  80   M    M  10 1      30  60
29  60  33  47  -8  18   0 0.00    M    M  4.9 14  40   M    M   2 12     19  20
30  57  42  50  -5  15   0 0.00    M    M 11.5 23  70   M    M   4        31  60
================================================================================
SM 1695 1166       518   7  2.81     0.0 320.5          M      157
================================================================================
AV 56.5 38.9                              10.7 FASTST   M    M   5    MAX(MPH)
                                 MISC ---->  # 41 330               # 51  330
================================================================================
NOTES:
# LAST OF SEVERAL OCCURRENCES

COLUMN 17 PEAK WIND IN M.P.H.

PRELIMINARY LOCAL CLIMATOLOGICAL DATA (WS FORM: F-6) , PAGE 2

                                          STATION:  ST PAUL MN
                                          MONTH:    APRIL
                                          YEAR:     2016
                                          LATITUDE:   44 55 N
                                          LONGITUDE:  93  4 W

[TEMPERATURE DATA]      [PRECIPITATION DATA]       SYMBOLS USED IN COLUMN 16

AVERAGE MONTHLY: 47.7   TOTAL FOR MONTH:   2.81    1 = FOG OR MIST
DPTR FM NORMAL:  -1.1   DPTR FM NORMAL:    1.04    2 = FOG REDUCING VISIBILITY
HIGHEST:    80 ON 17,16 GRTST 24HR  0.69 ON 20-21      TO 1/4 MILE OR LESS
LOWEST:     19 ON  9                               3 = THUNDER
                        SNOW, ICE PELLETS, HAIL    4 = ICE PELLETS
                        TOTAL MONTH:   0.0 INCH    5 = HAIL
                        GRTST 24HR     0.0         6 = FREEZING RAIN OR DRIZZLE
                        GRTST DEPTH:   0           7 = DUSTSTORM OR SANDSTORM:
                                                       VSBY 1/2 MILE OR LESS
                                                   8 = SMOKE OR HAZE
[NO. OF DAYS WITH]      [WEATHER - DAYS WITH]      9 = BLOWING SNOW
                                                   X = TORNADO
MAX 32 OR BELOW:   0    0.01 INCH OR MORE:   9
MAX 90 OR ABOVE:   0    0.10 INCH OR MORE:   8
MIN 32 OR BELOW:  10    0.50 INCH OR MORE:   2
MIN  0 OR BELOW:   0    1.00 INCH OR MORE:   0

[HDD (BASE 65) ]
TOTAL THIS MO.   518    CLEAR  (SCALE 0-3)   9
DPTR FM NORMAL    29    PTCLDY (SCALE 4-7)  13
TOTAL FM JUL 1  6128    CLOUDY (SCALE 8-10)  8
DPTR FM NORMAL  -940

[CDD (BASE 65) ]
TOTAL THIS MO.     7
DPTR FM NORMAL     4    [PRESSURE DATA]
TOTAL FM JAN 1     7    HIGHEST SLP M ON M
DPTR FM NORMAL     4    LOWEST  SLP 29.45 ON 25

[REMARKS]
#FINAL-04-16#
