000
CXUS55 KFSD 012214
CF6SUX
PRELIMINARY LOCAL CLIMATOLOGICAL DATA (WS FORM: F-6)

                                          STATION:   SIOUX CITY IA
                                          MONTH:     JANUARY
                                          YEAR:      2015
                                          LATITUDE:   42 24 N
                                          LONGITUDE:  96 23 W

  TEMPERATURE IN F:       :PCPN:    SNOW:  WIND      :SUNSHINE: SKY     :PK WND
================================================================================
1   2   3   4   5  6A  6B    7    8   9   10  11  12  13   14  15   16   17  18
                                     12Z  AVG MX 2MIN
DY MAX MIN AVG DEP HDD CDD  WTR  SNW DPTH SPD SPD DIR MIN PSBL S-S WX    SPD DR
================================================================================

 1  34   3  19  -1  46   0 0.00  0.0    2  3.8 13 230   M    M   1        15 270
 2  31   6  19  -1  46   0 0.00  0.0    2  5.2 12 170   M    M   1 1      15 140
 3  30   8  19  -1  46   0 0.10  1.8    1 14.6 33 340   M    M   4 1      40 340
 4   8  -5   2 -18  63   0    T    T    3 15.9 36 330   M    M   5 8      43 330
 5  16  -4   6 -14  59   0 0.13  2.2    3 10.3 22 140   M    M   9 12     28 140
 6  14  -3   6 -14  59   0    T  0.2    5 15.0 35 330   M    M   4 9      40 330
 7   5 -10  -2 -22  67   0    T    T    6 15.2 31 330   M    M   1 89     37 330
 8  30   1  16  -4  49   0 0.01  0.2    5 23.5 44 330   M    M   7 129    59 330
 9  12  -6   3 -17  62   0    T    T    4 13.8 32 320   M    M   1 8      41 320
10  34  -7  14  -6  51   0 0.00  0.0    4 11.0 23 230   M    M   0        31 220
11  22   5  14  -6  51   0 0.00  0.0    4  7.6 15 350   M    M   1        18  10
12  18 -10   4 -16  61   0 0.00  0.0    3  8.9 18 360   M    M   1        22 360
13  24 -13   6 -14  59   0 0.00  0.0    3  7.5 14 200   M    M   5 18     17 200
14  34  15  25   5  40   0 0.00  0.0    3  4.8 15 230   M    M   3        19 220
15  40  15  28   8  37   0 0.00  0.0    2  7.1 24 320   M    M   0        29 320
16  47  23  35  15  30   0 0.00  0.0    1  6.2 13 240   M    M   0        17 250
17  47  34  41  21  24   0    T  0.0    T 14.2 37 320   M    M   1        45 320
18  50  25  38  18  27   0 0.00  0.0    0  4.3 14 290   M    M   1        17 300
19  54  26  40  20  25   0    T  0.0    0  6.2 18 300   M    M   3 6      22 300
20  46  27  37  17  28   0    T  0.1    0 11.6 25 290   M    M   4 1      32 290
21  35  31  33  13  32   0 0.01    T    T  6.6 21 320   M    M  10 1      25 320
22  40  28  34  14  31   0 0.00  0.0    T  8.6 16 200   M    M   6        20 200
23  48  22  35  14  30   0 0.00  0.0    0  8.2 18 320   M    M   1        23 320
24  50  26  38  17  27   0 0.03  0.0    0  7.6 23 320   M    M   4 1      29 310
25  41  30  36  15  29   0 0.06    T    0 11.7 26 350   M    M   9 1      33 360
26  55  29  42  21  23   0 0.00  0.0    0 10.5 24 310   M    M   1        29 310
27  49  25  37  16  28   0 0.00  0.0    0  7.9 16 130   M    M   1 12     20 150
28  52  31  42  21  23   0    T    T    0 13.1 41 330   M    M   1        53 320
29  37  23  30   9  35   0    T  0.0    0 19.7 35 330   M    M  10        45 330
30  41  16  29   8  36   0 0.00  0.0    0  8.0 17 180   M    M   0        23 180
31  38  26  32  10  33   0 0.30  3.8    0  8.3 20  50   M    M   7 1      28  60
================================================================================
SM 1082  417      1257   0  0.64     8.3 316.9          M      102
================================================================================
AV 34.9 13.5                              10.2 FASTST   M    M   3    MAX(MPH)
                                 MISC ---->  # 44 330               # 59  330
================================================================================
NOTES:
# LAST OF SEVERAL OCCURRENCES

COLUMN 17 PEAK WIND IN M.P.H.

PRELIMINARY LOCAL CLIMATOLOGICAL DATA (WS FORM: F-6) , PAGE 2

                                          STATION:  SIOUX CITY IA
                                          MONTH:    JANUARY
                                          YEAR:     2015
                                          LATITUDE:   42 24 N
                                          LONGITUDE:  96 23 W

[TEMPERATURE DATA]      [PRECIPITATION DATA]       SYMBOLS USED IN COLUMN 16

AVERAGE MONTHLY: 24.2   TOTAL FOR MONTH:   0.64    1 = FOG OR MIST
DPTR FM NORMAL:   3.8   DPTR FM NORMAL:    0.02    2 = FOG REDUCING VISIBILITY
HIGHEST:    55 ON 26    GRTST 24HR  0.30 ON 31-31      TO 1/4 MILE OR LESS
LOWEST:    -13 ON 13                               3 = THUNDER
                        SNOW, ICE PELLETS, HAIL    4 = ICE PELLETS
                        TOTAL MONTH:   8.3 INCHES  5 = HAIL
                        GRTST 24HR   3.8 ON   M    6 = FREEZING RAIN OR DRIZZLE
                        GRTST DEPTH:   6 ON  7     7 = DUSTSTORM OR SANDSTORM:
                                                       VSBY 1/2 MILE OR LESS
                                                   8 = SMOKE OR HAZE
[NO. OF DAYS WITH]      [WEATHER - DAYS WITH]      9 = BLOWING SNOW
                                                   X = TORNADO
MAX 32 OR BELOW:  11    0.01 INCH OR MORE:   7
MAX 90 OR ABOVE:   0    0.10 INCH OR MORE:   3
MIN 32 OR BELOW:  30    0.50 INCH OR MORE:   0
MIN  0 OR BELOW:   8    1.00 INCH OR MORE:   0

[HDD (BASE 65) ]
TOTAL THIS MO.  1257    CLEAR  (SCALE 0-3)  18
DPTR FM NORMAL  -127    PTCLDY (SCALE 4-7)   9
TOTAL FM JUL 1  3882    CLOUDY (SCALE 8-10)  4
DPTR FM NORMAL  -294

[CDD (BASE 65) ]
TOTAL THIS MO.     0
DPTR FM NORMAL     0    [PRESSURE DATA]
TOTAL FM JAN 1     0    HIGHEST SLP 31.17 ON  7
DPTR FM NORMAL     0    LOWEST  SLP 29.57 ON 24

[REMARKS]
#FINAL-01-15#
