000
CXUS51 KCLE 290800
CF6TOL
PRELIMINARY LOCAL CLIMATOLOGICAL DATA (WS FORM: F-6)

                                          STATION:   TOLEDO OH
                                          MONTH:     JULY
                                          YEAR:      2015
                                          LATITUDE:   41 35 N
                                          LONGITUDE:  83 48 W

  TEMPERATURE IN F:       :PCPN:    SNOW:  WIND      :SUNSHINE: SKY     :PK WND
================================================================================
1   2   3   4   5  6A  6B    7    8   9   10  11  12  13   14  15   16   17  18
                                     12Z  AVG MX 2MIN
DY MAX MIN AVG DEP HDD CDD  WTR  SNW DPTH SPD SPD DIR MIN PSBL S-S WX    SPD DR
================================================================================

 1  75  60  68  -5   0   3 0.00  0.0    0  7.7 14 300   M    M   5 1      17 290
 2  74  56  65  -8   0   0 0.00  0.0    0  7.1 15  50   M    M   5 1      21  50
 3  75  52  64  -9   1   0 0.00  0.0    0  4.6 14  50   M    M   1 1      17  40
 4  80  52  66  -8   0   1 0.00  0.0    0  1.5  9 280   M    M   0 1      11 320
 5  82  54  68  -6   0   3 0.00  0.0    0  2.6 12  50   M    M   0 1      16  40
 6  84  55  70  -4   0   5 0.00  0.0    0  3.7 14 210   M    M   0 18     16 220
 7  78  62  70  -4   0   5 0.99  0.0    0  8.9 21 280   M    M   7 18     28 280
 8  69  59  64 -10   1   0 0.01  0.0    0  5.4 13  40   M    M   6 1      17  50
 9  69  62  66  -8   0   1 1.87  0.0    0  6.7 14 350   M    M  10 1      17 340
10  76  58  67  -7   0   2 0.00  0.0    0  2.0  7 110   M    M   4 1      10  60
11  79  56  68  -6   0   3 0.00  0.0    0  1.4  9 180   M    M   0 18     15 160
12  75  65  70  -4   0   5 0.25  0.0    0  5.2 15  70   M    M   8 1      19  60
13  79  60  70  -4   0   5 0.08  0.0    0  5.0 22 280   M    M   5 18     29 280
14  81  65  73  -1   0   8 0.21  0.0    0 12.0 29 320   M    M   5 18     38 320
15  76  55  66  -8   0   1 0.00  0.0    0  7.0 18 360   M    M   0        23 360
16  78  51  65  -9   0   0 0.00  0.0    0  2.8 12  90   M    M   1        15 110
17  88  66  77   3   0  12 0.35  0.0    0  7.5 18 230   M    M   5 1      24 220
18  88  69  79   5   0  14 0.54  0.0    0  6.8 33 270   M    M   1 13     41 270
19  87  68  78   4   0  13 0.00  0.0    0  9.5 18 260   M    M   2        21 250
20  84  57  71  -3   0   6 0.00  0.0    0  4.7 16 250   M    M   0        23 240
21  80  63  72  -2   0   7 0.00  0.0    0  8.3 16 300   M    M   2        22 310
22  80  58  69  -4   0   4 0.00  0.0    0  5.5 15 270   M    M   1        20 270
23  83  57  70  -3   0   5 0.00  0.0    0  3.3  9 290   M    M   2        14 270
24  86  61  74   1   0   9 0.00  0.0    0  4.1 12 240   M    M   1        15 280
25  86  62  74   1   0   9 0.48  0.0    0  7.6 24 330   M    M   2 13     31 340
26  85  67  76   3   0  11 0.00  0.0    0  4.4 14 100   M    M   2 128    19  70
27  86  63  75   2   0  10 0.00  0.0    0  4.6 15  70   M    M   0 8      18  60
28  90  62  76   3   0  11 0.00  0.0    0  3.3  9  50   M    M   0         M  M
================================================================================
SM 2253 1675         2 153  4.78     0.0 153.2          M       75
================================================================================
AV 80.5 59.8                               5.5 FASTST   M    M   3    MAX(MPH)
                                 MISC ---->  # 33 270               # 41  270
================================================================================
NOTES:
# LAST OF SEVERAL OCCURRENCES

COLUMN 17 PEAK WIND IN M.P.H.

PRELIMINARY LOCAL CLIMATOLOGICAL DATA (WS FORM: F-6) , PAGE 2

                                          STATION:  TOLEDO OH
                                          MONTH:    JULY
                                          YEAR:     2015
                                          LATITUDE:   41 35 N
                                          LONGITUDE:  83 48 W

[TEMPERATURE DATA]      [PRECIPITATION DATA]       SYMBOLS USED IN COLUMN 16

AVERAGE MONTHLY: 70.1   TOTAL FOR MONTH:   4.78    1 = FOG OR MIST
DPTR FM NORMAL:  -3.5   DPTR FM NORMAL:    1.88    2 = FOG REDUCING VISIBILITY
HIGHEST:    90 ON 28    GRTST 24HR  1.88 ON  8- 9      TO 1/4 MILE OR LESS
LOWEST:     51 ON 16                               3 = THUNDER
                        SNOW, ICE PELLETS, HAIL    4 = ICE PELLETS
                        TOTAL MONTH:   0.0 INCH    5 = HAIL
                        GRTST 24HR     0.0         6 = FREEZING RAIN OR DRIZZLE
                        GRTST DEPTH:   0           7 = DUSTSTORM OR SANDSTORM:
                                                       VSBY 1/2 MILE OR LESS
                                                   8 = SMOKE OR HAZE
[NO. OF DAYS WITH]      [WEATHER - DAYS WITH]      9 = BLOWING SNOW
                                                   X = TORNADO
MAX 32 OR BELOW:   0    0.01 INCH OR MORE:   9
MAX 90 OR ABOVE:   1    0.10 INCH OR MORE:   7
MIN 32 OR BELOW:   0    0.50 INCH OR MORE:   3
MIN  0 OR BELOW:   0    1.00 INCH OR MORE:   1

[HDD (BASE 65) ]
TOTAL THIS MO.     2    CLEAR  (SCALE 0-3)  18
DPTR FM NORMAL     2    PTCLDY (SCALE 4-7)   9
TOTAL FM JUL 1     2    CLOUDY (SCALE 8-10)  1
DPTR FM NORMAL     2

[CDD (BASE 65) ]
TOTAL THIS MO.   153
DPTR FM NORMAL   -90    [PRESSURE DATA]
TOTAL FM JAN 1   379    HIGHEST SLP M ON M
DPTR FM NORMAL   -87    LOWEST  SLP 29.49 ON 14

[REMARKS]
