000
CXUS51 KCLE 170800
CF6TOL
PRELIMINARY LOCAL CLIMATOLOGICAL DATA (WS FORM: F-6)
STATION: TOLEDO OH
MONTH: APRIL
YEAR: 2024
LATITUDE: 41 35 N
LONGITUDE: 83 48 W
TEMPERATURE IN F: :PCPN: SNOW: WIND :SUNSHINE: SKY :PK WND
================================================================================
1 2 3 4 5 6A 6B 7 8 9 10 11 12 13 14 15 16 17 18
12Z AVG MX 2MIN
DY MAX MIN AVG DEP HDD CDD WTR SNW DPTH SPD SPD DIR MIN PSBL S-S WX SPD DR
================================================================================
1 48 40 44 -1 21 0 1.26 0.0 0 11.3 20 40 M M 10 13 28 60
2 51 41 46 0 19 0 0.51 0.0 0 11.9 25 240 M M 10 12 35 240
3 48 35 42 -4 23 0 0.07 0.0 0 10.6 23 230 M M 10 1 32 250
4 51 34 43 -3 22 0 0.04 0.0 0 7.8 23 270 M M 9 1 30 270
5 49 35 42 -5 23 0 0.00 0.0 0 10.4 22 340 M M 8 29 330
6 59 34 47 0 18 0 0.00 0.0 0 5.9 17 330 M M 4 24 320
7 61 32 47 -1 18 0 0.03 0.0 0 7.6 21 80 M M 3 27 70
8 75 46 61 13 4 0 0.03 0.0 0 5.3 18 250 M M 3 26 250
9 76 45 61 13 4 0 0.00 0.0 0 9.9 23 240 M M 2 35 240
10 67 48 58 9 7 0 0.16 0.0 0 6.7 15 50 M M 3 1 20 90
11 62 48 55 6 10 0 2.67 0.0 0 9.7 20 320 M M 10 1 29 310
12 54 46 50 0 15 0 0.08 0.0 0 18.4 32 280 M M 8 46 270
13 64 41 53 3 12 0 0.00 0.0 0 12.8 24 260 M M 0 35 270
14 81 50 66 16 0 1 0.00 0.0 0 13.8 30 240 M M 2 41 230
15 74 50 62 11 3 0 0.00 0.0 0 7.4 16 80 M M 1 21 60
16 69 46 58 7 7 0 0.00 0.0 0 11.4 24 80 M M 1 33 90
================================================================================
SM 989 671 206 1 4.85 0.0 160.9 M 84
================================================================================
AV 61.8 41.9 10.1 FASTST M M 5 MAX(MPH)
MISC ----> 32 280 46 270
================================================================================
NOTES:
# LAST OF SEVERAL OCCURRENCES
COLUMN 17 PEAK WIND IN M.P.H.
PRELIMINARY LOCAL CLIMATOLOGICAL DATA (WS FORM: F-6) , PAGE 2
STATION: TOLEDO OH
MONTH: APRIL
YEAR: 2024
LATITUDE: 41 35 N
LONGITUDE: 83 48 W
[TEMPERATURE DATA] [PRECIPITATION DATA] SYMBOLS USED IN COLUMN 16
AVERAGE MONTHLY: 51.9 TOTAL FOR MONTH: 4.85 1 = FOG OR MIST
DPTR FM NORMAL: 3.7 DPTR FM NORMAL: 3.08 2 = FOG REDUCING VISIBILITY
HIGHEST: 81 ON 14 GRTST 24HR 2.75 ON 10-11 TO 1/4 MILE OR LESS
LOWEST: 32 ON 7 3 = THUNDER
SNOW, ICE PELLETS, HAIL 4 = ICE PELLETS
TOTAL MONTH: 0.0 INCH 5 = HAIL
GRTST 24HR 0.0 6 = FREEZING RAIN OR DRIZZLE
GRTST DEPTH: 0 7 = DUSTSTORM OR SANDSTORM:
VSBY 1/2 MILE OR LESS
8 = SMOKE OR HAZE
[NO. OF DAYS WITH] [WEATHER - DAYS WITH] 9 = BLOWING SNOW
X = TORNADO
MAX 32 OR BELOW: 0 0.01 INCH OR MORE: 9
MAX 90 OR ABOVE: 0 0.10 INCH OR MORE: 4
MIN 32 OR BELOW: 1 0.50 INCH OR MORE: 3
MIN 0 OR BELOW: 0 1.00 INCH OR MORE: 2
[HDD (BASE 65) ]
TOTAL THIS MO. 206 CLEAR (SCALE 0-3) 7
DPTR FM NORMAL -66 PTCLDY (SCALE 4-7) 4
TOTAL FM JUL 1 4431 CLOUDY (SCALE 8-10) 5
DPTR FM NORMAL -869
[CDD (BASE 65) ]
TOTAL THIS MO. 1
DPTR FM NORMAL 1 [PRESSURE DATA]
TOTAL FM JAN 1 1 HIGHEST SLP M ON M
DPTR FM NORMAL 0 LOWEST SLP 29.26 ON 2
[REMARKS]