000
CXUS51 KCLE 010604
CF6TOL
PRELIMINARY LOCAL CLIMATOLOGICAL DATA (WS FORM: F-6)

                                          STATION:   TOLEDO OH
                                          MONTH:     FEBRUARY
                                          YEAR:      2015
                                          LATITUDE:   41 35 N
                                          LONGITUDE:  83 48 W

  TEMPERATURE IN F:       :PCPN:    SNOW:  WIND      :SUNSHINE: SKY     :PK WND
================================================================================
1   2   3   4   5  6A  6B    7    8   9   10  11  12  13   14  15   16   17  18
                                     12Z  AVG MX 2MIN
DY MAX MIN AVG DEP HDD CDD  WTR  SNW DPTH SPD SPD DIR MIN PSBL S-S WX    SPD DR
================================================================================

 1  31  18  25  -1  40   0 0.67 10.0    1 14.5 31  70   M    M  10 12     40  60
 2  18   0   9 -17  56   0 0.10  2.0   12 11.3 22 330   M    M   4 128    29 340
 3  27   3  15 -11  50   0 0.13  1.5   12  8.3 16 230   M    M   6 1      22 220
 4  33  13  23  -3  42   0 0.20  3.1   15  9.3 20 330   M    M  10 128    25 320
 5  15 -10   3 -23  62   0 0.00  0.0   15  6.8 15 230   M    M   0 8      21 210
 6  27   9  18  -8  47   0 0.00  0.0   15 11.4 24 250   M    M   5        30 240
 7  40  21  31   4  34   0 0.00  0.0   13  6.1 15 220   M    M   0        21 220
 8  46  27  37  10  28   0 0.04    T   11  8.1 17  50   M    M   5 16     22  10
 9  27  18  23  -4  42   0    T    T    9  9.9 17  30   M    M  10        22  30
10  25  13  19  -8  46   0    T    T    8  6.9 15  90   M    M   6 18     18  70
11  33  18  26  -1  39   0    T    T    8  8.3 18 280   M    M  10 18     24 280
12  28   1  15 -13  50   0 0.01  0.2    8 11.5 22 340   M    M   5 19     31 320
13  24  -7   9 -19  56   0    T    T    7  7.4 23 240   M    M   5        29 240
14  26   3  15 -13  50   0 0.12  3.6    7 16.0 32 340   M    M   9 1289   40 340
15   3  -8  -2 -30  67   0 0.00  0.0    8  7.0 21 330   M    M   0        25 330
16   7  -9  -1 -29  66   0 0.00  0.0    8  4.3 13  80   M    M   1        15  80
17  20  -8   6 -23  59   0 0.10  2.0    7  6.3 18 240   M    M   7 18     22 250
18  15   3   9 -20  56   0    T    T    9 13.6 28 260   M    M   4 18     35 270
19   6  -4   1 -28  64   0    T    T    9  7.5 17 280   M    M   6 18     24 310
20  14 -19  -2 -31  67   0 0.00  0.0    9  6.5 15 170   M    M   3 18     23 180
21  24   3  14 -16  51   0 0.15  2.1    8  1.7 12 200   M    M   7 18     16 210
22  30   2  16 -14  49   0    T    T    9  7.8 17 330   M    M   7 18     22 310
23   8  -5   2 -28  63   0 0.00  0.0    9  5.8 13 240   M    M   0 8      16 330
24  23   0  12 -18  53   0    T    T    9 13.9 26 230   M    M   5        37 200
25  23   8  16 -15  49   0    T    T    9  7.1 16 340   M    M   2        21 220
26  15   2   9 -22  56   0 0.03  0.5    9  9.1 18  70   M    M   9 8      23  50
27  16  -9   4 -28  61   0    T    T    9  3.7 12 240   M    M   0        14 240
28  19  -9   5 -27  60   0 0.02  0.3    9  2.7 10 170   M    M   1 1      15 180
================================================================================
SM  623   74      1463   0  1.57    25.3 232.8          M      137
================================================================================
AV 22.2  2.6                               8.3 FASTST   M    M   5    MAX(MPH)
                                 MISC ---->  # 32 340               # 40   60
================================================================================
NOTES:
# LAST OF SEVERAL OCCURRENCES

COLUMN 17 PEAK WIND IN M.P.H.

PRELIMINARY LOCAL CLIMATOLOGICAL DATA (WS FORM: F-6) , PAGE 2

                                          STATION:  TOLEDO OH
                                          MONTH:    FEBRUARY
                                          YEAR:     2015
                                          LATITUDE:   41 35 N
                                          LONGITUDE:  83 48 W

[TEMPERATURE DATA]      [PRECIPITATION DATA]       SYMBOLS USED IN COLUMN 16

AVERAGE MONTHLY: 12.4   TOTAL FOR MONTH:   1.57    1 = FOG OR MIST
DPTR FM NORMAL: -15.9   DPTR FM NORMAL:   -0.50    2 = FOG REDUCING VISIBILITY
HIGHEST:    46 ON  8    GRTST 24HR  0.67 ON  1- 1      TO 1/4 MILE OR LESS
LOWEST:    -19 ON 20                               3 = THUNDER
                        SNOW, ICE PELLETS, HAIL    4 = ICE PELLETS
                        TOTAL MONTH:  25.3 INCHES  5 = HAIL
                        GRTST 24HR  10.0 ON  1- 1  6 = FREEZING RAIN OR DRIZZLE
                        GRTST DEPTH:  15 ON  6, 5  7 = DUSTSTORM OR SANDSTORM:
                                                       VSBY 1/2 MILE OR LESS
                                                   8 = SMOKE OR HAZE
[NO. OF DAYS WITH]      [WEATHER - DAYS WITH]      9 = BLOWING SNOW
                                                   X = TORNADO
MAX 32 OR BELOW:  24    0.01 INCH OR MORE:  11
MAX 90 OR ABOVE:   0    0.10 INCH OR MORE:   7
MIN 32 OR BELOW:  28    0.50 INCH OR MORE:   1
MIN  0 OR BELOW:  12    1.00 INCH OR MORE:   0

[HDD (BASE 65) ]
TOTAL THIS MO.  1463    CLEAR  (SCALE 0-3)   8
DPTR FM NORMAL   436    PTCLDY (SCALE 4-7)  14
TOTAL FM JUL 1  5256    CLOUDY (SCALE 8-10)  6
DPTR FM NORMAL   680

[CDD (BASE 65) ]
TOTAL THIS MO.     0
DPTR FM NORMAL     0    [PRESSURE DATA]
TOTAL FM JAN 1     0    HIGHEST SLP M ON M
DPTR FM NORMAL     0    LOWEST  SLP 29.47 ON  2

[REMARKS]
#FINAL-02-15#
