000
CXUS53 KOAX 011000
CF6TQE
PRELIMINARY LOCAL CLIMATOLOGICAL DATA (WS FORM: F-6)

                                          STATION:   TEKAMAH, NEBRASKA
                                          MONTH:     SEPTEMBER
                                          YEAR:      2014
                                          LATITUDE:   41 46 N
                                          LONGITUDE:  96 11 W

  TEMPERATURE IN F:       :PCPN:    SNOW:  WIND      :SUNSHINE: SKY     :PK WND
================================================================================
1   2   3   4   5  6A  6B    7    8   9   10  11  12  13   14  15   16   17  18
                                     12Z  AVG MX 2MIN
DY MAX MIN AVG DEP HDD CDD  WTR  SNW DPTH SPD SPD DIR MIN PSBL S-S WX    SPD DR
================================================================================

 1  80  61  71   1   0   6 0.02    M    M  5.6 32 290   M    M   2 13     44 300
 2  79  55  67  -2   0   2 0.00    M    M  4.4 12 200   M    M   0 1      15 240
 3  87  60  74   5   0   9    T    M    M 12.3 31 150   M    M   4 3      42 140
 4  88  65  77   8   0  12    T    M    M 12.1 23 340   M    M   4 3      30 340
 5  66  51  59  -9   6   0 0.21    M    M  8.5 20  10   M    M   7 13     25 360
 6  75  46  61  -7   4   0 0.00    M    M  2.1  8  90   M    M   0 1      11  90
 7  77  47  62  -6   3   0 0.00    M    M  7.0 17 180   M    M   2 1      23 170
 8  85  53  69   1   0   4 0.06    M    M  9.7 23 150   M    M   1 3      28 140
 9  78  60  69   2   0   4 2.61    M    M  6.6 16  50   M    M   4 123    20 250
10  68  54  61  -6   4   0    T    M    M 13.8 24 340   M    M  10        32 340
11  56  51  54 -12  11   0 0.04    M    M  8.5 16 360   M    M  10 1      19 350
12  58  40  49 -17  16   0 0.36    M    M  8.0 15 360   M    M   8 1      18 360
13  63  36  50 -16  15   0 0.00    M    M  8.1 24 170   M    M   4 1      30 180
14  72  43  58  -7   7   0 0.00    M    M  4.6 14 190   M    M   5        18 150
15  66  43  55 -10  10   0 0.00    M    M  9.1 24 360   M    M   5        30 360
16  70  40  55 -10  10   0 0.00    M    M  5.3 16 180   M    M   4 1      20 210
17  84  51  68   4   0   3 0.00    M    M  1.8  9 160   M    M   2 1      12 150
18  77  53  65   1   0   0 0.00    M    M  8.0 17 150   M    M   2 12     21 160
19  91  60  76  13   0  11 0.00    M    M 14.6 25 190   M    M   3 1      34 190
20  86  54  70   7   0   5 0.06    M    M  6.9 17 350   M    M   2 13     24 330
21  75  47  61  -1   4   0 0.00    M    M 10.2 21 350   M    M   1        27 320
22  77  42  60  -2   5   0 0.00    M    M  4.6 15 190   M    M   1 12     18 190
23  71  57  64   2   1   0 0.29    M    M  9.8 21 180   M    M   9 1      28 180
24  75  57  66   5   0   1 0.00    M    M  9.7 17 190   M    M   5 1      21 150
25  86  53  70   9   0   5 0.00    M    M  4.6 12 160   M    M   0 1      15 180
26  87  54  71  11   0   6 0.00    M    M  7.0 18 160   M    M   0 12     25 150
27  84  56  70  10   0   5 0.00    M    M  9.2 22 160   M    M   1 1      29 140
28  85  53  69  10   0   4 0.00    M    M  5.9 14 140   M    M   1 1      18 150
29  88  57  73  14   0   8 0.00    M    M  4.7 16 140   M    M   4 1      29 190
30  68  56  62   4   3   0 0.65    M    M  6.8 15 140   M    M   7 123    21 140
================================================================================
SM 2302 1555        99  85  4.30    M    229.5          M      108
================================================================================
AV 76.7 51.8                               7.7 FASTST   M    M   4    MAX(MPH)
                                 MISC ---->  # 32 290               # 44  300
================================================================================
NOTES:
# LAST OF SEVERAL OCCURRENCES

COLUMN 17 PEAK WIND IN M.P.H.

PRELIMINARY LOCAL CLIMATOLOGICAL DATA (WS FORM: F-6) , PAGE 2

                                          STATION:  TEKAMAH, NEBRASKA
                                          MONTH:    SEPTEMBER
                                          YEAR:     2014
                                          LATITUDE:   41 46 N
                                          LONGITUDE:  96 11 W

[TEMPERATURE DATA]      [PRECIPITATION DATA]       SYMBOLS USED IN COLUMN 16

AVERAGE MONTHLY: 64.3   TOTAL FOR MONTH:   4.30    1 = FOG OR MIST
DPTR FM NORMAL:  -0.2   DPTR FM NORMAL:    1.26    2 = FOG REDUCING VISIBILITY
HIGHEST:    91 ON 19    GRTST 24HR  2.61 ON  8- 9      TO 1/4 MILE OR LESS
LOWEST:     36 ON 13                               3 = THUNDER
                        SNOW, ICE PELLETS, HAIL    4 = ICE PELLETS
                        TOTAL MONTH:    M          5 = HAIL
                        GRTST 24HR    M  ON   M    6 = FREEZING RAIN OR DRIZZLE
                        GRTST DEPTH:  M  ON   M    7 = DUSTSTORM OR SANDSTORM:
                                                       VSBY 1/2 MILE OR LESS
                                                   8 = SMOKE OR HAZE
[NO. OF DAYS WITH]      [WEATHER - DAYS WITH]      9 = BLOWING SNOW
                                                   X = TORNADO
MAX 32 OR BELOW:   0    0.01 INCH OR MORE:   9
MAX 90 OR ABOVE:   1    0.10 INCH OR MORE:   5
MIN 32 OR BELOW:   0    0.50 INCH OR MORE:   2
MIN  0 OR BELOW:   0    1.00 INCH OR MORE:   1

[HDD (BASE 65) ]
TOTAL THIS MO.    99    CLEAR  (SCALE 0-3)  14
DPTR FM NORMAL    -9    PTCLDY (SCALE 4-7)  13
TOTAL FM JUL 1   103    CLOUDY (SCALE 8-10)  3
DPTR FM NORMAL   -15

[CDD (BASE 65) ]
TOTAL THIS MO.    85
DPTR FM NORMAL    -8    [PRESSURE DATA]
TOTAL FM JAN 1   971    HIGHEST SLP 30.47 ON 12
DPTR FM NORMAL    -1    LOWEST  SLP 29.57 ON  3

[REMARKS]
#FINAL-09-14#
