000
CXUS54 KMRX 241256
CF6TRI
PRELIMINARY LOCAL CLIMATOLOGICAL DATA (WS FORM: F-6)

                                          STATION:   TRI-CITIES      ASOS
                                          MONTH:     MAY
                                          YEAR:      2016
                                          LATITUDE:   36 28 N
                                          LONGITUDE:  82 24 W

  TEMPERATURE IN F:       :PCPN:    SNOW:  WIND      :SUNSHINE: SKY     :PK WND
================================================================================
1   2   3   4   5  6A  6B    7    8   9   10  11  12  13   14  15   16   17  18
                                     12Z  AVG MX 2MIN
DY MAX MIN AVG DEP HDD CDD  WTR  SNW DPTH SPD SPD DIR MIN PSBL S-S WX    SPD DR
================================================================================

 1  79  59  69   9   0   4 0.30  0.0    0  4.4 18 230   M    M   8 1      24 220
 2  81  58  70  10   0   5 0.06  0.0    0  6.5 22 360   M    M   8 13     32 350
 3  71  57  64   4   1   0 0.03  0.0    0  6.3 20 260   M    M   9 1      24 270
 4  65  47  56  -4   9   0 0.02  0.0    0  8.0 20 300   M    M   9        23 280
 5  56  43  50 -11  15   0 0.06  0.0    0  6.4 16 350   M    M   9 1      24 360
 6  65  48  57  -4   8   0    T  0.0    0  7.6 20 270   M    M   8        26 270
 7  78  42  60  -1   5   0 0.11  0.0    0  8.2 22 250   M    M   6        28 250
 8  77  56  67   6   0   2 0.03  0.0    0  5.0 16 270   M    M   6 1      23 270
 9  80  53  67   5   0   2    T  0.0    0  2.2 16 250   M    M   7        20 270
10  81  60  71   9   0   6    T  0.0    0  3.5 16 260   M    M   7 13     23 250
11  76  60  68   6   0   3 1.08  0.0    0  3.5 17 340   M    M   7 13     23 330
12  83  59  71   9   0   6 0.81  0.0    0  3.4 39 250   M    M   5 13     53 240
13  73  51  62  -1   3   0 0.15  0.0    0  7.5 16 270   M    M   5 18     22 240
14  70  46  58  -5   7   0    T  0.0    0  7.7 28 290   M    M   3 1      35 280
15  62  35  49 -14  16   0 0.00  0.0    0  8.1 18 250   M    M   4        24 250
16  68  36  52 -12  13   0 0.00  0.0    0  1.7  8 320   M    M   6 1      16  40
17  74  53  64   0   1   0 0.24  0.0    0  1.0  6 340   M    M   8 1       8  30
18  73  54  64   0   1   0 0.13  0.0    0  3.5 15 270   M    M   9 1      19 310
19  71  54  63  -1   2   0 0.00  0.0    0  4.2 10 360   M    M  10        15  90
20  70  58  64   0   1   0 0.22  0.0    0  4.2 14 110   M    M  10 1      19 100
21  72  57  65   0   0   0 0.15  0.0    0  4.9 18 270   M    M   8 18     25 280
22  74  49  62  -3   3   0 0.19  0.0    0  5.1 17 350   M    M   7 138    24 340
23  72  49  61  -4   4   0 0.00  0.0    0  1.6 12 350   M    M   6 12     15  20
================================================================================
SM 1671 1184        89  28  3.58     0.0 114.5          M      165
================================================================================
AV 72.7 51.5                               5.0 FASTST   M    M   7    MAX(MPH)
                                 MISC ---->  # 39 250               # 53  240
================================================================================
NOTES:
# LAST OF SEVERAL OCCURRENCES

COLUMN 17 PEAK WIND IN M.P.H.

PRELIMINARY LOCAL CLIMATOLOGICAL DATA (WS FORM: F-6) , PAGE 2

                                          STATION:  TRI-CITIES      ASOS
                                          MONTH:    MAY
                                          YEAR:     2016
                                          LATITUDE:   36 28 N
                                          LONGITUDE:  82 24 W

[TEMPERATURE DATA]      [PRECIPITATION DATA]       SYMBOLS USED IN COLUMN 16

AVERAGE MONTHLY: 62.1   TOTAL FOR MONTH:   3.58    1 = FOG OR MIST
DPTR FM NORMAL:  -0.4   DPTR FM NORMAL:    0.79    2 = FOG REDUCING VISIBILITY
HIGHEST:    83 ON 12    GRTST 24HR  1.08 ON 11-11      TO 1/4 MILE OR LESS
LOWEST:     35 ON 15                               3 = THUNDER
                        SNOW, ICE PELLETS, HAIL    4 = ICE PELLETS
                        TOTAL MONTH:   0.0 INCH    5 = HAIL
                        GRTST 24HR     0.0         6 = FREEZING RAIN OR DRIZZLE
                        GRTST DEPTH:   0           7 = DUSTSTORM OR SANDSTORM:
                                                       VSBY 1/2 MILE OR LESS
                                                   8 = SMOKE OR HAZE
[NO. OF DAYS WITH]      [WEATHER - DAYS WITH]      9 = BLOWING SNOW
                                                   X = TORNADO
MAX 32 OR BELOW:   0    0.01 INCH OR MORE:  15
MAX 90 OR ABOVE:   0    0.10 INCH OR MORE:  10
MIN 32 OR BELOW:   0    0.50 INCH OR MORE:   2
MIN  0 OR BELOW:   0    1.00 INCH OR MORE:   1

[HDD (BASE 65) ]
TOTAL THIS MO.    89    CLEAR  (SCALE 0-3)   0
DPTR FM NORMAL    -6    PTCLDY (SCALE 4-7)  16
TOTAL FM JUL 1  3543    CLOUDY (SCALE 8-10)  7
DPTR FM NORMAL  -806

[CDD (BASE 65) ]
TOTAL THIS MO.    28
DPTR FM NORMAL    -9    [PRESSURE DATA]
TOTAL FM JAN 1    54    HIGHEST SLP M ON M
DPTR FM NORMAL     6    LOWEST  SLP 29.66 ON  4

[REMARKS]
