000
CXUS56 KPQR 251230
CF6TTD
PRELIMINARY LOCAL CLIMATOLOGICAL DATA (WS FORM: F-6)

                                          STATION:   TROUTDALE OR
                                          MONTH:     OCTOBER
                                          YEAR:      2014
                                          LATITUDE:   45 33 N
                                          LONGITUDE: 122 25 W

  TEMPERATURE IN F:       :PCPN:    SNOW:  WIND      :SUNSHINE: SKY     :PK WND
================================================================================
1   2   3   4   5  6A  6B    7    8   9   10  11  12  13   14  15   16   17  18
                                     12Z  AVG MX 2MIN
DY MAX MIN AVG DEP HDD CDD  WTR  SNW DPTH SPD SPD DIR MIN PSBL S-S WX    SPD DR
================================================================================

 1  65  44  55  -4  10   0 0.00  0.0    0  1.4  8 160   M    M   6 12     10 240
 2  72  45  59   1   6   0 0.00  0.0    0  1.6  7 310   M    M   1        10 220
 3  79  49  64   6   1   0 0.00  0.0    0 11.1 25  90   M    M   0        31 100
 4  83  49  66   8   0   1 0.00  0.0    0  2.8 10  90   M    M   0        12  90
 5  85  50  68  11   0   3 0.00  0.0    0  1.5  9 320   M    M   0        12 250
 6  85  52  69  12   0   4 0.00  0.0    0  1.1  8 240   M    M   0 1      11 240
 7  81  54  68  11   0   3 0.00  0.0    0  2.6  7 250   M    M   0 8      14 240
 8  74  52  63   7   2   0 0.00  0.0    0  2.4  8 250   M    M   3 1      11 330
 9  74  49  62   6   3   0 0.00  0.0    0  2.3  9 240   M    M   2 12     12 240
10  73  48  61   5   4   0 0.00  0.0    0  2.3  8 330   M    M   4 12     12 330
11  71  54  63   8   2   0 0.50  0.0    0  4.3 14 210   M    M   8 1      19 320
12  65  47  56   1   9   0 0.01    M    0  1.5  7 330   M    M   5 12     10 320
13  76  49  63   8   2   0 0.07    M    0  6.9 22 250   M    M   2 1      30 250
14  62  56  59   5   6   0 0.19  0.0    0  6.8 18  80   M    M   8 1      23  90
15  61  53  57   3   8   0 0.17  0.0    0  8.2 24 220   M    M   9 1      32 210
16  69  51  60   6   5   0 0.00  0.0    0 11.2 20  80   M    M   1        26  90
17  63  55  59   6   6   0 0.39  0.0    0 14.3 25  90   M    M   8 1      33  80
18  69  57  63  10   2   0 0.02  0.0    0  9.4 20  90   M    M   6 1      24 100
19  76  55  66  13   0   1 0.00  0.0    0  5.2 18  90   M    M   2        24  90
20  66  49  58   6   7   0 0.21    M    0  3.8 14 220   M    M   9 1      17 170
21  63  55  59   7   6   0 0.12  0.0    0  6.0 17 220   M    M  10 1      24 220
22  59  55  57   5   8   0 1.16  0.0    0  6.6 16 180   M    M  10 1      22 160
23  61  51  56   4   9   0 0.90  0.0    0  3.8 14 280   M    M   8 13     25 290
24  57  50  54   3  11   0 0.11  0.0    0 13.0 24 100   M    M   4        30 100
================================================================================
SM 1689 1229       107  12  3.85     0.0 130.1          M      106
================================================================================
AV 70.4 51.2                               5.4 FASTST   M    M   4    MAX(MPH)
                                 MISC ---->  # 25  90               # 33   80
================================================================================
NOTES:
# LAST OF SEVERAL OCCURRENCES

COLUMN 17 PEAK WIND IN M.P.H.

PRELIMINARY LOCAL CLIMATOLOGICAL DATA (WS FORM: F-6) , PAGE 2

                                          STATION:  TROUTDALE OR
                                          MONTH:    OCTOBER
                                          YEAR:     2014
                                          LATITUDE:   45 33 N
                                          LONGITUDE: 122 25 W

[TEMPERATURE DATA]      [PRECIPITATION DATA]       SYMBOLS USED IN COLUMN 16

AVERAGE MONTHLY: 60.8   TOTAL FOR MONTH:   3.85    1 = FOG OR MIST
DPTR FM NORMAL:   5.9   DPTR FM NORMAL:    1.17    2 = FOG REDUCING VISIBILITY
HIGHEST:    85 ON  6, 5 GRTST 24HR  1.67 ON 22-23      TO 1/4 MILE OR LESS
LOWEST:     44 ON  1                               3 = THUNDER
                        SNOW, ICE PELLETS, HAIL    4 = ICE PELLETS
                        TOTAL MONTH:   0.0 INCH    5 = HAIL
                        GRTST 24HR     0.0         6 = FREEZING RAIN OR DRIZZLE
                        GRTST DEPTH:   0           7 = DUSTSTORM OR SANDSTORM:
                                                       VSBY 1/2 MILE OR LESS
                                                   8 = SMOKE OR HAZE
[NO. OF DAYS WITH]      [WEATHER - DAYS WITH]      9 = BLOWING SNOW
                                                   X = TORNADO
MAX 32 OR BELOW:   0    0.01 INCH OR MORE:  12
MAX 90 OR ABOVE:   0    0.10 INCH OR MORE:   9
MIN 32 OR BELOW:   0    0.50 INCH OR MORE:   3
MIN  0 OR BELOW:   0    1.00 INCH OR MORE:   1

[HDD (BASE 65) ]
TOTAL THIS MO.   107    CLEAR  (SCALE 0-3)  11
DPTR FM NORMAL  -139    PTCLDY (SCALE 4-7)   9
TOTAL FM JUL 1   132    CLOUDY (SCALE 8-10)  4
DPTR FM NORMAL  -286

[CDD (BASE 65) ]
TOTAL THIS MO.    12
DPTR FM NORMAL    12    [PRESSURE DATA]
TOTAL FM JAN 1   626    HIGHEST SLP M ON M
DPTR FM NORMAL   288    LOWEST  SLP 29.54 ON 15

[REMARKS]
