020
CXUS56 KPQR 251200
CF6TTD
PRELIMINARY LOCAL CLIMATOLOGICAL DATA (WS FORM: F-6)

                                          STATION:   TROUTDALE OR
                                          MONTH:     JULY
                                          YEAR:      2016
                                          LATITUDE:   45 33 N
                                          LONGITUDE: 122 25 W

  TEMPERATURE IN F:       :PCPN:    SNOW:  WIND      :SUNSHINE: SKY     :PK WND
================================================================================
1   2   3   4   5  6A  6B    7    8   9   10  11  12  13   14  15   16   17  18
                                     12Z  AVG MX 2MIN
DY MAX MIN AVG DEP HDD CDD  WTR  SNW DPTH SPD SPD DIR MIN PSBL S-S WX    SPD DR
================================================================================

 1  82  56  69   4   0   4 0.00  0.0    0  3.0  9 340   M    M   4        13 350
 2  84  60  72   7   0   7 0.00  0.0    0  3.6 13 310   M    M   3        20 320
 3  77  58  68   2   0   3 0.00  0.0    0  4.3 12 320   M    M   6        17 320
 4  69  53  61  -5   4   0 0.00  0.0    0  3.0 10 340   M    M   7        15  30
 5  73  54  64  -2   1   0 0.00  0.0    0  2.6  9 320   M    M   6        14 320
 6  80  53  67   1   0   2 0.00  0.0    0  3.0 10 250   M    M   1        12 340
 7  74  61  68   2   0   3 0.17  0.0    0  4.2 13 250   M    M   8 1      17 220
 8  74  60  67   1   0   2 0.19  0.0    0  3.6 13 200   M    M   9 1      16 200
 9  74  58  66  -1   0   1 0.01  0.0    0  7.0 18 190   M    M   8        24 180
10  71  57  64  -3   1   0 0.02  0.0    0  4.2 14 250   M    M   9        17 240
11  76  59  68   1   0   3 0.00  0.0    0  3.2 10 320   M    M   5        14 320
12  74  59  67   0   0   2 0.05  0.0    0  3.2 12 250   M    M   9        15 280
13  80  59  70   2   0   5 0.00  0.0    0  3.0 12 250   M    M   3        18 260
14  82  53  68   0   0   3 0.00  0.0    0  4.1 12 320   M    M   0        19 350
15  74  56  65  -3   0   0 0.00  0.0    0  2.1  8 260   M    M   6        14 280
16  75  60  68   0   0   3 0.00  0.0    0  1.9  8 260   M    M   7        11 310
17  73  61  67  -1   0   2 0.00  0.0    0  2.2  8 260   M    M  10        12 270
18  77  63  70   2   0   5 0.00  0.0    0  3.9 13 250   M    M  10        17 260
19  79  61  70   2   0   5 0.00  0.0    0  3.0 10 250   M    M   6        16 230
20  85  54  70   1   0   5 0.00  0.0    0  3.1 10 250   M    M   0        14 260
21  87  56  72   3   0   7 0.00  0.0    0  4.2 18 250   M    M   3        23 220
22  71  60  66  -3   0   1 0.32  0.0    0  2.9  9 220   M    M  10 1      11 330
23  76  58  67  -2   0   2 0.00  0.0    0  2.6 10 320   M    M   5        15 320
24  89  53  71   2   0   6 0.00  0.0    0  3.4 10 250   M    M   2        14 260
================================================================================
SM 1856 1382         6  71  0.76     0.0  81.3          M      137
================================================================================
AV 77.3 57.6                               3.4 FASTST   M    M   6    MAX(MPH)
                                 MISC ---->  # 18 190               # 24  180
================================================================================
NOTES:
# LAST OF SEVERAL OCCURRENCES

COLUMN 17 PEAK WIND IN M.P.H.

PRELIMINARY LOCAL CLIMATOLOGICAL DATA (WS FORM: F-6) , PAGE 2

                                          STATION:  TROUTDALE OR
                                          MONTH:    JULY
                                          YEAR:     2016
                                          LATITUDE:   45 33 N
                                          LONGITUDE: 122 25 W

[TEMPERATURE DATA]      [PRECIPITATION DATA]       SYMBOLS USED IN COLUMN 16

AVERAGE MONTHLY: 67.5   TOTAL FOR MONTH:   0.76    1 = FOG OR MIST
DPTR FM NORMAL:   0.2   DPTR FM NORMAL:    0.12    2 = FOG REDUCING VISIBILITY
HIGHEST:    89 ON 24    GRTST 24HR  0.32 ON 22-22      TO 1/4 MILE OR LESS
LOWEST:     53 ON 24,14                            3 = THUNDER
                        SNOW, ICE PELLETS, HAIL    4 = ICE PELLETS
                        TOTAL MONTH:   0.0 INCH    5 = HAIL
                        GRTST 24HR     0.0         6 = FREEZING RAIN OR DRIZZLE
                        GRTST DEPTH:   0           7 = DUSTSTORM OR SANDSTORM:
                                                       VSBY 1/2 MILE OR LESS
                                                   8 = SMOKE OR HAZE
[NO. OF DAYS WITH]      [WEATHER - DAYS WITH]      9 = BLOWING SNOW
                                                   X = TORNADO
MAX 32 OR BELOW:   0    0.01 INCH OR MORE:   6
MAX 90 OR ABOVE:   0    0.10 INCH OR MORE:   3
MIN 32 OR BELOW:   0    0.50 INCH OR MORE:   0
MIN  0 OR BELOW:   0    1.00 INCH OR MORE:   0

[HDD (BASE 65) ]
TOTAL THIS MO.     6    CLEAR  (SCALE 0-3)   6
DPTR FM NORMAL   -23    PTCLDY (SCALE 4-7)  11
TOTAL FM JUL 1     6    CLOUDY (SCALE 8-10)  7
DPTR FM NORMAL   -23

[CDD (BASE 65) ]
TOTAL THIS MO.    71
DPTR FM NORMAL   -10    [PRESSURE DATA]
TOTAL FM JAN 1   228    HIGHEST SLP M ON M
DPTR FM NORMAL    88    LOWEST  SLP 29.88 ON  8

[REMARKS]
