000
CXUS56 KPQR 251200
CF6TTD
PRELIMINARY LOCAL CLIMATOLOGICAL DATA (WS FORM: F-6)

                                          STATION:   TROUTDALE OR
                                          MONTH:     MARCH
                                          YEAR:      2017
                                          LATITUDE:   45 33 N
                                          LONGITUDE: 122 25 W

  TEMPERATURE IN F:       :PCPN:    SNOW:  WIND      :SUNSHINE: SKY     :PK WND
================================================================================
1   2   3   4   5  6A  6B    7    8   9   10  11  12  13   14  15   16   17  18
                                     12Z  AVG MX 2MIN
DY MAX MIN AVG DEP HDD CDD  WTR  SNW DPTH SPD SPD DIR MIN PSBL S-S WX    SPD DR
================================================================================

 1  52  39  46   1  19   0 0.02    M    0  8.0 16 220   M    M   9        22 210
 2  51  36  44  -1  21   0 0.03    M    0  5.2 15 220   M    M   9 18     21 230
 3  55  43  49   4  16   0 0.14    M    0  7.5 20 210   M    M  10 1      26 220
 4  48  36  42  -3  23   0 0.10    M    0  5.0 17 220   M    M   9 1      24 220
 5  49  35  42  -3  23   0 0.03    M    0 11.6 24 220   M    M   7 1      29 220
 6  47  36  42  -4  23   0 0.12    M    M 10.4 20 210   M    M   8 1      24 210
 7  50  39  45  -1  20   0 0.01    M    M  9.3 23 220   M    M  10 1      28 220
 8  47  43  45  -1  20   0 0.23    M    0  1.4  8 260   M    M  10 1       9 250
 9  60  43  52   6  13   0 0.53    M    0  6.8 18 230   M    M   9 1      26 210
10  62  45  54   8  11   0    T    M    0  8.9 20 240   M    M   5        29 250
11  58  45  52   5  13   0 0.24    M    0  8.8 18 230   M    M   5 1      24 220
12  62  47  55   8  10   0 0.00  0.0    0  4.3 12  90   M    M   5        15  90
13  54  48  51   4  14   0 0.74    M    0  6.8 17  80   M    M  10 1      22  90
14  58  50  54   7  11   0 0.72  0.0    0  9.0 23 210   M    M   9 1      28 210
15  57  48  53   6  12   0 0.52    M    0 10.7 25 210   M    M  10 1      38 200
16  56  38  47  -1  18   0 0.00  0.0    0  3.4 13  90   M    M   4        19 240
17  49  40  45  -3  20   0 0.24    M    0 14.4 31  90   M    M   7 1      39  90
18  58  40  49   1  16   0 0.81    M    0  6.0 26  90   M    M   9 1      37  80
19  56  34  45  -3  20   0 0.00  0.0    0  5.3 21 100   M    M   3 12     27 100
20  54  46  50   2  15   0 0.07    M    0 20.1 28  90   M    M   7        36  90
21  54  44  49   1  16   0 0.47    M    0 20.7 28  90   M    M   8 13     36  90
22  56  42  49   1  16   0 0.03    M    0  8.8 20 220   M    M   8        26 220
23  58  40  49   0  16   0 0.26    M    0  6.9 18  90   M    M   9 1      22  90
24  57  46  52   3  13   0 1.01    M    0  7.5 24 200   M    M  10 1      29 210
================================================================================
SM 1308 1003       399   0  6.32     0.0 206.8          M      190
================================================================================
AV 54.5 41.8                               8.6 FASTST   M    M   8    MAX(MPH)
                                 MISC ---->  # 31  90               # 39   90
================================================================================
NOTES:
# LAST OF SEVERAL OCCURRENCES

COLUMN 17 PEAK WIND IN M.P.H.

PRELIMINARY LOCAL CLIMATOLOGICAL DATA (WS FORM: F-6) , PAGE 2

                                          STATION:  TROUTDALE OR
                                          MONTH:    MARCH
                                          YEAR:     2017
                                          LATITUDE:   45 33 N
                                          LONGITUDE: 122 25 W

[TEMPERATURE DATA]      [PRECIPITATION DATA]       SYMBOLS USED IN COLUMN 16

AVERAGE MONTHLY: 48.2   TOTAL FOR MONTH:   6.32    1 = FOG OR MIST
DPTR FM NORMAL:   1.3   DPTR FM NORMAL:    2.69    2 = FOG REDUCING VISIBILITY
HIGHEST:    62 ON 12,10 GRTST 24HR  1.01 ON 24-24      TO 1/4 MILE OR LESS
LOWEST:     34 ON 19                               3 = THUNDER
                        SNOW, ICE PELLETS, HAIL    4 = ICE PELLETS
                        TOTAL MONTH:   0.0 INCH    5 = HAIL
                        GRTST 24HR     0.0         6 = FREEZING RAIN OR DRIZZLE
                        GRTST DEPTH:   0           7 = DUSTSTORM OR SANDSTORM:
                                                       VSBY 1/2 MILE OR LESS
                                                   8 = SMOKE OR HAZE
[NO. OF DAYS WITH]      [WEATHER - DAYS WITH]      9 = BLOWING SNOW
                                                   X = TORNADO
MAX 32 OR BELOW:   0    0.01 INCH OR MORE:  20
MAX 90 OR ABOVE:   0    0.10 INCH OR MORE:  14
MIN 32 OR BELOW:   0    0.50 INCH OR MORE:   6
MIN  0 OR BELOW:   0    1.00 INCH OR MORE:   1

[HDD (BASE 65) ]
TOTAL THIS MO.   399    CLEAR  (SCALE 0-3)   1
DPTR FM NORMAL   -36    PTCLDY (SCALE 4-7)   9
TOTAL FM JUL 1  3570    CLOUDY (SCALE 8-10) 14
DPTR FM NORMAL  -181

[CDD (BASE 65) ]
TOTAL THIS MO.     0
DPTR FM NORMAL     0    [PRESSURE DATA]
TOTAL FM JAN 1     0    HIGHEST SLP M ON M
DPTR FM NORMAL     0    LOWEST  SLP 29.55 ON  4

[REMARKS]
