000
CXUS51 KPHI 180800
CF6TTN
PRELIMINARY LOCAL CLIMATOLOGICAL DATA (WS FORM: F-6)

                                          STATION:   TRENTON NJ
                                          MONTH:     JANUARY
                                          YEAR:      2017
                                          LATITUDE:   40 16 N
                                          LONGITUDE:  74 49 W

  TEMPERATURE IN F:       :PCPN:    SNOW:  WIND      :SUNSHINE: SKY     :PK WND
================================================================================
1   2   3   4   5  6A  6B    7    8   9   10  11  12  13   14  15   16   17  18
                                     12Z  AVG MX 2MIN
DY MAX MIN AVG DEP HDD CDD  WTR  SNW DPTH SPD SPD DIR MIN PSBL S-S WX    SPD DR
================================================================================

 1  50  31  41   9  24   0 0.00    M    M  6.3 17 290   M    M   2        25 310
 2  41  30  36   5  29   0 0.22    M    M  8.1 15  90   M    M   8 1      19  80
 3  45  40  43  12  22   0 0.32    M    M 10.0 20  60   M    M  10 1      27  80
 4  54  32  43  12  22   0    T    M    M 10.0 22 270   M    M   5 1      31 280
 5  33  25  29  -2  36   0    T    M    M  7.4 16 280   M    M   5 1      24 320
 6  32  23  28  -3  37   0 0.06    M    M  5.0 13 360   M    M   8 1      15 320
 7  24  19  22  -9  43   0 0.20    M    M  8.5 15 330   M    M   8 1      21 330
 8  25  14  20 -11  45   0    T    M    M 10.3 23 300   M    M   2        34 320
 9  22   6  14 -17  51   0 0.00    M    M  4.1 12 190   M    M   3        14 190
10  39   8  24  -7  41   0 0.00    M    M  4.2 15 180   M    M   6        19 180
11  51  37  44  13  21   0 0.48    M    M  7.0 20 210   M    M   5 1      30 250
12  65  47  56  25   9   0 0.01    M    M 12.9 24 220   M    M   6 1      33 230
13  61  32  47  16  18   0    T    M    M  9.8 22 350   M    M   1        31 350
14  34  29  32   1  33   0    T    M    M  3.1 12 360   M    M   7 146    17  10
15  38  27  33   2  32   0 0.00    M    M  5.0 15 360   M    M   2 1      21 350
16  43  21  32   1  33   0    T    M    M  3.1  7 240   M    M   3        12 240
17  43  38  41  10  24   0 0.45    M    M  4.0 10 120   M    M  10 1      12 110
================================================================================
SM  700  459       520   0  1.74    M    118.8          M       91
================================================================================
AV 41.2 27.0                               7.0 FASTST   M    M   5    MAX(MPH)
                                 MISC ---->  # 24 220               # 34  320
================================================================================
NOTES:
# LAST OF SEVERAL OCCURRENCES

COLUMN 17 PEAK WIND IN M.P.H.

PRELIMINARY LOCAL CLIMATOLOGICAL DATA (WS FORM: F-6) , PAGE 2

                                          STATION:  TRENTON NJ
                                          MONTH:    JANUARY
                                          YEAR:     2017
                                          LATITUDE:   40 16 N
                                          LONGITUDE:  74 49 W

[TEMPERATURE DATA]      [PRECIPITATION DATA]       SYMBOLS USED IN COLUMN 16

AVERAGE MONTHLY: 34.1   TOTAL FOR MONTH:   1.74    1 = FOG OR MIST
DPTR FM NORMAL:   3.0   DPTR FM NORMAL:   -0.06    2 = FOG REDUCING VISIBILITY
HIGHEST:    65 ON 12    GRTST 24HR  0.48 ON 11-11      TO 1/4 MILE OR LESS
LOWEST:      6 ON  9                               3 = THUNDER
                        SNOW, ICE PELLETS, HAIL    4 = ICE PELLETS
                        TOTAL MONTH:    M          5 = HAIL
                        GRTST 24HR    M  ON   M    6 = FREEZING RAIN OR DRIZZLE
                        GRTST DEPTH:  M  ON   M    7 = DUSTSTORM OR SANDSTORM:
                                                       VSBY 1/2 MILE OR LESS
                                                   8 = SMOKE OR HAZE
[NO. OF DAYS WITH]      [WEATHER - DAYS WITH]      9 = BLOWING SNOW
                                                   X = TORNADO
MAX 32 OR BELOW:   4    0.01 INCH OR MORE:   7
MAX 90 OR ABOVE:   0    0.10 INCH OR MORE:   5
MIN 32 OR BELOW:  13    0.50 INCH OR MORE:   0
MIN  0 OR BELOW:   0    1.00 INCH OR MORE:   0

[HDD (BASE 65) ]
TOTAL THIS MO.   520    CLEAR  (SCALE 0-3)   6
DPTR FM NORMAL   -57    PTCLDY (SCALE 4-7)   9
TOTAL FM JUL 1  2204    CLOUDY (SCALE 8-10)  2
DPTR FM NORMAL  -268

[CDD (BASE 65) ]
TOTAL THIS MO.     0
DPTR FM NORMAL     0    [PRESSURE DATA]
TOTAL FM JAN 1     0    HIGHEST SLP M ON M
DPTR FM NORMAL     0    LOWEST  SLP 29.47 ON  4

[REMARKS]
