065
CXUS51 KPHI 200800
CF6TTN
PRELIMINARY LOCAL CLIMATOLOGICAL DATA (WS FORM: F-6)

                                          STATION:   TRENTON NJ
                                          MONTH:     NOVEMBER
                                          YEAR:      2017
                                          LATITUDE:   40 16 N
                                          LONGITUDE:  74 49 W

  TEMPERATURE IN F:       :PCPN:    SNOW:  WIND      :SUNSHINE: SKY     :PK WND
================================================================================
1   2   3   4   5  6A  6B    7    8   9   10  11  12  13   14  15   16   17  18
                                     12Z  AVG MX 2MIN
DY MAX MIN AVG DEP HDD CDD  WTR  SNW DPTH SPD SPD DIR MIN PSBL S-S WX    SPD DR
================================================================================

 1  60  34  47  -3  18   0 0.00    M    M  5.1 16 140   M    M   8        20 130
 2  75  58  67  17   0   2 0.00    M    M  6.5 15 230   M    M   5 12     20 220
 3  72  48  60  10   5   0    T    M    M  7.2 22 340   M    M   4 12     27 340
 4  59  40  50   1  15   0 0.04    M    M  5.9 13  30   M    M   1        17  30
 5  65  50  58   9   7   0 0.04    M    M  6.2 12 130   M    M  10 1      16 140
 6  68  44  56   7   9   0 0.00    M    M  9.0 20 330   M    M   8 1      28 330
 7  49  37  43  -5  22   0 0.55    M    M  7.8 14  30   M    M   5 1      19  30
 8  51  39  45  -3  20   0    T    M    M  6.1 14  50   M    M   6        19  60
 9  56  38  47  -1  18   0 0.02    M    M  5.9 10 150   M    M  10 1      14 100
10  50  23  37 -11  28   0 0.00    M    M 12.9 26 340   M    M   1 1      39 350
11  41  21  31 -16  34   0 0.00    M    M  4.5 15 360   M    M   0        18 360
12  45  24  35 -12  30   0 0.00    M    M  2.0  8 200   M    M   1        11 210
13  47  36  42  -5  23   0 0.25    M    M  5.3  9 360   M    M   8 1      14 360
14  47  32  40  -6  25   0 0.00    M    M  5.2 13 350   M    M   7        16 350
15  51  33  42  -4  23   0 0.00    M    M  5.1 12  80   M    M   6        14  90
16  59  43  51   5  14   0 0.06    M    M  7.1 22 330   M    M   6 1      31 300
17  49  30  40  -5  25   0    T    M    M  9.1 22 300   M    M   3        30 300
18  57  26  42  -3  23   0 0.21    M    M  3.8 15 200   M    M   4 1      22 190
19  60  39  50   5  15   0 0.29    M    M 15.5 28 290   M    M   7 1      43 310
================================================================================
SM 1061  695       354   2  1.46    M    130.2          M      100
================================================================================
AV 55.8 36.6                               6.9 FASTST   M    M   5    MAX(MPH)
                                 MISC ---->  # 28 290               # 43  310
================================================================================
NOTES:
# LAST OF SEVERAL OCCURRENCES

COLUMN 17 PEAK WIND IN M.P.H.

PRELIMINARY LOCAL CLIMATOLOGICAL DATA (WS FORM: F-6) , PAGE 2

                                          STATION:  TRENTON NJ
                                          MONTH:    NOVEMBER
                                          YEAR:     2017
                                          LATITUDE:   40 16 N
                                          LONGITUDE:  74 49 W

[TEMPERATURE DATA]      [PRECIPITATION DATA]       SYMBOLS USED IN COLUMN 16

AVERAGE MONTHLY: 46.2   TOTAL FOR MONTH:   1.46    1 = FOG OR MIST
DPTR FM NORMAL:  -1.3   DPTR FM NORMAL:   -0.54    2 = FOG REDUCING VISIBILITY
HIGHEST:    75 ON  2    GRTST 24HR  0.55 ON  7- 7      TO 1/4 MILE OR LESS
LOWEST:     21 ON 11                               3 = THUNDER
                        SNOW, ICE PELLETS, HAIL    4 = ICE PELLETS
                        TOTAL MONTH:    M          5 = HAIL
                        GRTST 24HR    M  ON   M    6 = FREEZING RAIN OR DRIZZLE
                        GRTST DEPTH:  M  ON   M    7 = DUSTSTORM OR SANDSTORM:
                                                       VSBY 1/2 MILE OR LESS
                                                   8 = SMOKE OR HAZE
[NO. OF DAYS WITH]      [WEATHER - DAYS WITH]      9 = BLOWING SNOW
                                                   X = TORNADO
MAX 32 OR BELOW:   0    0.01 INCH OR MORE:   8
MAX 90 OR ABOVE:   0    0.10 INCH OR MORE:   4
MIN 32 OR BELOW:   6    0.50 INCH OR MORE:   1
MIN  0 OR BELOW:   0    1.00 INCH OR MORE:   0

[HDD (BASE 65) ]
TOTAL THIS MO.   354    CLEAR  (SCALE 0-3)   5
DPTR FM NORMAL    21    PTCLDY (SCALE 4-7)  12
TOTAL FM JUL 1   548    CLOUDY (SCALE 8-10)  2
DPTR FM NORMAL  -182

[CDD (BASE 65) ]
TOTAL THIS MO.     2
DPTR FM NORMAL     2    [PRESSURE DATA]
TOTAL FM JAN 1  1151    HIGHEST SLP M ON M
DPTR FM NORMAL   186    LOWEST  SLP 29.30 ON 19

[REMARKS]
