000
CXUS54 KMEG 220734
CF6TUP
PRELIMINARY LOCAL CLIMATOLOGICAL DATA (WS FORM: F-6)

                                          STATION:   TUPELO
                                          MONTH:     FEBRUARY
                                          YEAR:      2017
                                          LATITUDE:   34 16 N
                                          LONGITUDE:  88 46 W

  TEMPERATURE IN F:       :PCPN:    SNOW:  WIND      :SUNSHINE: SKY     :PK WND
================================================================================
1   2   3   4   5  6A  6B    7    8   9   10  11  12  13   14  15   16   17  18
                                     12Z  AVG MX 2MIN
DY MAX MIN AVG DEP HDD CDD  WTR  SNW DPTH SPD SPD DIR MIN PSBL S-S WX    SPD DR
================================================================================

 1  74  46  60  17   5   0 0.00  0.0    0  6.9 18 220   M    M   3        24 210
 2  52  39  46   3  19   0 0.03  0.0    0 11.8 22  10   M    M   8 18     27 360
 3  47  28  38  -5  27   0 0.00  0.0    0 12.3 20 350   M    M   5        24 330
 4  52  22  37  -6  28   0 0.05  0.0    0  7.3 12 160   M    M   3        16 150
 5  52  43  48   4  17   0 0.25  0.0    0  4.8 14 150   M    M  10 18     16 150
 6  69  50  60  16   5   0 0.30  0.0    0 10.4 20 140   M    M   8 13     24 140
 7  67  59  63  19   2   0 0.01  0.0    0 10.7 21 150   M    M   7 123    26 160
 8  77  38  58  14   7   0 0.00  0.0    0  9.8 31 310   M    M   6 123    40 320
 9  49  33  41  -3  24   0 0.00  0.0    0  8.8 22 340   M    M   3        27 340
10  66  31  49   4  16   0 0.00  0.0    0  7.5 18 160   M    M   0        24 160
11  78  52  65  20   0   0 0.00  0.0    0 11.9 20 160   M    M   8        27 100
12  76  45  61  16   4   0 0.05  0.0    0  9.3 22 340   M    M   8 1      28 340
13  60  37  49   4  16   0 0.00  0.0    0  6.7 17 360   M    M   0        22 350
14  62  37  50   4  15   0 0.04  0.0    0  6.4 22 340   M    M   7 138    29 340
15  56  35  46   0  19   0 0.36  0.0    0 10.3 22 340   M    M   4 1      28 330
16  64  30  47   1  18   0 0.00  0.0    0  2.5 13 170   M    M   0        17 170
17  71  34  53   7  12   0 0.00  0.0    0  6.3 17 150   M    M   1        22 150
18  67  50  59  12   6   0    T  0.0    0  4.9 13 160   M    M   7        17 150
19  76  45  61  14   4   0 0.00  0.0    0  2.0  9 360   M    M   1 18     12 360
20  77  46  62  15   3   0 0.00  0.0    0  6.0 18 160   M    M   0        22 160
21  67  58  63  15   2   0 0.58  0.0    0  8.1 23 110   M    M   9 18     27 110
================================================================================
SM 1359  858       249   0  1.67     0.0 164.7          M       98
================================================================================
AV 64.7 40.9                               7.8 FASTST   M    M   5    MAX(MPH)
                                 MISC ---->  # 31 310               # 40  320
================================================================================
NOTES:
# LAST OF SEVERAL OCCURRENCES

COLUMN 17 PEAK WIND IN M.P.H.

PRELIMINARY LOCAL CLIMATOLOGICAL DATA (WS FORM: F-6) , PAGE 2

                                          STATION:  TUPELO
                                          MONTH:    FEBRUARY
                                          YEAR:     2017
                                          LATITUDE:   34 16 N
                                          LONGITUDE:  88 46 W

[TEMPERATURE DATA]      [PRECIPITATION DATA]       SYMBOLS USED IN COLUMN 16

AVERAGE MONTHLY: 52.8   TOTAL FOR MONTH:   1.67    1 = FOG OR MIST
DPTR FM NORMAL:   7.8   DPTR FM NORMAL:   -1.94    2 = FOG REDUCING VISIBILITY
HIGHEST:    78 ON 11    GRTST 24HR  0.58 ON 21-21      TO 1/4 MILE OR LESS
LOWEST:     22 ON  4                               3 = THUNDER
                        SNOW, ICE PELLETS, HAIL    4 = ICE PELLETS
                        TOTAL MONTH:   0.0 INCH    5 = HAIL
                        GRTST 24HR     0.0         6 = FREEZING RAIN OR DRIZZLE
                        GRTST DEPTH:   0           7 = DUSTSTORM OR SANDSTORM:
                                                       VSBY 1/2 MILE OR LESS
                                                   8 = SMOKE OR HAZE
[NO. OF DAYS WITH]      [WEATHER - DAYS WITH]      9 = BLOWING SNOW
                                                   X = TORNADO
MAX 32 OR BELOW:   0    0.01 INCH OR MORE:   9
MAX 90 OR ABOVE:   0    0.10 INCH OR MORE:   4
MIN 32 OR BELOW:   4    0.50 INCH OR MORE:   1
MIN  0 OR BELOW:   0    1.00 INCH OR MORE:   0

[HDD (BASE 65) ]
TOTAL THIS MO.   249    CLEAR  (SCALE 0-3)   8
DPTR FM NORMAL  -171    PTCLDY (SCALE 4-7)  11
TOTAL FM JUL 1  1562    CLOUDY (SCALE 8-10)  2
DPTR FM NORMAL  -754

[CDD (BASE 65) ]
TOTAL THIS MO.     0
DPTR FM NORMAL     0    [PRESSURE DATA]
TOTAL FM JAN 1     8    HIGHEST SLP M ON M
DPTR FM NORMAL     7    LOWEST  SLP 29.59 ON  7

[REMARKS]
