000
CXUS53 KAPX 010631
CF6TVC
PRELIMINARY LOCAL CLIMATOLOGICAL DATA (WS FORM: F-6)

                                          STATION:   TRAVERSE CITY MI
                                          MONTH:     APRIL
                                          YEAR:      2016
                                          LATITUDE:   44 44 N
                                          LONGITUDE:  85 34 W

  TEMPERATURE IN F:       :PCPN:    SNOW:  WIND      :SUNSHINE: SKY     :PK WND
================================================================================
1   2   3   4   5  6A  6B    7    8   9   10  11  12  13   14  15   16   17  18
                                     12Z  AVG MX 2MIN
DY MAX MIN AVG DEP HDD CDD  WTR  SNW DPTH SPD SPD DIR MIN PSBL S-S WX    SPD DR
================================================================================

 1  49  31  40   3  25   0 0.03    M    M  9.1 31 280   M    M   8 1      39 280
 2  32  24  28 -10  37   0 0.06    M    M 10.8 25 330   M    M  10 18     36 330
 3  28  21  25 -13  40   0 0.15    M    M  7.5 18 320   M    M   9 18     24 340
 4  28  19  24 -14  41   0    T    M    M  9.7 16  10   M    M   6        22  50
 5  43  14  29 -10  36   0 0.04    M    M  4.1 12 280   M    M   5 1      17 230
 6  38  32  35  -4  30   0 0.32    M    M  5.7 10 140   M    M  10 168    19 140
 7  35  29  32  -8  33   0 0.02    M    M 11.7 21 360   M    M   9 18     28 360
 8  34  24  29 -11  36   0    T    M    M  9.2 20 360   M    M   6 8      27  10
 9  29  22  26 -14  39   0    T    M    M  9.2 17  30   M    M   6 8      25  30
10  37  26  32  -9  33   0 0.08    M    M  6.0 17 160   M    M  10 1358   26 150
11  43  35  39  -2  26   0    T    M    M 11.9 25 270   M    M   9 18     33 270
12  40  29  35  -7  30   0    T    M    M  8.3 21 320   M    M   7        27 320
13  51  29  40  -2  25   0 0.00    M    M  3.0 13 330   M    M   7        16 330
14  63  29  46   4  19   0 0.00    M    M  5.4 14 140   M    M   4        19 140
15  64  39  52   9  13   0 0.00    M    M  4.7 12  10   M    M   1        16 150
16  74  41  58  15   7   0 0.00    M    M  4.5 12  30   M    M   1        14  10
17  80  42  61  17   4   0 0.00    M    M  3.8 15 280   M    M   3        20 270
18  79  41  60  16   5   0 0.00    M    M  6.8 18  30   M    M   5        23  30
19  61  39  50   6  15   0 0.00    M    M  5.2 12 290   M    M   8        14  40
20  69  36  53   8  12   0 0.00    M    M  4.3 13 120   M    M   7        18 150
21  61  44  53   8  12   0 0.13    M    M  3.9 12 270   M    M  10 1      14 270
22  49  39  44  -2  21   0    T    M    M  9.3 15  20   M    M   7 18     21  10
23  53  29  41  -5  24   0 0.00    M    M  4.4 14  40   M    M   3        18  40
24  51  34  43  -3  22   0 0.23    M    M  3.5  9  60   M    M   9 1      12 200
25  61  41  51   4  14   0 0.67    M    M  9.6 21  90   M    M  10 13     27  90
26  48  33  41  -6  24   0 0.00    M    M  7.6 14  60   M    M   8        18  40
27  50  29  40  -7  25   0 0.00    M    M  6.6 15 360   M    M   3        20 360
28  54  37  46  -2  19   0 0.01    M    M  5.3 18 100   M    M   8        29 100
29  58  38  48   0  17   0 0.00    M    M  4.7 16 310   M    M   6        20 320
30  57  32  45  -3  20   0 0.00    M    M  3.2 13  10   M    M   6        18  30
================================================================================
SM 1519  958       704   0  1.74    M    199.0          M      201
================================================================================
AV 50.6 31.9                               6.6 FASTST   M    M   7    MAX(MPH)
                                 MISC ---->  # 31 280               # 39  280
================================================================================
NOTES:
# LAST OF SEVERAL OCCURRENCES

COLUMN 17 PEAK WIND IN M.P.H.

PRELIMINARY LOCAL CLIMATOLOGICAL DATA (WS FORM: F-6) , PAGE 2

                                          STATION:  TRAVERSE CITY MI
                                          MONTH:    APRIL
                                          YEAR:     2016
                                          LATITUDE:   44 44 N
                                          LONGITUDE:  85 34 W

[TEMPERATURE DATA]      [PRECIPITATION DATA]       SYMBOLS USED IN COLUMN 16

AVERAGE MONTHLY: 41.3   TOTAL FOR MONTH:   1.74    1 = FOG OR MIST
DPTR FM NORMAL:  -1.7   DPTR FM NORMAL:   -1.04    2 = FOG REDUCING VISIBILITY
HIGHEST:    80 ON 17    GRTST 24HR  1.15 ON 31- 1      TO 1/4 MILE OR LESS
LOWEST:     14 ON  5                               3 = THUNDER
                        SNOW, ICE PELLETS, HAIL    4 = ICE PELLETS
                        TOTAL MONTH:    M          5 = HAIL
                        GRTST 24HR    M  ON   M    6 = FREEZING RAIN OR DRIZZLE
                        GRTST DEPTH:  M  ON   M    7 = DUSTSTORM OR SANDSTORM:
                                                       VSBY 1/2 MILE OR LESS
                                                   8 = SMOKE OR HAZE
[NO. OF DAYS WITH]      [WEATHER - DAYS WITH]      9 = BLOWING SNOW
                                                   X = TORNADO
MAX 32 OR BELOW:   4    0.01 INCH OR MORE:  11
MAX 90 OR ABOVE:   0    0.10 INCH OR MORE:   5
MIN 32 OR BELOW:  16    0.50 INCH OR MORE:   1
MIN  0 OR BELOW:   0    1.00 INCH OR MORE:   0

[HDD (BASE 65) ]
TOTAL THIS MO.   704    CLEAR  (SCALE 0-3)   4
DPTR FM NORMAL    39    PTCLDY (SCALE 4-7)  17
TOTAL FM JUL 1  5869    CLOUDY (SCALE 8-10)  9
DPTR FM NORMAL -1198

[CDD (BASE 65) ]
TOTAL THIS MO.     0
DPTR FM NORMAL    -3    [PRESSURE DATA]
TOTAL FM JAN 1     0    HIGHEST SLP M ON M
DPTR FM NORMAL    -3    LOWEST  SLP 29.44 ON  7

[REMARKS]
#FINAL-04-16#
