000
CXUS54 KJAN 291200
CF6TVR
PRELIMINARY LOCAL CLIMATOLOGICAL DATA (WS FORM: F-6)

                                          STATION:   VICKSBURG
                                          MONTH:     AUGUST
                                          YEAR:      2014
                                          LATITUDE:   32 20 N
                                          LONGITUDE:  91  2 W

  TEMPERATURE IN F:       :PCPN:    SNOW:  WIND      :SUNSHINE: SKY     :PK WND
================================================================================
1   2   3   4   5  6A  6B    7    8   9   10  11  12  13   14  15   16   17  18
                                     12Z  AVG MX 2MIN
DY MAX MIN AVG DEP HDD CDD  WTR  SNW DPTH SPD SPD DIR MIN PSBL S-S WX    SPD DR
================================================================================

 1  77  70  74  -8   0   9 0.65  0.0    0  6.1 13 120   M    M  10 1      16 140
 2  81  70  76  -6   0  11 0.67  0.0    0  5.6 14  30   M    M  10 1      17  30
 3  90  69  80  -2   0  15 0.01  0.0    0  3.4 16  80   M    M   5 1      22  70
 4  93  68  81  -1   0  16 0.00  0.0    0  3.6 17  90   M    M   2 1      21 100
 5  94  67  81  -1   0  16 0.00  0.0    0  1.4  8 360   M    M   2 12     12  60
 6  95  69  82   0   0  17    T  0.0    0  1.6  7  30   M    M   3 12     10 210
 7  93  74  84   2   0  19 0.00  0.0    0  4.3 10 190   M    M   1 1      16 200
 8  94  72  83   1   0  18 0.00  0.0    0  2.7 12 270   M    M   1        17 290
 9  89  74  82   0   0  17 1.27  0.0    0  3.6 15 280   M    M   4 13     21 280
10  94  71  83   1   0  18 0.25  0.0    0  3.2 15  40   M    M   1 18     18  10
11  87  70  79  -3   0  14 0.13  0.0    0  3.7 12 160   M    M   3 1      14 160
12  90  64  77  -4   0  12 0.02  0.0    0  2.6 20  10   M    M   4 12     25  10
13  88  61  75  -6   0  10 0.00  0.0    0  5.1 15  20   M    M   0 1      20  30
14  87  57  72  -9   0   7 0.00  0.0    0  2.5 10 360   M    M   0 1      14  30
15  89  58  74  -7   0   9 0.00  0.0    0  1.8  9  30   M    M   3 12     13  30
16  93  63  78  -3   0  13 0.00  0.0    0  3.4 10 170   M    M   2 1      16 230
17  95  73  84   3   0  19    T  0.0    0  5.4 15 200   M    M   2        22 210
18  90  73  82   1   0  17 0.03  0.0    0  5.0 13 260   M    M   3        23 250
19  92  74  83   2   0  18 0.07  0.0    0  4.2 13 180   M    M   1 1      18 180
20  93  71  82   1   0  17 0.00  0.0    0  3.6 13 140   M    M   0 1      16 160
21  95  70  83   2   0  18 1.56  0.0    0  2.1 17 100   M    M   2 1      24 120
22  94  71  83   3   0  18 0.00  0.0    0  2.5  8 180   M    M   0 1      12 290
23  97  70  84   4   0  19 0.00  0.0    0  1.6  8  70   M    M   1 1      11  50
24  98  70  84   4   0  19 0.00  0.0    0  2.6 12  60   M    M   0 1      15  30
25  96  74  85   5   0  20 0.06  0.0    0  4.8 26 140   M    M   0        36 120
26  92  67  80   0   0  15 0.00  0.0    0  4.7 16  20   M    M   2        22  70
27  95  66  81   1   0  16 0.00  0.0    0  3.8 12  60   M    M   1        15  90
28  93  67  80   0   0  15 1.15  0.0    0  2.0 22 310   M    M   3        30 320
================================================================================
SM 2564 1923         0 432  5.87     0.0  96.9          M       66
================================================================================
AV 91.6 68.7                               3.5 FASTST   M    M   2    MAX(MPH)
                                 MISC ---->  # 26 140               # 36  120
================================================================================
NOTES:
# LAST OF SEVERAL OCCURRENCES

COLUMN 17 PEAK WIND IN M.P.H.

PRELIMINARY LOCAL CLIMATOLOGICAL DATA (WS FORM: F-6) , PAGE 2

                                          STATION:  VICKSBURG
                                          MONTH:    AUGUST
                                          YEAR:     2014
                                          LATITUDE:   32 20 N
                                          LONGITUDE:  91  2 W

[TEMPERATURE DATA]      [PRECIPITATION DATA]       SYMBOLS USED IN COLUMN 16

AVERAGE MONTHLY: 80.1   TOTAL FOR MONTH:   5.87    1 = FOG OR MIST
DPTR FM NORMAL:  -1.0   DPTR FM NORMAL:    2.62    2 = FOG REDUCING VISIBILITY
HIGHEST:    98 ON 24    GRTST 24HR  1.56 ON 21-21      TO 1/4 MILE OR LESS
LOWEST:     57 ON 14                               3 = THUNDER
                        SNOW, ICE PELLETS, HAIL    4 = ICE PELLETS
                        TOTAL MONTH:   0.0 INCH    5 = HAIL
                        GRTST 24HR     0.0         6 = FREEZING RAIN OR DRIZZLE
                        GRTST DEPTH:   0           7 = DUSTSTORM OR SANDSTORM:
                                                       VSBY 1/2 MILE OR LESS
                                                   8 = SMOKE OR HAZE
[NO. OF DAYS WITH]      [WEATHER - DAYS WITH]      9 = BLOWING SNOW
                                                   X = TORNADO
MAX 32 OR BELOW:   0    0.01 INCH OR MORE:  12
MAX 90 OR ABOVE:  21    0.10 INCH OR MORE:   7
MIN 32 OR BELOW:   0    0.50 INCH OR MORE:   5
MIN  0 OR BELOW:   0    1.00 INCH OR MORE:   3

[HDD (BASE 65) ]
TOTAL THIS MO.     0    CLEAR  (SCALE 0-3)  21
DPTR FM NORMAL     0    PTCLDY (SCALE 4-7)   5
TOTAL FM JUL 1     0    CLOUDY (SCALE 8-10)  2
DPTR FM NORMAL     0

[CDD (BASE 65) ]
TOTAL THIS MO.   432
DPTR FM NORMAL   -19    [PRESSURE DATA]
TOTAL FM JAN 1  1613    HIGHEST SLP M ON M
DPTR FM NORMAL  -136    LOWEST  SLP 29.87 ON M

[REMARKS]
