000
CXUS55 KBOI 011002
CF6TWF
PRELIMINARY LOCAL CLIMATOLOGICAL DATA (WS FORM: F-6)

                                          STATION:   TWIN FALLS ID
                                          MONTH:     MAY
                                          YEAR:      2015
                                          LATITUDE:   42 28 N
                                          LONGITUDE: 114 29 W

  TEMPERATURE IN F:       :PCPN:    SNOW:  WIND      :SUNSHINE: SKY     :PK WND
================================================================================
1   2   3   4   5  6A  6B    7    8   9   10  11  12  13   14  15   16   17  18
                                     12Z  AVG MX 2MIN
DY MAX MIN AVG DEP HDD CDD  WTR  SNW DPTH SPD SPD DIR MIN PSBL S-S WX    SPD DR
================================================================================

 1  77  38  58   6   7   0 0.00    M    M  7.8 16 180   M    M   0        20 180
 2  80  46  63  11   2   0 0.00    M    M  9.4 20 280   M    M   0        25 280
 3  78  52  65  12   0   0    T    M    M  9.6 28 180   M    M   1        37 180
 4  78  45  62   9   3   0 0.00    M    M  8.9 18 150   M    M   1        24 160
 5  73  48  61   8   4   0 0.00    M    M 15.5 24 270   M    M   0        30 270
 6  56  44  50  -4  15   0 0.00    M    M 14.1 20 250   M    M   5        21 280
 7  56  41  49  -5  16   0 0.02    M    M  8.8 21 210   M    M   7        27 210
 8  67  38  53  -1  12   0 0.03    M    M  6.1 21 330   M    M   7        26 320
 9  68  43  56   2   9   0    T    M    M  7.9 20  70   M    M   4        24  70
10  70  44  57   2   8   0 0.00    M    M  9.3 21  80   M    M   0        30 100
11  77  38  58   3   7   0    T    M    M  8.8 31 140   M    M   1 3      38 140
12  77  49  63   8   2   0 0.01    M    M 13.4 39 140   M    M   4 38     51 130
13  67  39  53  -3  12   0 0.00    M    M  8.2 17 260   M    M   1        23 210
14  69  45  57   1   8   0    T    M    M  9.2 22 160   M    M   4 3      30  80
15  62  48  55  -1  10   0 0.39    M    M  8.6 21 170   M    M   8 13X    27 170
16  63  47  55  -2  10   0 0.52    M    M 22.3 37 260   M    M  10 1      45 260
17  65  51  58   1   7   0    T    M    M  9.6 18  80   M    M   8        25 180
18  67  48  58   1   7   0 0.72    M    M  9.3 23 170   M    M   5 138    28 180
19  62  45  54  -3  11   0 0.04    M    M  3.7 15  70   M    M   6 1      19  60
20  62  48  55  -3  10   0 0.11    M    M  9.2 29 150   M    M   9 1      33 150
21  71  47  59   1   6   0 0.03    M    M  7.4 23 130   M    M   5 3      27 120
22  67  50  59   1   6   0 0.02    M    M  5.9 16 320   M    M   6 3      18 320
23  71  52  62   4   3   0 0.11    M    M  8.5 22 100   M    M   7        32 300
24  72  47  60   1   5   0 0.18    M    M  7.8 26  20   M    M   7 123    35  10
25  72  50  61   2   4   0    T    M    M 10.7 23 210   M    M   3        28 210
26  74  54  64   5   1   0 0.00    M    M 10.1 32 250   M    M   5 3      40 260
27  73  50  62   3   3   0 0.09    M    M 10.1 26 270   M    M   3 13     33 280
28  74  49  62   2   3   0 0.00    M    M  9.5 16 290   M    M   1        22 270
29  80  44  62   2   3   0    T    M    M  8.8 21 150   M    M   0 3      26 150
30  88  61  75  15   0  10    T    M    M  9.2 23 280   M    M   1 3      29 280
31  88  54  71  11   0   6 0.11    M    M  7.7 26 270   M    M   0 3      32 290
================================================================================
SM 2204 1455       194  16  2.38    M    295.4          M      119
================================================================================
AV 71.1 46.9                               9.5 FASTST   M    M   4    MAX(MPH)
                                 MISC ---->  # 39 140               # 51  130
================================================================================
NOTES:
# LAST OF SEVERAL OCCURRENCES

COLUMN 17 PEAK WIND IN M.P.H.

PRELIMINARY LOCAL CLIMATOLOGICAL DATA (WS FORM: F-6) , PAGE 2

                                          STATION:  TWIN FALLS ID
                                          MONTH:    MAY
                                          YEAR:     2015
                                          LATITUDE:   42 28 N
                                          LONGITUDE: 114 29 W

[TEMPERATURE DATA]      [PRECIPITATION DATA]       SYMBOLS USED IN COLUMN 16

AVERAGE MONTHLY: 59.0   TOTAL FOR MONTH:   2.38    1 = FOG OR MIST
DPTR FM NORMAL:   2.5   DPTR FM NORMAL:    1.02    2 = FOG REDUCING VISIBILITY
HIGHEST:    88 ON 31,30 GRTST 24HR  0.90 ON 15-16      TO 1/4 MILE OR LESS
LOWEST:     38 ON 11, 8                            3 = THUNDER
                        SNOW, ICE PELLETS, HAIL    4 = ICE PELLETS
                        TOTAL MONTH:    M          5 = HAIL
                        GRTST 24HR    M  ON   M    6 = FREEZING RAIN OR DRIZZLE
                        GRTST DEPTH:  M  ON   M    7 = DUSTSTORM OR SANDSTORM:
                                                       VSBY 1/2 MILE OR LESS
                                                   8 = SMOKE OR HAZE
[NO. OF DAYS WITH]      [WEATHER - DAYS WITH]      9 = BLOWING SNOW
                                                   X = TORNADO
MAX 32 OR BELOW:   0    0.01 INCH OR MORE:  14
MAX 90 OR ABOVE:   0    0.10 INCH OR MORE:   7
MIN 32 OR BELOW:   0    0.50 INCH OR MORE:   2
MIN  0 OR BELOW:   0    1.00 INCH OR MORE:   0

[HDD (BASE 65) ]
TOTAL THIS MO.   194    CLEAR  (SCALE 0-3)  14
DPTR FM NORMAL   -92    PTCLDY (SCALE 4-7)  15
TOTAL FM JUL 1  4828    CLOUDY (SCALE 8-10)  2
DPTR FM NORMAL -1256

[CDD (BASE 65) ]
TOTAL THIS MO.    16
DPTR FM NORMAL    -5    [PRESSURE DATA]
TOTAL FM JAN 1    16    HIGHEST SLP 30.05 ON 29
DPTR FM NORMAL    -6    LOWEST  SLP 29.40 ON 12

[REMARKS]
#FINAL-05-15#
