000
CXUS53 KLSX 261600
CF6UIN
PRELIMINARY LOCAL CLIMATOLOGICAL DATA (WS FORM: F-6)

                                          STATION:   QUINCY IL
                                          MONTH:     JULY
                                          YEAR:      2016
                                          LATITUDE:   39 57 N
                                          LONGITUDE:  91 12 W

  TEMPERATURE IN F:       :PCPN:    SNOW:  WIND      :SUNSHINE: SKY     :PK WND
================================================================================
1   2   3   4   5  6A  6B    7    8   9   10  11  12  13   14  15   16   17  18
                                     12Z  AVG MX 2MIN
DY MAX MIN AVG DEP HDD CDD  WTR  SNW DPTH SPD SPD DIR MIN PSBL S-S WX    SPD DR
================================================================================

 1  80  63  72  -4   0   7 0.00  0.0    0  8.6 16 360   M    M   2 1      21  30
 2  67  58  63 -13   2   0 0.27  0.0    0  8.9 14 100   M    M   7 1      20 140
 3  64  57  61 -15   4   0 0.37  0.0    0 10.1 18 110   M    M  10 1      22 110
 4  79  64  72  -4   0   7 0.00  0.0    0  4.3  9 130   M    M   9 1      10 140
 5  90  63  77   1   0  12 0.52  0.0    0  6.9 25 290   M    M   3 123    38 290
 6  80  69  75  -1   0  10 0.20  0.0    0 10.1 32  50   M    M   3 13     37 220
 7  85  68  77   1   0  12 0.64  0.0    0  8.7 41 250   M    M   3 123    58 230
 8  88  68  78   2   0  13 0.00  0.0    0  6.8 17 340   M    M   2 1      21 340
 9  84  63  74  -2   0   9 0.00  0.0    0  4.6 10 360   M    M   0        12  40
10  89  66  78   2   0  13 0.03  0.0    0  8.5 31 330   M    M   2 3      41 330
11  91  71  81   5   0  16 0.00  0.0    0 10.7 17 150   M    M   0        27 160
12  87  67  77   1   0  12 0.37  0.0    0  8.5 35 320   M    M   3 1      46 330
13  88  69  79   3   0  14 0.73  0.0    0  8.1 43 250   M    M   5 13     57 260
14  88  69  79   3   0  14 0.00  0.0    0  6.0 13 260   M    M   0        16 260
15  82  66  74  -2   0   9 0.00  0.0    0  6.7 15 330   M    M   1        19 310
16  83  62  73  -3   0   8 0.00  0.0    0  7.4 13 140   M    M   2        17 130
17  91  71  81   5   0  16 0.08  0.0    0  9.5 21 190   M    M   2 13     27 200
18  90  76  83   7   0  18 0.00  0.0    0  5.8 15 340   M    M   1 8      19 340
19  92  70  81   5   0  16 1.18  0.0    0  8.0 48 310   M    M   2 138    62 310
20  88  71  80   4   0  15 0.00  0.0    0  8.0 17 160   M    M   4 1      23 150
21  95  77  86  10   0  21 0.00  0.0    0  8.1 15 220   M    M   1 1      22 220
22  90  70  80   4   0  15 0.86  0.0    0  8.0 33  70   M    M   3 13     40  60
23  93  74  84   8   0  19 0.00  0.0    0  6.3 13 160   M    M   0        16 180
24  95  76  86  10   0  21 0.00  0.0    0  8.2 16 310   M    M   0        20 320
25  86  71  79   3   0  14 0.00  0.0    0  6.3 14 360   M    M   2        18 360
================================================================================
SM 2145 1699         6 311  5.25     0.0 193.1          M       67
================================================================================
AV 85.8 68.0                               7.7 FASTST   M    M   3    MAX(MPH)
                                 MISC ---->  # 48 310               # 62  310
================================================================================
NOTES:
# LAST OF SEVERAL OCCURRENCES

COLUMN 17 PEAK WIND IN M.P.H.

PRELIMINARY LOCAL CLIMATOLOGICAL DATA (WS FORM: F-6) , PAGE 2

                                          STATION:  QUINCY IL
                                          MONTH:    JULY
                                          YEAR:     2016
                                          LATITUDE:   39 57 N
                                          LONGITUDE:  91 12 W

[TEMPERATURE DATA]      [PRECIPITATION DATA]       SYMBOLS USED IN COLUMN 16

AVERAGE MONTHLY: 76.9   TOTAL FOR MONTH:   5.25    1 = FOG OR MIST
DPTR FM NORMAL:   0.9   DPTR FM NORMAL:    1.93    2 = FOG REDUCING VISIBILITY
HIGHEST:    95 ON 24,21 GRTST 24HR  1.18 ON 19-19      TO 1/4 MILE OR LESS
LOWEST:     57 ON  3                               3 = THUNDER
                        SNOW, ICE PELLETS, HAIL    4 = ICE PELLETS
                        TOTAL MONTH:   0.0 INCH    5 = HAIL
                        GRTST 24HR     0.0         6 = FREEZING RAIN OR DRIZZLE
                        GRTST DEPTH:   0           7 = DUSTSTORM OR SANDSTORM:
                                                       VSBY 1/2 MILE OR LESS
                                                   8 = SMOKE OR HAZE
[NO. OF DAYS WITH]      [WEATHER - DAYS WITH]      9 = BLOWING SNOW
                                                   X = TORNADO
MAX 32 OR BELOW:   0    0.01 INCH OR MORE:  11
MAX 90 OR ABOVE:   9    0.10 INCH OR MORE:   9
MIN 32 OR BELOW:   0    0.50 INCH OR MORE:   5
MIN  0 OR BELOW:   0    1.00 INCH OR MORE:   1

[HDD (BASE 65) ]
TOTAL THIS MO.     6    CLEAR  (SCALE 0-3)  17
DPTR FM NORMAL     6    PTCLDY (SCALE 4-7)   6
TOTAL FM JUL 1     6    CLOUDY (SCALE 8-10)  2
DPTR FM NORMAL     6

[CDD (BASE 65) ]
TOTAL THIS MO.   311
DPTR FM NORMAL    36    [PRESSURE DATA]
TOTAL FM JAN 1   772    HIGHEST SLP M ON M
DPTR FM NORMAL   184    LOWEST  SLP 29.77 ON  6

[REMARKS]
