000
CXUS53 KLSX 251600
CF6UIN
PRELIMINARY LOCAL CLIMATOLOGICAL DATA (WS FORM: F-6)

                                          STATION:   QUINCY IL
                                          MONTH:     APRIL
                                          YEAR:      2017
                                          LATITUDE:   39 57 N
                                          LONGITUDE:  91 12 W

  TEMPERATURE IN F:       :PCPN:    SNOW:  WIND      :SUNSHINE: SKY     :PK WND
================================================================================
1   2   3   4   5  6A  6B    7    8   9   10  11  12  13   14  15   16   17  18
                                     12Z  AVG MX 2MIN
DY MAX MIN AVG DEP HDD CDD  WTR  SNW DPTH SPD SPD DIR MIN PSBL S-S WX    SPD DR
================================================================================

 1  57  35  46  -2  19   0 0.00  0.0    0  5.4 13  90   M    M   1        16  80
 2  59  45  52   3  13   0 0.04  0.0    0  8.4 20 140   M    M   7 1      24 140
 3  57  52  55   6  10   0 0.25  0.0    0  8.1 23 290   M    M   9 1      28 290
 4  57  49  53   4  12   0 0.51  0.0    0 10.4 22  70   M    M   9 13     26  70
 5  49  39  44  -6  21   0 0.61  0.0    0 23.1 37  80   M    M   9 13     45  70
 6  56  39  48  -2  17   0 0.00  0.0    0 16.7 31 330   M    M   3        38 320
 7  57  32  45  -5  20   0 0.00  0.0    0  6.1 12 280   M    M   0        14 270
 8  78  41  60   9   5   0 0.00  0.0    0 12.0 24 190   M    M   0        29 170
 9  82  62  72  21   0   7 0.00  0.0    0 16.5 28 200   M    M   3        35 200
10  76  51  64  13   1   0 0.21  0.0    0 13.7 37 320   M    M   3 13     45 320
11  62  41  52   0  13   0 0.00  0.0    0  7.8 20 300   M    M   4        25 320
12  72  42  57   5   8   0 0.00  0.0    0  8.6 16 170   M    M   0        21 190
13  80  57  69  17   0   4 0.00  0.0    0  8.9 16 240   M    M   2        21 210
14  78  57  68  15   0   3    T  0.0    0  8.7 16 220   M    M   1        21 220
15  81  65  73  20   0   8 0.00  0.0    0 14.7 28 200   M    M   2        34 210
16  72  57  65  11   0   0 0.38  0.0    0  8.9 25  10   M    M   6 13     31 360
17  71  53  62   8   3   0    T  0.0    0  5.9 10 190   M    M   2        18 130
18  76  49  63   9   2   0 0.00  0.0    0  7.7 21 180   M    M   1        26 160
19  84  61  73  18   0   8 0.00  0.0    0 10.0 20 190   M    M   2        25 190
20  73  48  61   6   4   0    T    M    0 13.5 23 320   M    M   3        31 320
21  58  44  51  -4  14   0 0.00  0.0    0  9.7 20  60   M    M   0        23  40
22  64  43  54  -2  11   0 0.00  0.0    0 12.7 25  70   M    M   0        34  50
23  72  36  54  -2  11   0 0.00  0.0    0  6.0 15  20   M    M   0 8      19  40
24  76  46  61   5   4   0 0.00  0.0    0  9.4 20 140   M    M   0        26 130
================================================================================
SM 1647 1144       188  30  2.00     0.0 252.9          M       67
================================================================================
AV 68.6 47.7                              10.5 FASTST   M    M   3    MAX(MPH)
                                 MISC ---->  # 37  80               # 45   70
================================================================================
NOTES:
# LAST OF SEVERAL OCCURRENCES

COLUMN 17 PEAK WIND IN M.P.H.

PRELIMINARY LOCAL CLIMATOLOGICAL DATA (WS FORM: F-6) , PAGE 2

                                          STATION:  QUINCY IL
                                          MONTH:    APRIL
                                          YEAR:     2017
                                          LATITUDE:   39 57 N
                                          LONGITUDE:  91 12 W

[TEMPERATURE DATA]      [PRECIPITATION DATA]       SYMBOLS USED IN COLUMN 16

AVERAGE MONTHLY: 58.2   TOTAL FOR MONTH:   2.00    1 = FOG OR MIST
DPTR FM NORMAL:   5.9   DPTR FM NORMAL:   -0.90    2 = FOG REDUCING VISIBILITY
HIGHEST:    84 ON 19    GRTST 24HR  1.11 ON  4- 5      TO 1/4 MILE OR LESS
LOWEST:     32 ON  7                               3 = THUNDER
                        SNOW, ICE PELLETS, HAIL    4 = ICE PELLETS
                        TOTAL MONTH:   0.0 INCH    5 = HAIL
                        GRTST 24HR     0.0         6 = FREEZING RAIN OR DRIZZLE
                        GRTST DEPTH:   0           7 = DUSTSTORM OR SANDSTORM:
                                                       VSBY 1/2 MILE OR LESS
                                                   8 = SMOKE OR HAZE
[NO. OF DAYS WITH]      [WEATHER - DAYS WITH]      9 = BLOWING SNOW
                                                   X = TORNADO
MAX 32 OR BELOW:   0    0.01 INCH OR MORE:   6
MAX 90 OR ABOVE:   0    0.10 INCH OR MORE:   5
MIN 32 OR BELOW:   1    0.50 INCH OR MORE:   2
MIN  0 OR BELOW:   0    1.00 INCH OR MORE:   0

[HDD (BASE 65) ]
TOTAL THIS MO.   188    CLEAR  (SCALE 0-3)  18
DPTR FM NORMAL  -131    PTCLDY (SCALE 4-7)   3
TOTAL FM JUL 1  4251    CLOUDY (SCALE 8-10)  3
DPTR FM NORMAL -1128

[CDD (BASE 65) ]
TOTAL THIS MO.    30
DPTR FM NORMAL    19    [PRESSURE DATA]
TOTAL FM JAN 1    30    HIGHEST SLP M ON M
DPTR FM NORMAL    17    LOWEST  SLP 29.38 ON  3

[REMARKS]
