000
CXUS53 KSGF 270800
CF6UNO
PRELIMINARY LOCAL CLIMATOLOGICAL DATA (WS FORM: F-6)

                                          STATION:   WEST PLAINS MO
                                          MONTH:     APRIL
                                          YEAR:      2017
                                          LATITUDE:   36 52 N
                                          LONGITUDE:  91 55 W

  TEMPERATURE IN F:       :PCPN:    SNOW:  WIND      :SUNSHINE: SKY     :PK WND
================================================================================
1   2   3   4   5  6A  6B    7    8   9   10  11  12  13   14  15   16   17  18
                                     12Z  AVG MX 2MIN
DY MAX MIN AVG DEP HDD CDD  WTR  SNW DPTH SPD SPD DIR MIN PSBL S-S WX    SPD DR
================================================================================

 1  65  45  55   2  10   0 0.00    M    M  7.0 13 110   M    M   5        19  80
 2  70  48  59   6   6   0 0.04    M    M  7.1 15 140   M    M   1        20 140
 3  68  54  61   7   4   0 0.19    M    M 10.4 25 280   M    M   8 1      35 260
 4  76  48  62   8   3   0 0.95    M    M  7.3 29 230   M    M   3 13     40 220
 5  59  43  51  -3  14   0 0.27    M    M 13.7 26 320   M    M   7 13     38 330
 6  62  41  52  -3  13   0 0.00    M    M 13.2 26 320   M    M   2        36 320
 7  66  35  51  -4  14   0 0.00    M    M  5.1 14 300   M    M   0        19 320
 8  76  45  61   6   4   0 0.00    M    M 10.1 21 160   M    M   0        29 150
 9  75  57  66  10   0   1 0.00    M    M 13.8 26 180   M    M   0        35 190
10  73  59  66  10   0   1 0.00    M    M 10.5 18 180   M    M   6        27 200
11  68  44  56   0   9   0 0.00    M    M  4.8 14  10   M    M   2        17 360
12  75  40  58   2   7   0 0.00    M    M  3.9 12 130   M    M   0 8      16 140
13  80  52  66   9   0   1 0.00    M    M  3.8 12 210   M    M   1        15 220
14  81  59  70  13   0   5 0.00    M    M  6.9 20 210   M    M   3        26 210
15  81  59  70  13   0   5 0.00    M    M 10.4 21 180   M    M   2        29 220
16  73  57  65   7   0   0 0.21    M    M  3.8 20 300   M    M   5 13     26 310
17  63  58  61   3   4   0 1.17    M    M  7.5 14  60   M    M   9 13     19  60
18  74  57  66   8   0   1 0.00    M    M  4.7 12 190   M    M   6 1      15 210
19  81  56  69  11   0   4 0.00    M    M  7.7 17 180   M    M   3 12     25 180
20  75  59  67   8   0   2 0.92    M    M  5.7 18 280   M    M   6 13     25 280
21  59  47  53  -6  12   0 2.69    M    M 10.2 21 110   M    M  10 13     27 110
22  50  44  47 -12  18   0 0.13    M    M  9.4 18  30   M    M  10 1      25  30
23  71  43  57  -3   8   0 0.00    M    M  9.5 23  30   M    M   1        29  40
24  75  39  57  -3   8   0 0.00  0.0    0  4.4 13 170   M    M   0        17 150
25  78  50  64   4   1   0 0.00    M    M 10.9 23 170   M    M   2        32 150
26  67  46  57  -3   8   0 2.16    M    0  7.5 20 280   M    M  10 13     29 260
================================================================================
SM 1841 1285       143  20  8.73     0.0 209.3          M      102
================================================================================
AV 70.8 49.4                               8.0 FASTST   M    M   4    MAX(MPH)
                                 MISC ---->  # 29 230               # 40  220
================================================================================
NOTES:
# LAST OF SEVERAL OCCURRENCES

COLUMN 17 PEAK WIND IN M.P.H.

PRELIMINARY LOCAL CLIMATOLOGICAL DATA (WS FORM: F-6) , PAGE 2

                                          STATION:  WEST PLAINS MO
                                          MONTH:    APRIL
                                          YEAR:     2017
                                          LATITUDE:   36 52 N
                                          LONGITUDE:  91 55 W

[TEMPERATURE DATA]      [PRECIPITATION DATA]       SYMBOLS USED IN COLUMN 16

AVERAGE MONTHLY: 60.1   TOTAL FOR MONTH:   8.73    1 = FOG OR MIST
DPTR FM NORMAL:   3.3   DPTR FM NORMAL:    4.89    2 = FOG REDUCING VISIBILITY
HIGHEST:    81 ON 19,15 GRTST 24HR  2.69 ON 21-21      TO 1/4 MILE OR LESS
LOWEST:     35 ON  7                               3 = THUNDER
                        SNOW, ICE PELLETS, HAIL    4 = ICE PELLETS
                        TOTAL MONTH:   0.0 INCH    5 = HAIL
                        GRTST 24HR     0.0         6 = FREEZING RAIN OR DRIZZLE
                        GRTST DEPTH:   0           7 = DUSTSTORM OR SANDSTORM:
                                                       VSBY 1/2 MILE OR LESS
                                                   8 = SMOKE OR HAZE
[NO. OF DAYS WITH]      [WEATHER - DAYS WITH]      9 = BLOWING SNOW
                                                   X = TORNADO
MAX 32 OR BELOW:   0    0.01 INCH OR MORE:  10
MAX 90 OR ABOVE:   0    0.10 INCH OR MORE:   9
MIN 32 OR BELOW:   0    0.50 INCH OR MORE:   5
MIN  0 OR BELOW:   0    1.00 INCH OR MORE:   3

[HDD (BASE 65) ]
TOTAL THIS MO.   143    CLEAR  (SCALE 0-3)  14
DPTR FM NORMAL   -89    PTCLDY (SCALE 4-7)   8
TOTAL FM JUL 1  3221    CLOUDY (SCALE 8-10)  4
DPTR FM NORMAL -1021

[CDD (BASE 65) ]
TOTAL THIS MO.    20
DPTR FM NORMAL    -1    [PRESSURE DATA]
TOTAL FM JAN 1    25    HIGHEST SLP M ON M
DPTR FM NORMAL     0    LOWEST  SLP 29.36 ON  4

[REMARKS]
