000
CXUS55 KLOX 291655
CF6VNY
PRELIMINARY LOCAL CLIMATOLOGICAL DATA (WS FORM: F-6)

                                          STATION:   VAN NUYS AIRPORT CA
                                          MONTH:     APRIL
                                          YEAR:      2017
                                          LATITUDE:   34 13 N
                                          LONGITUDE: 118 29 W

  TEMPERATURE IN F:       :PCPN:    SNOW:  WIND      :SUNSHINE: SKY     :PK WND
================================================================================
1   2   3   4   5  6A  6B    7    8   9   10  11  12  13   14  15   16   17  18
                                     12Z  AVG MX 2MIN
DY MAX MIN AVG DEP HDD CDD  WTR  SNW DPTH SPD SPD DIR MIN PSBL S-S WX    SPD DR
================================================================================

 1  78  47  63   3   2   0 0.00  0.0    0  3.2 13 290   M    M   0        17 300
 2  78  53  66   6   0   1 0.00  0.0    0  5.3 15 150   M    M   0        20 150
 3  71  52  62   2   3   0 0.00  0.0    0  4.8 14 170   M    M   4 18     18 160
 4  79  50  65   5   0   0 0.00  0.0    0  3.7 14 170   M    M   2 18     17 160
 5  86  55  71  11   0   6 0.00  0.0    0  3.5 14 170   M    M   1        17 170
 6  79  55  67   7   0   2 0.00  0.0    0  5.1 15 150   M    M   0        18 150
 7  74  51  63   3   2   0 0.05  0.0    0  6.4 14 160   M    M   5 18     19 130
 8  69  51  60   0   5   0 0.06  0.0    0  6.8 23 360   M    M   3 1      32 350
 9  76  49  63   2   2   0 0.00  0.0    0  6.5 21 330   M    M   0        25 330
10  80  47  64   3   1   0 0.00  0.0    0  3.5 14 170   M    M   0        19 290
11  77  50  64   3   1   0 0.00  0.0    0  3.2  M  99   M    M   1         M  M
12  76  52  64   3   1   0 0.00  0.0    M  4.6 16 300   M    M   0        22 280
13  69  52  61   0   4   0 0.00  0.0    0  3.6 15 220   M    M   5        22 260
14  73  53  63   2   2   0 0.00  0.0    0 10.5 26 360   M    M   0        37 360
15  81  49  65   3   0   0 0.00  0.0    0  3.7 13 150   M    M   0        16 130
16  79  53  66   4   0   1 0.00  0.0    0  3.4 15 140   M    M   1        19 170
17  74  53  64   2   1   0 0.00  0.0    0  3.3 13 300   M    M   6        17 300
18  76  59  68   6   0   3 0.00  0.0    0  2.5 14 240   M    M   7 1      22 230
19  80  57  69   7   0   4 0.00  0.0    0  4.9 15 360   M    M   2 1      20 360
20  83  56  70   8   0   5 0.00  0.0    0 14.0 28 350   M    M   0        36 350
21  93  59  76  14   0  11 0.00  0.0    0  9.8 23 330   M    M   0        30 340
22  94  58  76  13   0  11 0.00  0.0    0  3.8 14 300   M    M   0        20 310
23  82  58  70   7   0   5 0.00  0.0    0  6.4 15 170   M    M   0        20 150
24  74  55  65   2   0   0 0.00  0.0    0  8.1 26  20   M    M   1        34  20
25  77  59  68   5   0   3 0.00  0.0    0 20.2 36 350   M    M   2        46 350
26  88  63  76  12   0  11 0.00  0.0    0 14.0 26 360   M    M   0        35 350
27  80  66  73   9   0   8 0.00  0.0    0 23.0 37 360   M    M   0        49 350
28  81  64  73   9   0   8 0.00  0.0    0 22.8 37 350   M    M   0        46 350
================================================================================
SM 2207 1526        24  79  0.11     0.0 210.7          M       40
================================================================================
AV 78.8 54.5                               7.5 FASTST   M    M   1    MAX(MPH)
                                 MISC ---->  # 37 360               # 49  350
================================================================================
NOTES:
# LAST OF SEVERAL OCCURRENCES

COLUMN 17 PEAK WIND IN M.P.H.

PRELIMINARY LOCAL CLIMATOLOGICAL DATA (WS FORM: F-6) , PAGE 2

                                          STATION:  VAN NUYS AIRPORT CA
                                          MONTH:    APRIL
                                          YEAR:     2017
                                          LATITUDE:   34 13 N
                                          LONGITUDE: 118 29 W

[TEMPERATURE DATA]      [PRECIPITATION DATA]       SYMBOLS USED IN COLUMN 16

AVERAGE MONTHLY: 66.7   TOTAL FOR MONTH:   0.11    1 = FOG OR MIST
DPTR FM NORMAL:   5.1   DPTR FM NORMAL:   -0.71    2 = FOG REDUCING VISIBILITY
HIGHEST:    94 ON 22    GRTST 24HR  0.06 ON  8- 8      TO 1/4 MILE OR LESS
LOWEST:     47 ON 10, 1                            3 = THUNDER
                        SNOW, ICE PELLETS, HAIL    4 = ICE PELLETS
                        TOTAL MONTH:   0.0 INCH    5 = HAIL
                        GRTST 24HR     0.0         6 = FREEZING RAIN OR DRIZZLE
                        GRTST DEPTH:   0           7 = DUSTSTORM OR SANDSTORM:
                                                       VSBY 1/2 MILE OR LESS
                                                   8 = SMOKE OR HAZE
[NO. OF DAYS WITH]      [WEATHER - DAYS WITH]      9 = BLOWING SNOW
                                                   X = TORNADO
MAX 32 OR BELOW:   0    0.01 INCH OR MORE:   2
MAX 90 OR ABOVE:   2    0.10 INCH OR MORE:   0
MIN 32 OR BELOW:   0    0.50 INCH OR MORE:   0
MIN  0 OR BELOW:   0    1.00 INCH OR MORE:   0

[HDD (BASE 65) ]
TOTAL THIS MO.    24    CLEAR  (SCALE 0-3)  23
DPTR FM NORMAL  -105    PTCLDY (SCALE 4-7)   5
TOTAL FM JUL 1  1035    CLOUDY (SCALE 8-10)  0
DPTR FM NORMAL  -394

[CDD (BASE 65) ]
TOTAL THIS MO.    79
DPTR FM NORMAL    42    [PRESSURE DATA]
TOTAL FM JAN 1   151    HIGHEST SLP M ON M
DPTR FM NORMAL    89    LOWEST  SLP 29.68 ON 27

[REMARKS]
