000
CXUS52 KMLB 200627
CF6VRB
PRELIMINARY LOCAL CLIMATOLOGICAL DATA (WS FORM: F-6)

                                          STATION:   VERO BEACH
                                          MONTH:     JANUARY
                                          YEAR:      2018
                                          LATITUDE:   27 39 N
                                          LONGITUDE:  80 25 W

  TEMPERATURE IN F:       :PCPN:    SNOW:  WIND      :SUNSHINE: SKY     :PK WND
================================================================================
1   2   3   4   5  6A  6B    7    8   9   10  11  12  13   14  15   16   17  18
                                     12Z  AVG MX 2MIN
DY MAX MIN AVG DEP HDD CDD  WTR  SNW DPTH SPD SPD DIR MIN PSBL S-S WX    SPD DR
================================================================================

 1  76  52  64   2   1   0 0.10  0.0    0  8.5 21  10   M    M   7 18     28 360
 2  67  55  61  -1   4   0 1.29  0.0    0 13.8 24  50   M    M   8 18     34  60
 3  66  41  54  -8  11   0 0.19  0.0    0 13.2 37 290   M    M   7 1      46 290
 4  55  34  45 -17  20   0 0.00  0.0    0 11.0 23 300   M    M   0        29 250
 5  56  35  46 -16  19   0 0.00  0.0    0  9.4 16 360   M    M   0        21 360
 6  59  42  51 -11  14   0 0.00  0.0    0 10.9 18 350   M    M   0        24  10
 7  68  45  57  -5   8   0    T  0.0    0 10.5 21  50   M    M   5        25  50
 8  74  62  68   6   0   3 0.03  0.0    0  9.6 20 130   M    M   5 18     25 120
 9  77  59  68   6   0   3 0.73  0.0    0  6.2 16 140   M    M   6 138    20 150
10  78  59  69   7   0   4 0.00  0.0    0  4.6 15  40   M    M   6 12     18  40
11  80  63  72  10   0   7 0.14  0.0    0  8.0 20 130   M    M   4 12     24 130
12  85  67  76  14   0  11 0.02  0.0    0 10.9 23 200   M    M   7 1      31 200
13  69  53  61  -1   4   0 0.00  0.0    0  9.3 20 300   M    M   7        23 300
14  65  45  55  -7  10   0 0.00  0.0    0 13.1 24 340   M    M   5        30 350
15  67  49  58  -4   7   0 0.00  0.0    0 14.7 29 350   M    M   5 8      37 350
16  72  51  62   0   3   0 0.00  0.0    0  9.0 16  30   M    M   1        22  30
17  73  49  61  -1   4   0 0.00  0.0    0  8.4 21 290   M    M   1 1      27 280
18  55  32  44 -18  21   0 0.00  0.0    0 12.1 22 340   M    M   1        27 350
19  66  41  54  -8  11   0 0.00  0.0    0  7.0 15 350   M    M   0        19 360
================================================================================
SM 1308  934       137  28  2.50     0.0 190.2          M       75
================================================================================
AV 68.8 49.2                              10.0 FASTST   M    M   4    MAX(MPH)
                                 MISC ---->  # 37 290               # 46  290
================================================================================
NOTES:
# LAST OF SEVERAL OCCURRENCES

COLUMN 17 PEAK WIND IN M.P.H.

PRELIMINARY LOCAL CLIMATOLOGICAL DATA (WS FORM: F-6) , PAGE 2

                                          STATION:  VERO BEACH
                                          MONTH:    JANUARY
                                          YEAR:     2018
                                          LATITUDE:   27 39 N
                                          LONGITUDE:  80 25 W

[TEMPERATURE DATA]      [PRECIPITATION DATA]       SYMBOLS USED IN COLUMN 16

AVERAGE MONTHLY: 59.0   TOTAL FOR MONTH:   2.50    1 = FOG OR MIST
DPTR FM NORMAL:  -3.0   DPTR FM NORMAL:    0.98    2 = FOG REDUCING VISIBILITY
HIGHEST:    85 ON 12    GRTST 24HR  1.29 ON  2- 2      TO 1/4 MILE OR LESS
LOWEST:     32 ON 18                               3 = THUNDER
                        SNOW, ICE PELLETS, HAIL    4 = ICE PELLETS
                        TOTAL MONTH:   0.0 INCH    5 = HAIL
                        GRTST 24HR     0.0         6 = FREEZING RAIN OR DRIZZLE
                        GRTST DEPTH:   0           7 = DUSTSTORM OR SANDSTORM:
                                                       VSBY 1/2 MILE OR LESS
                                                   8 = SMOKE OR HAZE
[NO. OF DAYS WITH]      [WEATHER - DAYS WITH]      9 = BLOWING SNOW
                                                   X = TORNADO
MAX 32 OR BELOW:   0    0.01 INCH OR MORE:   7
MAX 90 OR ABOVE:   0    0.10 INCH OR MORE:   5
MIN 32 OR BELOW:   1    0.50 INCH OR MORE:   2
MIN  0 OR BELOW:   0    1.00 INCH OR MORE:   1

[HDD (BASE 65) ]
TOTAL THIS MO.   137    CLEAR  (SCALE 0-3)   7
DPTR FM NORMAL    42    PTCLDY (SCALE 4-7)  12
TOTAL FM JUL 1   240    CLOUDY (SCALE 8-10)  0
DPTR FM NORMAL    10

[CDD (BASE 65) ]
TOTAL THIS MO.    28
DPTR FM NORMAL   -10    [PRESSURE DATA]
TOTAL FM JAN 1    28    HIGHEST SLP M ON M
DPTR FM NORMAL   -10    LOWEST  SLP 29.75 ON 12

[REMARKS]
