000
CXUS51 KBTV 310700
CF6VSF
PRELIMINARY LOCAL CLIMATOLOGICAL DATA (WS FORM: F-6)

                                          STATION:   SPRINGFIELD VT
                                          MONTH:     AUGUST
                                          YEAR:      2015
                                          LATITUDE:   43 19 N
                                          LONGITUDE:  72 31 W

  TEMPERATURE IN F:       :PCPN:    SNOW:  WIND      :SUNSHINE: SKY     :PK WND
================================================================================
1   2   3   4   5  6A  6B    7    8   9   10  11  12  13   14  15   16   17  18
                                     12Z  AVG MX 2MIN
DY MAX MIN AVG DEP HDD CDD  WTR  SNW DPTH SPD SPD DIR MIN PSBL S-S WX    SPD DR
================================================================================

 1  84  55  70   1   0   5 0.00  0.0    0  4.3 18 250   M    M   2        26 260
 2  86  51  69   1   0   4 0.00  0.0    0  3.8 16 260   M    M   1        22 230
 3  93  55  74   6   0   9 0.23    M    M   M   M   M   M    M   M         M  M
 4  85  58  72   4   0   7 0.68  0.0    0  4.1 15 250   M    M   6 123    24 200
 5  80  55  68   0   0   3 0.01  0.0    0  3.6 17 270   M    M   7 123    23 260
 6  77  50  64  -4   1   0 0.00  0.0    0  3.9 16 270   M    M   3 128    28 280
 7  76  48  62  -6   3   0 0.00  0.0    0  2.1  9  30   M    M   3 12     12  50
 8  78  50  64  -4   1   0 0.00  0.0    0  2.6 12  50   M    M   1 1      19  50
 9  80  55  68   0   0   3 0.00  0.0    0  2.1 12  70   M    M   4        18  60
10  84  53  69   1   0   4 0.00  0.0    0  4.0 15 170   M    M   4 12     22 170
11  77  64  71   3   0   6 1.07  0.0    0  2.2 12 170   M    M   8 12     17 140
12  81  60  71   3   0   6 0.02  0.0    0  3.4 14 290   M    M   7 123    19 290
13  77  55  66  -2   0   1    T  0.0    0  3.5 15 270   M    M   5 12     22 280
14  86  52  69   1   0   4 0.00  0.0    0  2.9 14 250   M    M   4 12     19 220
15  87  62  75   7   0  10 0.31  0.0    0  3.1 13  80   M    M   5 13     20  30
16  87  62  75   8   0  10 0.00  0.0    0  1.9  9 280   M    M   4 12     17 270
17  89  60  75   8   0  10 0.00  0.0    0  1.9 10 240   M    M   3 12      M  M
18  89  61  75   8   0  10 0.00  0.0    0  1.0 12 180   M    M   5 123    16 200
19  86  64  75   8   0  10 0.00  0.0    0  3.4 14 160   M    M   4 12     19 150
20  86  64  75   8   0  10    T  0.0    0  5.9 20 170   M    M   6        28 130
21  80  59  70   3   0   5 0.51  0.0    0  2.3  9 150   M    M   7 12     13 140
22  82  55  69   2   0   4 0.00  0.0    0  1.5  8  50   M    M   6 12     12  90
23  82  53  68   2   0   3 0.17  0.0    0  0.9 12 160   M    M   5 12     15 170
24  84  65  75   9   0  10    T  0.0    0  3.0 13 150   M    M   6 1      18 130
25  79  64  72   6   0   7 0.52  0.0    0  2.4 14 300   M    M   7 123    21 280
26  78  60  69   3   0   4 0.00  0.0    0  2.3 14 250   M    M   7 12     17 320
27  76  53  65  -1   0   0 0.00  0.0    0  2.7 16 290   M    M   5        23 290
28  77  49  63  -3   2   0 0.00  0.0    0  2.2 12 270   M    M   4 12     14 300
29  79  50  65   0   0   0 0.00  0.0    0  1.6 12 220   M    M   4 12     19 240
30  80  57  69   4   0   4 0.00  0.0    0  1.4  8 300   M    M   3 12     12 290
================================================================================
SM 2465 1699         7 149  3.52     0.0  80.0          M      136
================================================================================
AV 82.2 56.6                               2.8 FASTST   M    M   5    MAX(MPH)
                                 MISC ---->  # 20 170               # 28  280
================================================================================
NOTES:
# LAST OF SEVERAL OCCURRENCES

COLUMN 17 PEAK WIND IN M.P.H.

PRELIMINARY LOCAL CLIMATOLOGICAL DATA (WS FORM: F-6) , PAGE 2

                                          STATION:  SPRINGFIELD VT
                                          MONTH:    AUGUST
                                          YEAR:     2015
                                          LATITUDE:   43 19 N
                                          LONGITUDE:  72 31 W

[TEMPERATURE DATA]      [PRECIPITATION DATA]       SYMBOLS USED IN COLUMN 16

AVERAGE MONTHLY: 69.4   TOTAL FOR MONTH:   3.52    1 = FOG OR MIST
DPTR FM NORMAL:   2.2   DPTR FM NORMAL:   -0.16    2 = FOG REDUCING VISIBILITY
HIGHEST:    93 ON  3    GRTST 24HR  1.07 ON 11-11      TO 1/4 MILE OR LESS
LOWEST:     48 ON  7                               3 = THUNDER
                        SNOW, ICE PELLETS, HAIL    4 = ICE PELLETS
                        TOTAL MONTH:   0.0 INCH    5 = HAIL
                        GRTST 24HR     0.0         6 = FREEZING RAIN OR DRIZZLE
                        GRTST DEPTH:   0           7 = DUSTSTORM OR SANDSTORM:
                                                       VSBY 1/2 MILE OR LESS
                                                   8 = SMOKE OR HAZE
[NO. OF DAYS WITH]      [WEATHER - DAYS WITH]      9 = BLOWING SNOW
                                                   X = TORNADO
MAX 32 OR BELOW:   0    0.01 INCH OR MORE:   9
MAX 90 OR ABOVE:   1    0.10 INCH OR MORE:   7
MIN 32 OR BELOW:   0    0.50 INCH OR MORE:   4
MIN  0 OR BELOW:   0    1.00 INCH OR MORE:   1

[HDD (BASE 65) ]
TOTAL THIS MO.     7    CLEAR  (SCALE 0-3)   5
DPTR FM NORMAL   -29    PTCLDY (SCALE 4-7)  24
TOTAL FM JUL 1    23    CLOUDY (SCALE 8-10)  0
DPTR FM NORMAL   -30

[CDD (BASE 65) ]
TOTAL THIS MO.   149
DPTR FM NORMAL    46    [PRESSURE DATA]
TOTAL FM JAN 1   383    HIGHEST SLP M ON M
DPTR FM NORMAL    65    LOWEST  SLP 29.71 ON 11

[REMARKS]
