000
CXUS51 KBTV 280700
CF6VSF
PRELIMINARY LOCAL CLIMATOLOGICAL DATA (WS FORM: F-6)

                                          STATION:   SPRINGFIELD VT
                                          MONTH:     SEPTEMBER
                                          YEAR:      2016
                                          LATITUDE:   43 19 N
                                          LONGITUDE:  72 31 W

  TEMPERATURE IN F:       :PCPN:    SNOW:  WIND      :SUNSHINE: SKY     :PK WND
================================================================================
1   2   3   4   5  6A  6B    7    8   9   10  11  12  13   14  15   16   17  18
                                     12Z  AVG MX 2MIN
DY MAX MIN AVG DEP HDD CDD  WTR  SNW DPTH SPD SPD DIR MIN PSBL S-S WX    SPD DR
================================================================================

 1  78  54  66   1   0   1 0.00  0.0    0  3.1 12  10   M    M   4        17  70
 2  76  49  63  -1   2   0 0.00  0.0    0  3.5 14  10   M    M   2        24  20
 3  75  45  60  -4   5   0 0.00  0.0    0  2.2 12  70   M    M   1 1      15  70
 4  79  47  63  -1   2   0 0.00  0.0    0  1.4  9  50   M    M   1 12     15  40
 5  81  48  65   2   0   0 0.00  0.0    0  2.3 12  60   M    M   1 12     16  50
 6  80  56  68   5   0   3    T  0.0    0  2.5 12  70   M    M   9        15 100
 7  78  59  69   6   0   4 0.00  0.0    0  1.5  9 120   M    M   7 12      M  M
 8  82  61  72  10   0   7 0.06  0.0    0  2.0  8 100   M    M   7 12      M  M
 9  88  61  75  13   0  10    T  0.0    0  3.5 14 260   M    M   4 1      18 270
10  78  59  69   7   0   4 0.02  0.0    0  2.3 14 150   M    M   7 1      19 140
11  76  48  62   1   3   0 0.32    M    0  5.9 22 290   M    M   4 1      31 300
12  75  42  59  -2   6   0 0.00  0.0    0  1.9 12 260   M    M   3 12     16 270
13  82  45  64   4   1   0 0.00  0.0    0  2.6 18 250   M    M   3 12     26 260
14  78  50  64   4   1   0 0.08  0.0    0  4.5 17 230   M    M   3        23 260
15  70  42  56  -4   9   0 0.00  0.0    0  2.1 10  70   M    M   0 12     17 150
16  74  40  57  -2   8   0 0.00  0.0    0  2.8 13 120   M    M   3 12     17 100
17  76  43  60   1   5   0 0.00    M    0  4.4 18 150   M    M   3 12     23 160
18  73  62  68  10   0   3 0.06  0.0    0  1.4  9 170   M    M   7 12     11 170
19  74  64  69  11   0   4 0.42  0.0    0  0.4  5 170   M    M   8 128     8 120
20  85  58  72  14   0   7 0.00  0.0    0  2.4 10 270   M    M   4 1      14 220
21  79  52  66   9   0   1 0.00  0.0    0  1.8 12 280   M    M   3 12     18 270
22  83  47  65   9   0   0 0.00  0.0    0  2.1 12 160   M    M   1 12     16 160
23  67  47  57   1   8   0 0.01    M    0  3.4 12 360   M    M   6 1      18 310
24  63  37  50  -6  15   0 0.00  0.0    0  3.1 14 280   M    M   4 12     21 290
25  63  32  48  -7  17   0 0.00  0.0    0  4.3 21 300   M    M   1 12     31 300
26  66  30  48  -7  17   0 0.00  0.0    0  2.5 14 160   M    M   3 12     18 150
27  72  46  59   5   6   0 0.09    M    0  1.3  9 310   M    M   5 12     12 270
================================================================================
SM 2051 1324       105  44  1.06     0.0  71.2          M      104
================================================================================
AV 76.0 49.0                               2.6 FASTST   M    M   4    MAX(MPH)
                                 MISC ---->  # 22 290               # 31  300
================================================================================
NOTES:
# LAST OF SEVERAL OCCURRENCES

COLUMN 17 PEAK WIND IN M.P.H.

PRELIMINARY LOCAL CLIMATOLOGICAL DATA (WS FORM: F-6) , PAGE 2

                                          STATION:  SPRINGFIELD VT
                                          MONTH:    SEPTEMBER
                                          YEAR:     2016
                                          LATITUDE:   43 19 N
                                          LONGITUDE:  72 31 W

[TEMPERATURE DATA]      [PRECIPITATION DATA]       SYMBOLS USED IN COLUMN 16

AVERAGE MONTHLY: 62.5   TOTAL FOR MONTH:   1.06    1 = FOG OR MIST
DPTR FM NORMAL:   2.7   DPTR FM NORMAL:   -2.22    2 = FOG REDUCING VISIBILITY
HIGHEST:    88 ON  9    GRTST 24HR  0.47 ON 18-19      TO 1/4 MILE OR LESS
LOWEST:     30 ON 26                               3 = THUNDER
                        SNOW, ICE PELLETS, HAIL    4 = ICE PELLETS
                        TOTAL MONTH:   0.0 INCH    5 = HAIL
                        GRTST 24HR     0.0         6 = FREEZING RAIN OR DRIZZLE
                        GRTST DEPTH:   0           7 = DUSTSTORM OR SANDSTORM:
                                                       VSBY 1/2 MILE OR LESS
                                                   8 = SMOKE OR HAZE
[NO. OF DAYS WITH]      [WEATHER - DAYS WITH]      9 = BLOWING SNOW
                                                   X = TORNADO
MAX 32 OR BELOW:   0    0.01 INCH OR MORE:   8
MAX 90 OR ABOVE:   0    0.10 INCH OR MORE:   2
MIN 32 OR BELOW:   2    0.50 INCH OR MORE:   0
MIN  0 OR BELOW:   0    1.00 INCH OR MORE:   0

[HDD (BASE 65) ]
TOTAL THIS MO.   105    CLEAR  (SCALE 0-3)  13
DPTR FM NORMAL   -57    PTCLDY (SCALE 4-7)  12
TOTAL FM JUL 1   127    CLOUDY (SCALE 8-10)  2
DPTR FM NORMAL   -90

[CDD (BASE 65) ]
TOTAL THIS MO.    44
DPTR FM NORMAL    23    [PRESSURE DATA]
TOTAL FM JAN 1   481    HIGHEST SLP M ON M
DPTR FM NORMAL   139    LOWEST  SLP 29.75 ON 11

[REMARKS]
