327
CXUS51 KAKQ 301010
CF6WAL
PRELIMINARY LOCAL CLIMATOLOGICAL DATA (WS FORM: F-6)

                                          STATION:   WALLOPS ISLAND VA
                                          MONTH:     APRIL
                                          YEAR:      2016
                                          LATITUDE:   37 55 N
                                          LONGITUDE:  75 28 W

  TEMPERATURE IN F:       :PCPN:    SNOW:  WIND      :SUNSHINE: SKY     :PK WND
================================================================================
1   2   3   4   5  6A  6B    7    8   9   10  11  12  13   14  15   16   17  18
                                     12Z  AVG MX 2MIN
DY MAX MIN AVG DEP HDD CDD  WTR  SNW DPTH SPD SPD DIR MIN PSBL S-S WX    SPD DR
================================================================================

 1  73  58  66  16   0   1 0.16  0.0    0 13.8 24 190   M    M   5 123    31 180
 2  71  48  60  10   5   0 0.31  0.0    0 10.9 40 300   M    M   8 1      52 310
 3  52  39  46  -4  19   0    T    M    0 19.5 36 290   M    M   1        52 290
 4  72  46  59   9   6   0 0.09    M    0 14.1 26 210   M    M   3 1      37 250
 5  50  29  40 -11  25   0 0.33  0.6    1 12.3 25  20   M    M   5 1      31  10
 6  54  26  40 -11  25   0 0.00  0.0    0  9.4 22 190   M    M   1        28 200
 7  67  51  59   8   6   0 0.06  0.0    0 16.0 32 200   M    M   6        45 280
 8  55  37  46  -6  19   0 0.00  0.0    0 10.0 23 310   M    M   2        31 270
 9  51  36  44  -8  21   0 0.07    T    0 15.2 35 290   M    M   7 1      47 290
10  48  31  40 -12  25   0 0.00  0.0    0 11.3 22 190   M    M   0        27 190
11  61  46  54   1  11   0 0.00  0.0    0 19.0 26 200   M    M   4        34 190
12  60  47  54   1  11   0 0.41  0.0    0 11.0 25 200   M    M   8 1      31 200
13  53  37  45  -8  20   0 0.00  0.0    0 12.2 23  60   M    M   1        29  70
14  56  35  46  -8  19   0 0.00  0.0    0 10.6 20  60   M    M   0        25  70
15  56  34  45  -9  20   0 0.00  0.0    0  9.8 22  60   M    M   1        26  40
16  58  35  47  -7  18   0 0.00  0.0    0 11.3 26  60   M    M   0        31  60
17  61  39  50  -4  15   0 0.00  0.0    0  9.2 22  60   M    M   0        27  60
18  80  40  60   5   5   0 0.00  0.0    0  6.2 16 140   M    M   1        19 140
19  84  49  67  12   0   2 0.00  0.0    0  8.3 22  70   M    M   1        25  60
20  63  44  54  -1  11   0 0.00  0.0    0  8.8 22  60   M    M   1        26  50
21  67  40  54  -2  11   0 0.00  0.0    0 12.1 24 190   M    M   3        31 190
22  77  59  68  12   0   3 0.05  0.0    0 11.0 20 190   M    M   6 13     27 240
23  72  54  63   7   2   0 0.05  0.0    0  8.2 18 360   M    M   9 13     25  20
24  59  46  53  -3  12   0 0.00  0.0    0 10.8 20  60   M    M   0        22  60
25  66  48  57   0   8   0 0.00  0.0    0 13.9 23 180   M    M   1        29 200
26  85  58  72  15   0   7 0.06  0.0    0 12.3 23 230   M    M   2        31 240
27  69  51  60   3   5   0 0.02  0.0    0 14.1 22  50   M    M  10        28  60
28  53  51  52  -6  13   0 0.07  0.0    0 12.3 23  40   M    M  10 1      31  50
29  57  50  54  -4  11   0    T  0.0    0 10.1 21  40   M    M  10 1      28  40
================================================================================
SM 1830 1264       343  13  1.68     0.6 343.7          M      106
================================================================================
AV 63.1 43.6                              11.9 FASTST   M    M   4    MAX(MPH)
                                 MISC ---->  # 40 300               # 52  310
================================================================================
NOTES:
# LAST OF SEVERAL OCCURRENCES

COLUMN 17 PEAK WIND IN M.P.H.

PRELIMINARY LOCAL CLIMATOLOGICAL DATA (WS FORM: F-6) , PAGE 2

                                          STATION:  WALLOPS ISLAND VA
                                          MONTH:    APRIL
                                          YEAR:     2016
                                          LATITUDE:   37 55 N
                                          LONGITUDE:  75 28 W

[TEMPERATURE DATA]      [PRECIPITATION DATA]       SYMBOLS USED IN COLUMN 16

AVERAGE MONTHLY: 53.3   TOTAL FOR MONTH:   1.68    1 = FOG OR MIST
DPTR FM NORMAL:  -0.4   DPTR FM NORMAL:   -1.31    2 = FOG REDUCING VISIBILITY
HIGHEST:    85 ON 26    GRTST 24HR  0.42 ON  4- 5      TO 1/4 MILE OR LESS
LOWEST:     26 ON  6                               3 = THUNDER
                        SNOW, ICE PELLETS, HAIL    4 = ICE PELLETS
                        TOTAL MONTH:   0.6 INCH    5 = HAIL
                        GRTST 24HR   0.6 ON   M    6 = FREEZING RAIN OR DRIZZLE
                        GRTST DEPTH:   1 ON  5     7 = DUSTSTORM OR SANDSTORM:
                                                       VSBY 1/2 MILE OR LESS
                                                   8 = SMOKE OR HAZE
[NO. OF DAYS WITH]      [WEATHER - DAYS WITH]      9 = BLOWING SNOW
                                                   X = TORNADO
MAX 32 OR BELOW:   0    0.01 INCH OR MORE:  12
MAX 90 OR ABOVE:   0    0.10 INCH OR MORE:   4
MIN 32 OR BELOW:   3    0.50 INCH OR MORE:   0
MIN  0 OR BELOW:   0    1.00 INCH OR MORE:   0

[HDD (BASE 65) ]
TOTAL THIS MO.   343    CLEAR  (SCALE 0-3)  17
DPTR FM NORMAL     7    PTCLDY (SCALE 4-7)   8
TOTAL FM JUL 1  3178    CLOUDY (SCALE 8-10)  4
DPTR FM NORMAL  -857

[CDD (BASE 65) ]
TOTAL THIS MO.    13
DPTR FM NORMAL     6    [PRESSURE DATA]
TOTAL FM JAN 1    16    HIGHEST SLP M ON M
DPTR FM NORMAL     8    LOWEST  SLP 29.47 ON  2

[REMARKS]
