000
CXUS55 KLOX 291655
CF6WJF
PRELIMINARY LOCAL CLIMATOLOGICAL DATA (WS FORM: F-6)

                                          STATION:   LANCASTER FOX FIELD CA
                                          MONTH:     JANUARY
                                          YEAR:      2015
                                          LATITUDE:   34 43 N
                                          LONGITUDE: 118 13 W

  TEMPERATURE IN F:       :PCPN:    SNOW:  WIND      :SUNSHINE: SKY     :PK WND
================================================================================
1   2   3   4   5  6A  6B    7    8   9   10  11  12  13   14  15   16   17  18
                                     12Z  AVG MX 2MIN
DY MAX MIN AVG DEP HDD CDD  WTR  SNW DPTH SPD SPD DIR MIN PSBL S-S WX    SPD DR
================================================================================

 1  49  16  33 -11  32   0 0.00  0.0    0  4.0  9 290   M    M   0        10 260
 2  51  18  35  -9  30   0 0.00  0.0    0  2.4  9 290   M    M   0        10 290
 3  55  19  37  -7  28   0 0.00  0.0    0  1.2  8 300   M    M   0         8 240
 4  55  22  39  -5  26   0 0.00  0.0    0  3.2  9 290   M    M   0        10  30
 5  61  25  43  -1  22   0 0.00  0.0    0  3.0  9  60   M    M   0        11 110
 6  65  25  45   1  20   0 0.00  0.0    0  2.6  8 290   M    M   0         9  40
 7  66  27  47   3  18   0 0.00  0.0    0  2.2  8 290   M    M   0         9 290
 8  68  31  50   6  15   0 0.00  0.0    0  2.0  7 210   M    M   1        10 290
 9  65  39  52   8  13   0    T    M    0  3.4 13 250   M    M   1        14 260
10  56  38  47   3  18   0 0.13    M    0  2.4 10 270   M    M   7 18     13 270
11  53  39  46   2  19   0 0.72    M    0  5.6 17  60   M    M   7 1      21  40
12  59  33  46   1  19   0 0.00  0.0    0  5.7 22 280   M    M   0 18     26 280
13  58  33  46   1  19   0 0.00  0.0    0  6.3 18  70   M    M   0 18     22  70
14  59  29  44  -1  21   0 0.00  0.0    0  4.2 12  60   M    M   0        14  70
15  59  28  44  -1  21   0 0.00  0.0    0  3.6 10 280   M    M   0        13 280
16  62  27  45   0  20   0 0.00  0.0    0  2.9 12  20   M    M   0        14  50
17  63  30  47   2  18   0 0.00  0.0    0  3.2 12 300   M    M   0        13 300
18  66  35  51   6  14   0 0.00  0.0    0  1.4  8 320   M    M   0         8 320
19  71  31  51   6  14   0 0.00  0.0    0  3.9 16 290   M    M   0        19 290
20  56  36  46   1  19   0 0.00  0.0    0  2.6 10 270   M    M   1         M  M
21  62  29  46   1  19   0 0.00  0.0    0  4.3 17  60   M    M   0        21  60
22  60  27  44  -1  21   0 0.00  0.0    0  3.7  9 260   M    M   0        10  40
23  62  26  44  -2  21   0 0.00  0.0    0  3.7  9 280   M    M   0        12  40
24  67  27  47   1  18   0 0.00  0.0    0 10.1 29  70   M    M   0 8      37  80
25  70  29  50   4  15   0 0.00  0.0    0  6.7 16  50   M    M   0        19  70
26  63  35  49   3  16   0 0.06    M    0  6.9 22  30   M    M   6 1      28  30
27  57  40  49   3  16   0 0.01    M    0  3.4  9  40   M    M   8 1      11  40
28  61  39  50   4  15   0 0.00  0.0    0  3.3 13  50   M    M   1 1      14  50
================================================================================
SM 1699  833       547   0  0.92     0.0 107.8          M       32
================================================================================
AV 60.7 29.8                               3.9 FASTST   M    M   1    MAX(MPH)
                                 MISC ---->  # 29  70               # 37   80
================================================================================
NOTES:
# LAST OF SEVERAL OCCURRENCES

COLUMN 17 PEAK WIND IN M.P.H.

PRELIMINARY LOCAL CLIMATOLOGICAL DATA (WS FORM: F-6) , PAGE 2

                                          STATION:  LANCASTER FOX FIELD CA
                                          MONTH:    JANUARY
                                          YEAR:     2015
                                          LATITUDE:   34 43 N
                                          LONGITUDE: 118 13 W

[TEMPERATURE DATA]      [PRECIPITATION DATA]       SYMBOLS USED IN COLUMN 16

AVERAGE MONTHLY: 45.2   TOTAL FOR MONTH:   0.92    1 = FOG OR MIST
DPTR FM NORMAL:   0.4   DPTR FM NORMAL:   -0.41    2 = FOG REDUCING VISIBILITY
HIGHEST:    71 ON 19    GRTST 24HR  0.85 ON 10-11      TO 1/4 MILE OR LESS
LOWEST:     16 ON  1                               3 = THUNDER
                        SNOW, ICE PELLETS, HAIL    4 = ICE PELLETS
                        TOTAL MONTH:   0.0 INCH    5 = HAIL
                        GRTST 24HR     0.0         6 = FREEZING RAIN OR DRIZZLE
                        GRTST DEPTH:   0           7 = DUSTSTORM OR SANDSTORM:
                                                       VSBY 1/2 MILE OR LESS
                                                   8 = SMOKE OR HAZE
[NO. OF DAYS WITH]      [WEATHER - DAYS WITH]      9 = BLOWING SNOW
                                                   X = TORNADO
MAX 32 OR BELOW:   0    0.01 INCH OR MORE:   4
MAX 90 OR ABOVE:   0    0.10 INCH OR MORE:   2
MIN 32 OR BELOW:  18    0.50 INCH OR MORE:   1
MIN  0 OR BELOW:   0    1.00 INCH OR MORE:   0

[HDD (BASE 65) ]
TOTAL THIS MO.   547    CLEAR  (SCALE 0-3)  24
DPTR FM NORMAL   -19    PTCLDY (SCALE 4-7)   4
TOTAL FM JUL 1  1510    CLOUDY (SCALE 8-10)  0
DPTR FM NORMAL  -258

[CDD (BASE 65) ]
TOTAL THIS MO.     0
DPTR FM NORMAL     0    [PRESSURE DATA]
TOTAL FM JAN 1     0    HIGHEST SLP M ON M
DPTR FM NORMAL     0    LOWEST  SLP 29.92 ON M

[REMARKS]
