000
CXUS56 KLKN 251009
CF6WMC
PRELIMINARY LOCAL CLIMATOLOGICAL DATA (WS FORM: F-6)

                                          STATION:   WINNEMUCCA AIRPORT NV
                                          MONTH:     JULY
                                          YEAR:      2016
                                          LATITUDE:   40 54 N
                                          LONGITUDE: 117 48 W

  TEMPERATURE IN F:       :PCPN:    SNOW:  WIND      :SUNSHINE: SKY     :PK WND
================================================================================
1   2   3   4   5  6A  6B    7    8   9   10  11  12  13   14  15   16   17  18
                                     12Z  AVG MX 2MIN
DY MAX MIN AVG DEP HDD CDD  WTR  SNW DPTH SPD SPD DIR MIN PSBL S-S WX    SPD DR
================================================================================

 1  99  59  79   9   0  14    T  0.0    0  7.0 23 160   M    M   0 3      32 150
 2  95  55  75   5   0  10 0.00  0.0    0  9.6 29 180   M    M   0 8      38 190
 3  95  60  78   8   0  13 0.00  0.0    0 10.4 23 240   M    M   0        30 240
 4  93  56  75   5   0  10 0.00  0.0    0  7.3 26 310   M    M   0        32 310
 5  91  49  70  -1   0   5 0.00  0.0    0  7.9 23 280   M    M   0        30 290
 6  87  50  69  -2   0   4 0.00  0.0    0  7.6 21 270   M    M   0        27 260
 7  91  49  70  -1   0   5 0.00  0.0    0  7.6 22 250   M    M   0        30 250
 8  89  56  73   1   0   8 0.00  0.0    0  9.5 23 240   M    M   0        30 230
 9  88  53  71  -1   0   6    T  0.0    0 12.0 26 230   M    M   2        35 240
10  73  44  59 -13   6   0 0.00  0.0    0 11.8 31 270   M    M   1        39 260
11  80  36  58 -14   7   0 0.00  0.0    0  4.9 14  20   M    M   0        19  60
12  87  35  61 -11   4   0 0.00  0.0    0  8.6 24 270   M    M   0        34 230
13  91  48  70  -3   0   5 0.00  0.0    0  8.4 21  40   M    M   0        27  50
14  97  47  72  -1   0   7 0.00  0.0    0  7.4 22  50   M    M   0        28  50
15  95  45  70  -3   0   5 0.00  0.0    0  8.4 24 280   M    M   0 3      30 280
16  90  51  71  -2   0   6 0.00  0.0    0  5.7 18 290   M    M   0        25 280
17  93  46  70  -3   0   5 0.00  0.0    0  8.8 23 260   M    M   0        31 280
18  92  44  68  -5   0   3 0.00  0.0    0 10.2 26 210   M    M   0        37 170
19  92  41  67  -6   0   2 0.00  0.0    0  6.4 22 250   M    M   0        31 200
20  93  46  70  -4   0   5 0.00  0.0    0  4.6 18 210   M    M   0        29 240
21  98  44  71  -3   0   6 0.00  0.0    0  8.1 23 250   M    M   0        31 240
22  94  47  71  -3   0   6 0.00  0.0    0  6.6 24 270   M    M   0        30 270
23  91  42  67  -7   0   2 0.00  0.0    0  8.4 17  40   M    M   0        22  20
24  96  48  72  -2   0   7 0.00  0.0    0  9.0 18  20   M    M   0        24  30
================================================================================
SM 2190 1151        17 134    T      0.0 196.2          M        3
================================================================================
AV 91.3 48.0                               8.2 FASTST   M    M   0    MAX(MPH)
                                 MISC ---->  # 31 270               # 39  260
================================================================================
NOTES:
# LAST OF SEVERAL OCCURRENCES

COLUMN 17 PEAK WIND IN M.P.H.

PRELIMINARY LOCAL CLIMATOLOGICAL DATA (WS FORM: F-6) , PAGE 2

                                          STATION:  WINNEMUCCA AIRPORT NV
                                          MONTH:    JULY
                                          YEAR:     2016
                                          LATITUDE:   40 54 N
                                          LONGITUDE: 117 48 W

[TEMPERATURE DATA]      [PRECIPITATION DATA]       SYMBOLS USED IN COLUMN 16

AVERAGE MONTHLY: 69.6   TOTAL FOR MONTH:      T    1 = FOG OR MIST
DPTR FM NORMAL:  -2.6   DPTR FM NORMAL:   -0.19    2 = FOG REDUCING VISIBILITY
HIGHEST:    99 ON  1    GRTST 24HR    T  ON  9- 9      TO 1/4 MILE OR LESS
LOWEST:     35 ON 12                               3 = THUNDER
                        SNOW, ICE PELLETS, HAIL    4 = ICE PELLETS
                        TOTAL MONTH:   0.0 INCH    5 = HAIL
                        GRTST 24HR     0.0         6 = FREEZING RAIN OR DRIZZLE
                        GRTST DEPTH:   0           7 = DUSTSTORM OR SANDSTORM:
                                                       VSBY 1/2 MILE OR LESS
                                                   8 = SMOKE OR HAZE
[NO. OF DAYS WITH]      [WEATHER - DAYS WITH]      9 = BLOWING SNOW
                                                   X = TORNADO
MAX 32 OR BELOW:   0    0.01 INCH OR MORE:   0
MAX 90 OR ABOVE:  18    0.10 INCH OR MORE:   0
MIN 32 OR BELOW:   0    0.50 INCH OR MORE:   0
MIN  0 OR BELOW:   0    1.00 INCH OR MORE:   0

[HDD (BASE 65) ]
TOTAL THIS MO.    17    CLEAR  (SCALE 0-3)  24
DPTR FM NORMAL    11    PTCLDY (SCALE 4-7)   0
TOTAL FM JUL 1    17    CLOUDY (SCALE 8-10)  0
DPTR FM NORMAL    11

[CDD (BASE 65) ]
TOTAL THIS MO.   134
DPTR FM NORMAL   -50    [PRESSURE DATA]
TOTAL FM JAN 1   267    HIGHEST SLP M ON M
DPTR FM NORMAL    -7    LOWEST  SLP 29.73 ON  9

[REMARKS]
