000
CXUS54 KFWD 180730
CF6XBP
PRELIMINARY LOCAL CLIMATOLOGICAL DATA (WS FORM: F-6)

                                          STATION:   BRIDGEPORT
                                          MONTH:     AUGUST
                                          YEAR:      2017
                                          LATITUDE:   33 10 N
                                          LONGITUDE:  96 30 W

  TEMPERATURE IN F:       :PCPN:    SNOW:  WIND      :SUNSHINE: SKY     :PK WND
================================================================================
1   2   3   4   5  6A  6B    7    8   9   10  11  12  13   14  15   16   17  18
                                     12Z  AVG MX 2MIN
DY MAX MIN AVG DEP HDD CDD  WTR  SNW DPTH SPD SPD DIR MIN PSBL S-S WX    SPD DR
================================================================================

 1  87  69  78  -5   0  13 0.10  0.0    0  2.8  9  70   M    M   7         M  M
 2  81  69  75  -8   0  10 0.52  0.0    0  2.1  7  10   M    M   7         M  M
 3  90  67  79  -4   0  14 0.00  0.0    0  0.8  5 290   M    M   1 1       M  M
 4  93  68  81  -2   0  16 0.00  0.0    0  2.6  7 150   M    M   0 1       M  M
 5  98  69  84   1   0  19 0.00  0.0    0  7.3 13 160   M    M   0        18 160
 6 101  71  86   3   0  21 1.27  0.0    0  8.6 18 160   M    M   3 3      28 360
 7  88  69  79  -4   0  14 0.06  0.0    0  4.7 13  20   M    M   5         M  M
 8  88  70  79  -4   0  14 0.00  0.0    0  4.5 12  40   M    M   4        16  80
 9  90  67  79  -4   0  14 0.00  0.0    0  1.5  6 150   M    M   2         M  M
10  95  71  83   0   0  18 0.00  0.0    0  3.9  9 170   M    M   0         M  M
11  96  74  85   2   0  20 0.05  0.0    0  4.3  9  30   M    M   2         M  M
12  96  73  85   2   0  20 1.03  0.0    0  4.2 15 190   M    M   3 3      21 190
13  88  73  81  -2   0  16 0.24  0.0    0  1.4  6 150   M    M   6 13      M  M
14  92  71  82  -1   0  17 0.41  0.0    0  5.4 20 300   M    M   3 3      31 300
15  91  75  83   0   0  18 0.00  0.0    0  5.5 12 170   M    M   3         M  M
16  93  78  86   3   0  21 0.00  0.0    0  8.9 14 180   M    M   3        24 180
17  96  72  84   1   0  19 0.00  0.0    0  4.9 10 340   M    M   1 3       M  M
================================================================================
SM 1563 1206         0 284  3.68     0.0  73.4          M       50
================================================================================
AV 91.9 70.9                               4.3 FASTST   M    M   3    MAX(MPH)
                                 MISC ---->    20   M                 31    M
================================================================================
NOTES:
# LAST OF SEVERAL OCCURRENCES

COLUMN 17 PEAK WIND IN M.P.H.

PRELIMINARY LOCAL CLIMATOLOGICAL DATA (WS FORM: F-6) , PAGE 2

                                          STATION:  BRIDGEPORT
                                          MONTH:    AUGUST
                                          YEAR:     2017
                                          LATITUDE:   33 10 N
                                          LONGITUDE:  96 30 W

[TEMPERATURE DATA]      [PRECIPITATION DATA]       SYMBOLS USED IN COLUMN 16

AVERAGE MONTHLY: 81.4   TOTAL FOR MONTH:   3.68    1 = FOG OR MIST
DPTR FM NORMAL:  -1.6   DPTR FM NORMAL:    2.66    2 = FOG REDUCING VISIBILITY
HIGHEST:   101 ON  6    GRTST 24HR  1.27 ON  6- 6      TO 1/4 MILE OR LESS
LOWEST:     67 ON  9, 3                            3 = THUNDER
                        SNOW, ICE PELLETS, HAIL    4 = ICE PELLETS
                        TOTAL MONTH:   0.0 INCH    5 = HAIL
                        GRTST 24HR     0.0         6 = FREEZING RAIN OR DRIZZLE
                        GRTST DEPTH:   0           7 = DUSTSTORM OR SANDSTORM:
                                                       VSBY 1/2 MILE OR LESS
                                                   8 = SMOKE OR HAZE
[NO. OF DAYS WITH]      [WEATHER - DAYS WITH]      9 = BLOWING SNOW
                                                   X = TORNADO
MAX 32 OR BELOW:   0    0.01 INCH OR MORE:   8
MAX 90 OR ABOVE:  12    0.10 INCH OR MORE:   6
MIN 32 OR BELOW:   0    0.50 INCH OR MORE:   3
MIN  0 OR BELOW:   0    1.00 INCH OR MORE:   2

[HDD (BASE 65) ]
TOTAL THIS MO.     0    CLEAR  (SCALE 0-3)  10
DPTR FM NORMAL     0    PTCLDY (SCALE 4-7)   7
TOTAL FM JUL 1     0    CLOUDY (SCALE 8-10)  0
DPTR FM NORMAL     0

[CDD (BASE 65) ]
TOTAL THIS MO.   284
DPTR FM NORMAL   -22    [PRESSURE DATA]
TOTAL FM JAN 1  1659    HIGHEST SLP M ON M
DPTR FM NORMAL   135    LOWEST  SLP M ON M

[REMARKS]
