069
CXAK56 PAJK 241230
CF6YAK
PRELIMINARY LOCAL CLIMATOLOGICAL DATA (WS FORM: F-6)

                                          STATION:   YAKUTAT
                                          MONTH:     NOVEMBER
                                          YEAR:      2017
                                          LATITUDE:   59 31 N
                                          LONGITUDE: 139 40 W

  TEMPERATURE IN F:       :PCPN:    SNOW:  WIND      :SUNSHINE: SKY     :PK WND
================================================================================
1   2   3   4   5  6A  6B    7    8   9   10  11  12  13   14  15   16   17  18
                                     12Z  AVG MX 2MIN
DY MAX MIN AVG DEP HDD CDD  WTR  SNW DPTH SPD SPD DIR MIN PSBL S-S WX    SPD DR
================================================================================

 1  51  30  41   5  24   0 0.00  0.0    0   M   6  30   M    M   2 1       6  30
 2  42  28  35   0  30   0 0.00  0.0    0  0.8  6  30   M    M   1         M  M
 3  44  30  37   2  28   0 0.00  0.0    0  0.8  6  80   M    M   6 1       6  40
 4  47  26  37   2  28   0 0.00  0.0    0  1.7  7  10   M    M   1         M  M
 5  39  24  32  -2  33   0 0.07    T    M  3.4 12  90   M    M   4        16 100
 6  42  36  39   5  26   0 0.00  0.0    M  5.1 20  70   M    M   8 1      29  70
 7  51  23  37   3  28   0 0.00  0.0    0  6.9 26  70   M    M   2 8      37  60
 8  42  19  31  -3  34   0 0.00  0.0    0  0.4  5  60   M    M   0 8       5  60
 9  40  18  29  -4  36   0    T  0.0    0  1.6  7  80   M    M   2        10 100
10  37  34  36   3  29   0 0.04  0.5    T  8.2 17  80   M    M  10 1      24  80
11  38  19  29  -4  36   0 0.00  0.0    0  8.7 17  70   M    M   3 8      22  70
12  35  15  25  -8  40   0 0.00  0.0    T  1.3  6 100   M    M   0         8  80
13  43  21  32   0  33   0 0.00  0.0    0  4.8 17  50   M    M   2        24  60
14  43  16  30  -2  35   0 0.00  0.0    0  1.9 13  60   M    M   0        17  50
15  38  12  25  -7  40   0 0.00  0.0    0  0.5  5  70   M    M   0 18      7  80
16  33  13  23  -9  42   0 0.13  2.0    T  4.5 15  80   M    M   5 1      23  90
17  37  19  28  -4  37   0 0.23 12.0    5  9.8 22  80   M    M   8 1      30  80
18  30   8  19 -13  46   0 0.00  0.0   11  2.1  8 100   M    M   1        12 100
19  28   4  16 -15  49   0 0.04  0.5   12  5.0 10  80   M    M   7 1      13  80
20  37  28  33   2  32   0    T    T    8 11.3 21  70   M    M  10        29  70
21  36  18  27  -4  38   0 0.02  0.3    7  3.1 13  90   M    M   9 1      19  80
22  33  17  25  -6  40   0 0.04  0.5    6  1.2  7 150   M    M   7 1      10 100
23   M   M   M   M   M   M    M    M    M   M   M   M   M    M   M 1       M  M
================================================================================
SM  866  458       764   0  0.57    15.8  83.1          M       88
================================================================================
AV 39.4 20.8                               4.0 FASTST   M    M   4    MAX(MPH)
                                 MISC ---->  # 26  70               # 37   60
================================================================================
NOTES:
# LAST OF SEVERAL OCCURRENCES

COLUMN 17 PEAK WIND IN M.P.H.

PRELIMINARY LOCAL CLIMATOLOGICAL DATA (WS FORM: F-6) , PAGE 2

                                          STATION:  YAKUTAT
                                          MONTH:    NOVEMBER
                                          YEAR:     2017
                                          LATITUDE:   59 31 N
                                          LONGITUDE: 139 40 W

[TEMPERATURE DATA]      [PRECIPITATION DATA]       SYMBOLS USED IN COLUMN 16

AVERAGE MONTHLY: 30.1   TOTAL FOR MONTH:   0.57    1 = FOG OR MIST
DPTR FM NORMAL:  -2.8   DPTR FM NORMAL:  -10.52    2 = FOG REDUCING VISIBILITY
HIGHEST:    51 ON  7, 1 GRTST 24HR  0.23 ON 17-17      TO 1/4 MILE OR LESS
LOWEST:      4 ON 19                               3 = THUNDER
                        SNOW, ICE PELLETS, HAIL    4 = ICE PELLETS
                        TOTAL MONTH:  15.8 INCHES  5 = HAIL
                        GRTST 24HR  12.0 ON 17-17  6 = FREEZING RAIN OR DRIZZLE
                        GRTST DEPTH:  12 ON 19     7 = DUSTSTORM OR SANDSTORM:
                                                       VSBY 1/2 MILE OR LESS
                                                   8 = SMOKE OR HAZE
[NO. OF DAYS WITH]      [WEATHER - DAYS WITH]      9 = BLOWING SNOW
                                                   X = TORNADO
MAX 32 OR BELOW:   2    0.01 INCH OR MORE:   7
MAX 90 OR ABOVE:   0    0.10 INCH OR MORE:   2
MIN 32 OR BELOW:  20    0.50 INCH OR MORE:   0
MIN  0 OR BELOW:   0    1.00 INCH OR MORE:   0

[HDD (BASE 65) ]
TOTAL THIS MO.   764    CLEAR  (SCALE 0-3)  12
DPTR FM NORMAL    25    PTCLDY (SCALE 4-7)   7
TOTAL FM JUL 1  2419    CLOUDY (SCALE 8-10)  3
DPTR FM NORMAL  -227

[CDD (BASE 65) ]
TOTAL THIS MO.     0
DPTR FM NORMAL     0    [PRESSURE DATA]
TOTAL FM JAN 1     0    HIGHEST SLP M ON M
DPTR FM NORMAL     0    LOWEST  SLP 29.31 ON M

[REMARKS]
