878
CXAK56 PAJK 271230
CF6YAK
PRELIMINARY LOCAL CLIMATOLOGICAL DATA (WS FORM: F-6)

                                          STATION:   YAKUTAT
                                          MONTH:     APRIL
                                          YEAR:      2017
                                          LATITUDE:   59 31 N
                                          LONGITUDE: 139 40 W

  TEMPERATURE IN F:       :PCPN:    SNOW:  WIND      :SUNSHINE: SKY     :PK WND
================================================================================
1   2   3   4   5  6A  6B    7    8   9   10  11  12  13   14  15   16   17  18
                                     12Z  AVG MX 2MIN
DY MAX MIN AVG DEP HDD CDD  WTR  SNW DPTH SPD SPD DIR MIN PSBL S-S WX    SPD DR
================================================================================

 1  41  35  38   4  27   0 0.91    T    4  5.3 13 210   M    M  10 1      17 210
 2  41  32  37   2  28   0 0.14  0.1    3  5.1 14 170   M    M   8 1      18 180
 3  42  32  37   2  28   0 0.41  0.0    3  8.5 17  80   M    M  10 18     24  70
 4  51  36  44   9  21   0 0.18  0.0    3  3.5 10  70   M    M   9 18     14  70
 5  50  36  43   8  22   0 0.14  0.0    1  9.4 31 130   M    M  10 1      50 150
 6  45  30  38   2  27   0 0.21  0.0    1  6.3 14 140   M    M   7 1      21 140
 7  49  27  38   2  27   0 0.00  0.0    T  1.8  8 330   M    M   1        12 340
 8  49  24  37   1  28   0    T  0.0    0  2.3 13 250   M    M   2        16 240
 9  47  36  42   6  23   0 0.17  0.0    0  4.1 10  90   M    M   9 1      14  80
10  50  37  44   8  21   0 0.13  0.0    0  5.3 13  90   M    M  10 1      21  90
11  51  31  41   4  24   0    T  0.0    0  3.1  9 310   M    M   4 1      14 330
12  63  27  45   8  20   0 0.00  0.0    0  4.8 15  50   M    M   1 12     23  10
13  60  29  45   8  20   0 0.00  0.0    0  5.7 21  80   M    M   0        29  70
14  61  29  45   7  20   0 0.00  0.0    0  3.5 12 350   M    M   0        16 320
15  50  27  39   1  26   0 0.00  0.0    0  3.4 10 250   M    M   0 1      14 250
16  48  28  38   0  27   0 0.00  0.0    0  3.2 12 250   M    M   7 12     16 250
17  56  25  41   3  24   0 0.00  0.0    0  3.8 15  60   M    M   1 12     21  80
18  51  26  39   1  26   0 0.00  0.0    0  5.2 16  70   M    M   0 8      25  80
19  52  22  37  -2  28   0 0.00  0.0    0  3.4 13 230   M    M   3 8      16 250
20  51  34  43   4  22   0    T  0.0    0  2.7  9 200   M    M   9        14 220
21  55  31  43   4  22   0 0.05  0.0    0  3.6 12  70   M    M   6 1      16 110
22  62  27  45   6  20   0 0.00  0.0    0  2.7 13 350   M    M   0 8      17  60
23  59  29  44   4  21   0 0.00  0.0    0  1.7  9 240   M    M   7        11 200
24  49  44  47   7  18   0 0.22  0.0    0  5.5 12 130   M    M  10 1      17 130
25  49  36  43   3  22   0 0.03  0.0    0  4.6 14 190   M    M   8 18     20 190
26  56  31  44   4  21   0    T  0.0    0  2.5  9 200   M    M   3 1      11 300
================================================================================
SM 1338  801       613   0  2.59     0.1 111.0          M      135
================================================================================
AV 51.5 30.8                               4.3 FASTST   M    M   5    MAX(MPH)
                                 MISC ---->  # 31 130               # 50  150
================================================================================
NOTES:
# LAST OF SEVERAL OCCURRENCES

COLUMN 17 PEAK WIND IN M.P.H.

PRELIMINARY LOCAL CLIMATOLOGICAL DATA (WS FORM: F-6) , PAGE 2

                                          STATION:  YAKUTAT
                                          MONTH:    APRIL
                                          YEAR:     2017
                                          LATITUDE:   59 31 N
                                          LONGITUDE: 139 40 W

[TEMPERATURE DATA]      [PRECIPITATION DATA]       SYMBOLS USED IN COLUMN 16

AVERAGE MONTHLY: 41.1   TOTAL FOR MONTH:   2.59    1 = FOG OR MIST
DPTR FM NORMAL:   3.8   DPTR FM NORMAL:   -5.45    2 = FOG REDUCING VISIBILITY
HIGHEST:    63 ON 12    GRTST 24HR  2.18 ON 31- 1      TO 1/4 MILE OR LESS
LOWEST:     22 ON 19                               3 = THUNDER
                        SNOW, ICE PELLETS, HAIL    4 = ICE PELLETS
                        TOTAL MONTH:   0.1 INCH    5 = HAIL
                        GRTST 24HR   0.1 ON   M    6 = FREEZING RAIN OR DRIZZLE
                        GRTST DEPTH:   4 ON  1     7 = DUSTSTORM OR SANDSTORM:
                                                       VSBY 1/2 MILE OR LESS
                                                   8 = SMOKE OR HAZE
[NO. OF DAYS WITH]      [WEATHER - DAYS WITH]      9 = BLOWING SNOW
                                                   X = TORNADO
MAX 32 OR BELOW:   0    0.01 INCH OR MORE:  11
MAX 90 OR ABOVE:   0    0.10 INCH OR MORE:   9
MIN 32 OR BELOW:  18    0.50 INCH OR MORE:   1
MIN  0 OR BELOW:   0    1.00 INCH OR MORE:   0

[HDD (BASE 65) ]
TOTAL THIS MO.   613    CLEAR  (SCALE 0-3)  10
DPTR FM NORMAL  -106    PTCLDY (SCALE 4-7)   7
TOTAL FM JUL 1  7530    CLOUDY (SCALE 8-10)  9
DPTR FM NORMAL  -328

[CDD (BASE 65) ]
TOTAL THIS MO.     0
DPTR FM NORMAL     0    [PRESSURE DATA]
TOTAL FM JAN 1     0    HIGHEST SLP M ON M
DPTR FM NORMAL     0    LOWEST  SLP 29.03 ON  5

[REMARKS]
