000
CXUS56 KPDT 301032
CF6YKM
PRELIMINARY LOCAL CLIMATOLOGICAL DATA (WS FORM: F-6)

                                          STATION:   YAKIMA WA
                                          MONTH:     JANUARY
                                          YEAR:      2015
                                          LATITUDE:   46 34 N
                                          LONGITUDE: 120 32 W

  TEMPERATURE IN F:       :PCPN:    SNOW:  WIND      :SUNSHINE: SKY     :PK WND
================================================================================
1   2   3   4   5  6A  6B    7    8   9   10  11  12  13   14  15   16   17  18
                                     12Z  AVG MX 2MIN
DY MAX MIN AVG DEP HDD CDD  WTR  SNW DPTH SPD SPD DIR MIN PSBL S-S WX    SPD DR
================================================================================

 1  28   9  19  -9  46   0 0.00  0.0    0  3.7  9 150   M    M   0        12 150
 2  28  14  21  -7  44   0 0.00  0.0    0  1.6  9 250   M    M   1        11 250
 3  32  12  22  -6  43   0 0.00  0.0    0  2.0  8 280   M    M   4 18      8 270
 4  32  27  30   1  35   0    T    T    0  1.6  6 280   M    M  10 18      6 280
 5  61  29  45  16  20   0 0.00  0.0    0  4.7 14 310   M    M   4 18     20 290
 6  51  30  41  12  24   0 0.00  0.0    0  3.1  9 310   M    M   0 1       9 310
 7  48  25  37   8  28   0 0.00  0.0    0  2.9 10  60   M    M   2 128    11  60
 8  35  30  33   4  32   0 0.00  0.0    0  3.6 10 290   M    M  10 12     12 300
 9  42  27  35   5  30   0    T  0.0    0  2.3  7  90   M    M   6 1       9 260
10  39  35  37   7  28   0    T  0.0    0  0.2  6 100   M    M   9 18      7  90
11  40  34  37   7  28   0 0.02    T    0  1.7  8 260   M    M  10 18      9 270
12  43  32  38   8  27   0    T  0.0    0  1.4  8 270   M    M  10 1       8 270
13  40  35  38   8  27   0    T  0.0    0  0.5  6  80   M    M  10 1       6  90
14  38  34  36   5  29   0    T  0.0    0  2.5  9  40   M    M  10 1      11  50
15  37  33  35   4  30   0 0.09  1.0    1  2.0  6 260   M    M  10 1       7 190
16  33  21  27  -4  38   0 0.01  0.6    1  3.1  9 230   M    M   9 128    10 230
17  36  25  31   0  34   0 0.52    T    T  0.5  9 100   M    M   8 1268   12  90
18  58  30  44  13  21   0 0.05    M    0  7.4 26 280   M    M   5 12     33 290
19  55  27  41   9  24   0 0.00  0.0    0  4.5 16 290   M    M   1        20 290
20  50  25  38   6  27   0 0.00  0.0    0  4.9  9 280   M    M   0         M  M
21  32  21  27  -5  38   0 0.00  0.0    0  3.9 12  90   M    M   0 1      13  90
22  38  31  35   3  30   0 0.01  0.0    0  1.3  8 150   M    M   M 1       9 150
23  38  34  36   4  29   0 0.00  0.0    0  2.0  8 160   M    M   M 18      9 160
24  57  32  45  13  20   0 0.00  0.0    0  2.9  9 160   M    M   M 18     12 250
25  45  31  38   5  27   0 0.00  0.0    M  2.9 10  70   M    M   M 28     12  80
26  38  33  36   3  29   0 0.00  0.0    0  2.1  7 270   M    M  10 12      9 250
27  39  32  36   3  29   0 0.00  0.0    0  1.9  7  90   M    M  10 12      7  90
28  39  30  35   2  30   0 0.00  0.0    0  2.4 10  90   M    M  10 12     12  90
29  39  34  37   4  28   0 0.00  0.0    0  1.6  7 250   M    M  10 1       8 260
================================================================================
SM 1191  812       875   0  0.70     1.6  75.2          M      159
================================================================================
AV 41.1 28.0                               2.6 FASTST   M    M   6    MAX(MPH)
                                 MISC ---->  # 26 280               # 33  290
================================================================================
NOTES:
# LAST OF SEVERAL OCCURRENCES

COLUMN 17 PEAK WIND IN M.P.H.

PRELIMINARY LOCAL CLIMATOLOGICAL DATA (WS FORM: F-6) , PAGE 2

                                          STATION:  YAKIMA WA
                                          MONTH:    JANUARY
                                          YEAR:     2015
                                          LATITUDE:   46 34 N
                                          LONGITUDE: 120 32 W

[TEMPERATURE DATA]      [PRECIPITATION DATA]       SYMBOLS USED IN COLUMN 16

AVERAGE MONTHLY: 34.5   TOTAL FOR MONTH:   0.70    1 = FOG OR MIST
DPTR FM NORMAL:   3.8   DPTR FM NORMAL:   -0.38    2 = FOG REDUCING VISIBILITY
HIGHEST:    61 ON  5    GRTST 24HR  0.57 ON 17-18      TO 1/4 MILE OR LESS
LOWEST:      9 ON  1                               3 = THUNDER
                        SNOW, ICE PELLETS, HAIL    4 = ICE PELLETS
                        TOTAL MONTH:   1.6 INCHES  5 = HAIL
                        GRTST 24HR   1.0 ON 15-15  6 = FREEZING RAIN OR DRIZZLE
                        GRTST DEPTH:   1 ON 16,15  7 = DUSTSTORM OR SANDSTORM:
                                                       VSBY 1/2 MILE OR LESS
                                                   8 = SMOKE OR HAZE
[NO. OF DAYS WITH]      [WEATHER - DAYS WITH]      9 = BLOWING SNOW
                                                   X = TORNADO
MAX 32 OR BELOW:   5    0.01 INCH OR MORE:   6
MAX 90 OR ABOVE:   0    0.10 INCH OR MORE:   1
MIN 32 OR BELOW:  21    0.50 INCH OR MORE:   1
MIN  0 OR BELOW:   0    1.00 INCH OR MORE:   0

[HDD (BASE 65) ]
TOTAL THIS MO.   875    CLEAR  (SCALE 0-3)   7
DPTR FM NORMAL  -119    PTCLDY (SCALE 4-7)   4
TOTAL FM JUL 1  2953    CLOUDY (SCALE 8-10) 14
DPTR FM NORMAL  -704

[CDD (BASE 65) ]
TOTAL THIS MO.     0
DPTR FM NORMAL     0    [PRESSURE DATA]
TOTAL FM JAN 1     0    HIGHEST SLP 30.58 ON 23
DPTR FM NORMAL     0    LOWEST  SLP 29.77 ON 18

[REMARKS]
