000
CXUS56 KPDT 231832
CF6YKM
PRELIMINARY LOCAL CLIMATOLOGICAL DATA (WS FORM: F-6)

                                          STATION:   YAKIMA WA
                                          MONTH:     JULY
                                          YEAR:      2017
                                          LATITUDE:   46 34 N
                                          LONGITUDE: 120 32 W

  TEMPERATURE IN F:       :PCPN:    SNOW:  WIND      :SUNSHINE: SKY     :PK WND
================================================================================
1   2   3   4   5  6A  6B    7    8   9   10  11  12  13   14  15   16   17  18
                                     12Z  AVG MX 2MIN
DY MAX MIN AVG DEP HDD CDD  WTR  SNW DPTH SPD SPD DIR MIN PSBL S-S WX    SPD DR
================================================================================

 1  96  63  80  13   0  15 0.00  0.0    0  7.7 18 330   M    M   0        24 320
 2  98  65  82  14   0  17 0.00  0.0    0  8.6 22 340   M    M   0        29 320
 3  95  65  80  12   0  15 0.00  0.0    0  7.8 20 340   M    M   0        24 330
 4  95  55  75   7   0  10 0.00  0.0    0  5.4 12 300   M    M   0        14 310
 5 101  55  78  10   0  13 0.00  0.0    0  6.3 13 240   M    M   0        15 190
 6 103  61  82  13   0  17 0.00  0.0    0  6.2 12 250   M    M   0        14 140
 7 103  59  81  12   0  16 0.00  0.0    0  8.7 26 210   M    M   0 8      34 200
 8  98  51  75   6   0  10 0.00  0.0    0  4.7 12 340   M    M   0        16 350
 9  97  71  84  14   0  19 0.00  0.0    0  9.5 23 330   M    M   0        29 320
10  91  64  78   8   0  13 0.00  0.0    0 10.8 22 320   M    M   0        27 320
11  91  53  72   2   0   7 0.00  0.0    0  5.1 14 330   M    M   0        20 310
12  93  60  77   7   0  12 0.00  0.0    0  5.8 13 320   M    M   0        14 320
13  93  59  76   6   0  11 0.00  0.0    0  5.7 14 340   M    M   0 8      19 350
14  96  53  75   4   0  10 0.00  0.0    0  5.3 12 160   M    M   0        17 280
15  97  64  81  10   0  16 0.00  0.0    0  8.0 22 320   M    M   0        26 320
16  85  55  70  -1   0   5 0.00  0.0    0  6.8 18 320   M    M   0        22 340
17  86  54  70  -1   0   5 0.00  0.0    0  5.8 15 330   M    M   0 8      18 320
18  94  52  73   2   0   8 0.00  0.0    0  6.5 16 320   M    M   0        20 320
19  93  61  77   5   0  12 0.00  0.0    0  6.8 20 190   M    M   0        24 210
20  85  55  70  -2   0   5 0.00  0.0    0  6.7 18 320   M    M   0        24 320
21  89  48  69  -3   0   4 0.00  0.0    0  4.4 10 290   M    M   0 8      15 120
22  96  58  77   5   0  12 0.00  0.0    0  4.8 12 330   M    M   0        14 340
================================================================================
SM 2075 1281         0 252  0.00     0.0 147.4          M        0
================================================================================
AV 94.3 58.2                               6.7 FASTST   M    M   0    MAX(MPH)
                                 MISC ---->  # 26 210               # 34  200
================================================================================
NOTES:
# LAST OF SEVERAL OCCURRENCES

COLUMN 17 PEAK WIND IN M.P.H.

PRELIMINARY LOCAL CLIMATOLOGICAL DATA (WS FORM: F-6) , PAGE 2

                                          STATION:  YAKIMA WA
                                          MONTH:    JULY
                                          YEAR:     2017
                                          LATITUDE:   46 34 N
                                          LONGITUDE: 120 32 W

[TEMPERATURE DATA]      [PRECIPITATION DATA]       SYMBOLS USED IN COLUMN 16

AVERAGE MONTHLY: 76.3   TOTAL FOR MONTH:   0.00    1 = FOG OR MIST
DPTR FM NORMAL:   6.3   DPTR FM NORMAL:   -0.17    2 = FOG REDUCING VISIBILITY
HIGHEST:   103 ON  7, 6 GRTST 24HR  0.00 ON 22-22      TO 1/4 MILE OR LESS
LOWEST:     48 ON 21                               3 = THUNDER
                        SNOW, ICE PELLETS, HAIL    4 = ICE PELLETS
                        TOTAL MONTH:   0.0 INCH    5 = HAIL
                        GRTST 24HR     0.0         6 = FREEZING RAIN OR DRIZZLE
                        GRTST DEPTH:   0           7 = DUSTSTORM OR SANDSTORM:
                                                       VSBY 1/2 MILE OR LESS
                                                   8 = SMOKE OR HAZE
[NO. OF DAYS WITH]      [WEATHER - DAYS WITH]      9 = BLOWING SNOW
                                                   X = TORNADO
MAX 32 OR BELOW:   0    0.01 INCH OR MORE:   0
MAX 90 OR ABOVE:  18    0.10 INCH OR MORE:   0
MIN 32 OR BELOW:   0    0.50 INCH OR MORE:   0
MIN  0 OR BELOW:   0    1.00 INCH OR MORE:   0

[HDD (BASE 65) ]
TOTAL THIS MO.     0    CLEAR  (SCALE 0-3)  22
DPTR FM NORMAL   -19    PTCLDY (SCALE 4-7)   0
TOTAL FM JUL 1     0    CLOUDY (SCALE 8-10)  0
DPTR FM NORMAL   -19

[CDD (BASE 65) ]
TOTAL THIS MO.   252
DPTR FM NORMAL   125    [PRESSURE DATA]
TOTAL FM JAN 1   455    HIGHEST SLP 30.14 ON 22
DPTR FM NORMAL   243    LOWEST  SLP 29.79 ON 19

[REMARKS]
