000
CXUS53 KEAX 020237
CLASTJ

CLIMATE REPORT
NATIONAL WEATHER SERVICE KANSAS CITY/PLEASANT HILL MO
831 PM CST FRI JAN 1 2016

...................................

...THE ST. JOSEPH MO CLIMATE SUMMARY FOR THE YEAR OF 2015...

CLIMATE NORMAL PERIOD 1981 TO 2010
CLIMATE RECORD PERIOD 1892 TO 2015

WEATHER         OBSERVED          NORMAL  DEPART
                 VALUE   DATE(S)  VALUE   FROM
                                          NORMAL
................................................
TEMPERATURE (F)
RECORD
 HIGH             110   08/13/1936
                        08/10/1934
 LOW              -25   01/12/1974
HIGHEST            99   06/20        98       1
LOWEST            -10   02/19        -3      -7
AVG. MAXIMUM     65.8              64.3     1.5
AVG. MINIMUM     43.2              42.4     0.8
MEAN             54.5              53.4     1.1
DAYS MAX >= 90     28              38.9   -10.9
DAYS MAX <= 32     28              30.3    -2.3
DAYS MIN <= 32    120             124.5    -4.5
DAYS MIN <= 0      11               8.7     2.3

PRECIPITATION (INCHES)
RECORD
 MAXIMUM        55.60   1973
 MINIMUM        18.26   2002
TOTALS          38.20             35.60    2.60
DAILY AVG.       0.11              0.10    0.01
DAYS >= .01       106              91.6    14.4
DAYS >= .10        60              54.5     5.5
DAYS >= .50        22              23.0    -1.0
DAYS >= 1.00       14               9.2     4.8
GREATEST
 24 HR. TOTAL    2.39   MM

DEGREE_DAYS
HEATING TOTAL    4951              5458    -507
COOLING TOTAL    1288              1221      67
.................................................

WIND (MPH)
AVERAGE WIND SPEED              8.4
HIGHEST WIND SPEED/DIRECTION    41/230    DATE  11/11
HIGHEST GUST SPEED/DIRECTION    54/230    DATE  11/11

SKY COVER
POSSIBLE SUNSHINE (PERCENT)    0
AVERAGE SKY COVER           0.30
NUMBER OF DAYS FAIR          221
NUMBER OF DAYS PC             92
NUMBER OF DAYS CLOUDY         52

AVERAGE RH (PERCENT)     70

WEATHER CONDITIONS. NUMBER OF DAYS WITH
THUNDERSTORM             66     MIXED PRECIP               0
HEAVY RAIN               41     RAIN                      58
LIGHT RAIN              118     FREEZING RAIN              1
LT FREEZING RAIN          4     HAIL                       0
HEAVY SNOW                2     SNOW                       5
LIGHT SNOW               28     SLEET                      0
FOG                     183     FOG W/VIS <= 1/4 MILE     42
HAZE                     48

-  INDICATES NEGATIVE NUMBERS.
R  INDICATES RECORD WAS SET OR TIED.
MM INDICATES DATA IS MISSING.
T  INDICATES TRACE AMOUNT.

$$
