000
CDUS41 KBTV 060551
CLI1V4


CLIMATE REPORT
NATIONAL WEATHER SERVICE BURLINGTON VT
149 AM EDT FRI MAY 6 2016


...................................

...THE ST. JOHNSBURY VT CLIMATE SUMMARY FOR MAY 5 2016...

CLIMATE NORMAL PERIOD 1981 TO 2010
CLIMATE RECORD PERIOD 1894 TO 2016


WEATHER ITEM   OBSERVED TIME   RECORD YEAR NORMAL DEPARTURE LAST
                VALUE   (LST)  VALUE       VALUE  FROM      YEAR
                                                  NORMAL
..................................................................
TEMPERATURE (F)
 YESTERDAY
  MAXIMUM         59    455 PM  91    1944  65     -6       71
  MINIMUM         44    534 AM  22    1911  40      4       45
  AVERAGE         52                        53     -1       58

PRECIPITATION (IN)
  YESTERDAY        0.00          0.58 1927   0.10  -0.10     0.01
  MONTH TO DATE    0.88                      0.51   0.37     0.01
  SINCE MAR 1      5.68                      5.88  -0.20     3.80
  SINCE JAN 1     10.42                     10.56  -0.14     8.36

DEGREE DAYS
 HEATING
  YESTERDAY       13                        13      0        7
  MONTH TO DATE   92                        67     25       39
  SINCE MAR 1   1756                      1762     -6     2016
  SINCE JUL 1   6641                      7486   -845     8081

 COOLING
  YESTERDAY        0                         0      0        0
  MONTH TO DATE    0                         0      0        0
  SINCE MAR 1      0                         1     -1        0
  SINCE JAN 1      0                         1     -1        0
..................................................................


WIND (MPH)
  HIGHEST WIND SPEED    MM   HIGHEST WIND DIRECTION    MM
  HIGHEST GUST SPEED    MM   HIGHEST GUST DIRECTION    MM
  AVERAGE WIND SPEED    MM


SKY COVER
  AVERAGE SKY COVER 0.0


WEATHER CONDITIONS
 THE FOLLOWING WEATHER WAS RECORDED YESTERDAY.
  NO SIGNIFICANT WEATHER WAS OBSERVED.


RELATIVE HUMIDITY (PERCENT)
 HIGHEST    92          1200 AM
 LOWEST     51           200 PM
 AVERAGE    72

..........................................................


THE ST. JOHNSBURY VT CLIMATE NORMALS FOR TODAY
                         NORMAL    RECORD    YEAR
 MAXIMUM TEMPERATURE (F)   66        88      1944
 MINIMUM TEMPERATURE (F)   40        24      1910


SUNRISE AND SUNSET
MAY  6 2016...........SUNRISE   531 AM EDT   SUNSET   759 PM EDT
MAY  7 2016...........SUNRISE   530 AM EDT   SUNSET   800 PM EDT


-  INDICATES NEGATIVE NUMBERS.
R  INDICATES RECORD WAS SET OR TIED.
MM INDICATES DATA IS MISSING.
T  INDICATES TRACE AMOUNT.




$$
