000
CDUS41 KBTV 240650
CLI1V4


CLIMATE REPORT
NATIONAL WEATHER SERVICE BURLINGTON VT
148 AM EST MON NOV 24 2014


...................................

...THE ST. JOHNSBURY VT CLIMATE SUMMARY FOR NOVEMBER 23 2014...

CLIMATE NORMAL PERIOD 1981 TO 2010
CLIMATE RECORD PERIOD 1894 TO 2014


WEATHER ITEM   OBSERVED TIME   RECORD YEAR NORMAL DEPARTURE LAST
                VALUE   (LST)  VALUE       VALUE  FROM      YEAR
                                                  NORMAL
..................................................................
TEMPERATURE (F)
 YESTERDAY
  MAXIMUM         43        MM  64    1953  41      2       36
  MINIMUM         35        MM  -3    1914  25     10       19
  AVERAGE         39                        33      6       28

PRECIPITATION (IN)
  YESTERDAY        0.03          2.22 1924   0.11  -0.08     0.07
  MONTH TO DATE    1.24                      2.63  -1.39     1.51
  SINCE SEP 1      7.54                      9.89  -2.35     7.40
  SINCE JAN 1     34.98                     35.65  -0.67    32.37

DEGREE DAYS
 HEATING
  YESTERDAY       26                        32     -6       37
  MONTH TO DATE  695                       633     62      670
  SINCE SEP 1   1373                      1370      3     1429
  SINCE JUL 1   1430                      1420     10     1489

 COOLING
  YESTERDAY        0                         0      0        0
  MONTH TO DATE    0                         0      0        0
  SINCE SEP 1     33                        35     -2       40
  SINCE JAN 1    252                       433   -181      407
..................................................................


WIND (MPH)
  HIGHEST WIND SPEED    MM   HIGHEST WIND DIRECTION    MM
  HIGHEST GUST SPEED    MM   HIGHEST GUST DIRECTION    MM
  AVERAGE WIND SPEED    MM


SKY COVER
  AVERAGE SKY COVER 0.0


WEATHER CONDITIONS
 THE FOLLOWING WEATHER WAS RECORDED YESTERDAY.
  NO SIGNIFICANT WEATHER WAS OBSERVED.


RELATIVE HUMIDITY (PERCENT)
 HIGHEST    92           500 AM
 LOWEST     59          1200 AM
 AVERAGE    76

..........................................................


THE ST. JOHNSBURY VT CLIMATE NORMALS FOR TODAY
                         NORMAL    RECORD    YEAR
 MAXIMUM TEMPERATURE (F)   40        66      1931
 MINIMUM TEMPERATURE (F)   25        -6      1989


SUNRISE AND SUNSET
NOVEMBER 24 2014......SUNRISE   656 AM EST   SUNSET   413 PM EST
NOVEMBER 25 2014......SUNRISE   657 AM EST   SUNSET   413 PM EST


-  INDICATES NEGATIVE NUMBERS.
R  INDICATES RECORD WAS SET OR TIED.
MM INDICATES DATA IS MISSING.
T  INDICATES TRACE AMOUNT.




$$
