000
CDUS41 KBTV 290546
CLI1V4


CLIMATE REPORT
NATIONAL WEATHER SERVICE BURLINGTON VT
1242 AM EST THU JAN 29 2015


...................................

...THE ST. JOHNSBURY VT CLIMATE SUMMARY FOR JANUARY 28 2015...

CLIMATE NORMAL PERIOD 1981 TO 2010
CLIMATE RECORD PERIOD 1894 TO 2015


WEATHER ITEM   OBSERVED TIME   RECORD YEAR NORMAL DEPARTURE LAST
                VALUE   (LST)  VALUE       VALUE  FROM      YEAR
                                                  NORMAL
..................................................................
TEMPERATURE (F)
 YESTERDAY
  MAXIMUM         19        MM  53    1916  28     -9       15
  MINIMUM         -5        MM -31    1935   6    -11       -8
                                      1918
  AVERAGE          7                        16     -9        4

PRECIPITATION (IN)
  YESTERDAY        0.01          1.22 1976   0.08  -0.07     0.00
  MONTH TO DATE    2.59                      2.27   0.32     1.94
  SINCE DEC 1      6.48                      5.35   1.13     5.38
  SINCE JAN 1      2.59                      2.27   0.32     1.94

DEGREE DAYS
 HEATING
  YESTERDAY       58                        49      9       61
  MONTH TO DATE 1462                      1355    107     1368
  SINCE DEC 1   2610                      2652    -42     2724
  SINCE JUL 1   4262                      4308    -46     4523

 COOLING
  YESTERDAY        0                         0      0        0
  MONTH TO DATE    0                         0      0        0
  SINCE DEC 1      0                         0      0        0
  SINCE JAN 1      0                         0      0        0
..................................................................


WIND (MPH)
  HIGHEST WIND SPEED    MM   HIGHEST WIND DIRECTION    MM
  HIGHEST GUST SPEED    MM   HIGHEST GUST DIRECTION    MM
  AVERAGE WIND SPEED    MM


SKY COVER
  AVERAGE SKY COVER 0.0


WEATHER CONDITIONS
 THE FOLLOWING WEATHER WAS RECORDED YESTERDAY.
  NO SIGNIFICANT WEATHER WAS OBSERVED.


RELATIVE HUMIDITY (PERCENT)
 HIGHEST    79           800 PM
 LOWEST     42           500 PM
 AVERAGE    61

..........................................................


THE ST. JOHNSBURY VT CLIMATE NORMALS FOR TODAY
                         NORMAL    RECORD    YEAR
 MAXIMUM TEMPERATURE (F)   28        43      1998
                                             1974
 MINIMUM TEMPERATURE (F)    6       -29      1925


SUNRISE AND SUNSET
JANUARY 29 2015.......SUNRISE   710 AM EST   SUNSET   453 PM EST
JANUARY 30 2015.......SUNRISE   709 AM EST   SUNSET   454 PM EST


-  INDICATES NEGATIVE NUMBERS.
R  INDICATES RECORD WAS SET OR TIED.
MM INDICATES DATA IS MISSING.
T  INDICATES TRACE AMOUNT.




$$
