000
CDUS41 KBTV 230532
CLI1V4


CLIMATE REPORT
NATIONAL WEATHER SERVICE BURLINGTON VT
125 AM EDT SAT SEP 23 2017


...................................

...THE ST. JOHNSBURY VT CLIMATE SUMMARY FOR SEPTEMBER 22 2017...

CLIMATE NORMAL PERIOD 1981 TO 2010
CLIMATE RECORD PERIOD 1894 TO 2017


WEATHER ITEM   OBSERVED TIME   RECORD YEAR NORMAL DEPARTURE LAST
                VALUE   (LST)  VALUE       VALUE  FROM      YEAR
                                                  NORMAL
..................................................................
TEMPERATURE (F)
 YESTERDAY
  MAXIMUM         80        MM  90    1957  68     12       79
  MINIMUM         45        MM  27    1904  47     -2       51
  AVERAGE         63                        58      5       65

PRECIPITATION (IN)
  YESTERDAY        0.01          1.31 1983   0.13  -0.12     0.00
  MONTH TO DATE    2.91                      2.37   0.54     1.14
  SINCE SEP 1      2.91                      2.37   0.54     1.14
  SINCE JAN 1     32.45                     28.13   4.32    29.08

DEGREE DAYS
 HEATING
  YESTERDAY        2                         8     -6        0
  MONTH TO DATE   91                       106    -15       51
  SINCE SEP 1     91                       106    -15       51
  SINCE JUL 1    182                       156     26       78

 COOLING
  YESTERDAY        0                         1     -1        0
  MONTH TO DATE   28                        33     -5       49
  SINCE SEP 1     28                        33     -5       49
  SINCE JAN 1    290                       431   -141      457
..................................................................


WIND (MPH)
  HIGHEST WIND SPEED    MM   HIGHEST WIND DIRECTION    MM
  HIGHEST GUST SPEED    MM   HIGHEST GUST DIRECTION    MM
  AVERAGE WIND SPEED    MM


SKY COVER
  AVERAGE SKY COVER 0.0


WEATHER CONDITIONS
 THE FOLLOWING WEATHER WAS RECORDED YESTERDAY.
  NO SIGNIFICANT WEATHER WAS OBSERVED.


RELATIVE HUMIDITY (PERCENT)
 HIGHEST   100          1200 AM
 LOWEST     25           300 PM
 AVERAGE    63

..........................................................


THE ST. JOHNSBURY VT CLIMATE NORMALS FOR TODAY
                         NORMAL    RECORD    YEAR
 MAXIMUM TEMPERATURE (F)   68        90      1914
 MINIMUM TEMPERATURE (F)   46        22      1904


SUNRISE AND SUNSET
SEPTEMBER 23 2017.....SUNRISE   637 AM EDT   SUNSET   643 PM EDT
SEPTEMBER 24 2017.....SUNRISE   638 AM EDT   SUNSET   641 PM EDT


-  INDICATES NEGATIVE NUMBERS.
R  INDICATES RECORD WAS SET OR TIED.
MM INDICATES DATA IS MISSING.
T  INDICATES TRACE AMOUNT.




$$
