000
CDUS43 KUNR 270832
CLI2WX


CLIMATE REPORT
NATIONAL WEATHER SERVICE RAPID CITY SD
231 AM MDT WED AUG 27 2014


...................................

...THE BUFFALO SD CLIMATE SUMMARY FOR AUGUST 26 2014...

CLIMATE NORMAL PERIOD 1981 TO 2010
CLIMATE RECORD PERIOD 9999 TO 9999


WEATHER ITEM   OBSERVED TIME   RECORD YEAR NORMAL DEPARTURE LAST
                VALUE   (LST)  VALUE       VALUE  FROM      YEAR
                                                  NORMAL
..................................................................
TEMPERATURE (F)
 YESTERDAY
  MAXIMUM         71    358 PM              83    -12       95
  MINIMUM         47    319 AM              53     -6       70
  AVERAGE         59                        68     -9       83

PRECIPITATION (IN)
  YESTERDAY        0.00         MM      MM   0.03  -0.03     0.01
  MONTH TO DATE    3.13                      1.16   1.97     2.62
  SINCE JUN 1      9.58                      5.85   3.73     5.30
  SINCE JAN 1     13.92                     11.89   2.03     9.46

DEGREE DAYS
 HEATING
  YESTERDAY        6                         2      4        0
  MONTH TO DATE   29                        22      7        2
  SINCE JUN 1    180                       156     24      101
  SINCE JUL 1     45                        42      3       12

 COOLING
  YESTERDAY        0                         5     -5       18
  MONTH TO DATE  152                       177    -25      150
  SINCE JUN 1    327                       446   -119      419
  SINCE JAN 1    357                       452    -95      429
..................................................................


WIND (MPH)
  HIGHEST WIND SPEED    16   HIGHEST WIND DIRECTION    SE (150)
  HIGHEST GUST SPEED    19   HIGHEST GUST DIRECTION    SE (140)
  AVERAGE WIND SPEED     7.2




RELATIVE HUMIDITY (PERCENT)
 HIGHEST    93           100 AM
 LOWEST     57           300 PM
 AVERAGE    75

..........................................................




SUNRISE AND SUNSET
AUGUST 27 2014........SUNRISE   609 AM MDT   SUNSET   741 PM MDT
AUGUST 28 2014........SUNRISE   611 AM MDT   SUNSET   739 PM MDT


-  INDICATES NEGATIVE NUMBERS.
R  INDICATES RECORD WAS SET OR TIED.
MM INDICATES DATA IS MISSING.
T  INDICATES TRACE AMOUNT.




$$
