000
CDUS43 KUNR 160835
CLI2WX


CLIMATE REPORT
NATIONAL WEATHER SERVICE RAPID CITY SD
234 AM MDT TUE SEP 16 2014


...................................

...THE BUFFALO SD CLIMATE SUMMARY FOR SEPTEMBER 15 2014...

CLIMATE NORMAL PERIOD 1981 TO 2010
CLIMATE RECORD PERIOD 9999 TO 9999


WEATHER ITEM   OBSERVED TIME   RECORD YEAR NORMAL DEPARTURE LAST
                VALUE   (LST)  VALUE       VALUE  FROM      YEAR
                                                  NORMAL
..................................................................
TEMPERATURE (F)
 YESTERDAY
  MAXIMUM         68    419 PM              73     -5       67
  MINIMUM         36    629 AM              44     -8       50
  AVERAGE         52                        59     -7       59

PRECIPITATION (IN)
  YESTERDAY        0.00         MM      MM   0.05  -0.05     0.00
  MONTH TO DATE    0.33                      0.64  -0.31     1.84
  SINCE SEP 1      0.33                      0.64  -0.31     1.84
  SINCE JAN 1     14.70                     12.78   1.92    11.32

DEGREE DAYS
 HEATING
  YESTERDAY       13                         7      6        6
  MONTH TO DATE  167                        77     90        8
  SINCE SEP 1    167                        77     90        8
  SINCE JUL 1    218                       129     89       20

 COOLING
  YESTERDAY        0                         1     -1        0
  MONTH TO DATE    9                        35    -26       90
  SINCE SEP 1      9                        35    -26       90
  SINCE JAN 1    374                       506   -132      577
..................................................................


WIND (MPH)
  HIGHEST WIND SPEED    17   HIGHEST WIND DIRECTION     S (160)
  HIGHEST GUST SPEED    21   HIGHEST GUST DIRECTION     S (200)
  AVERAGE WIND SPEED     6.8




RELATIVE HUMIDITY (PERCENT)
 HIGHEST   100           400 AM
 LOWEST     35           300 PM
 AVERAGE    68

..........................................................




SUNRISE AND SUNSET
SEPTEMBER 16 2014.....SUNRISE   634 AM MDT   SUNSET   703 PM MDT
SEPTEMBER 17 2014.....SUNRISE   635 AM MDT   SUNSET   701 PM MDT


-  INDICATES NEGATIVE NUMBERS.
R  INDICATES RECORD WAS SET OR TIED.
MM INDICATES DATA IS MISSING.
T  INDICATES TRACE AMOUNT.




$$
