000
CDUS43 KUNR 300831
CLI2WX


CLIMATE REPORT
NATIONAL WEATHER SERVICE RAPID CITY SD
231 AM MDT THU JUL 30 2015


...................................

...THE BUFFALO SD CLIMATE SUMMARY FOR JULY 29 2015...

CLIMATE NORMAL PERIOD 1981 TO 2010
CLIMATE RECORD PERIOD 9999 TO 9999


WEATHER ITEM   OBSERVED TIME   NORMAL DEPARTURE LAST
                VALUE   (LST)  VALUE  FROM      YEAR
                                      NORMAL
......................................................
TEMPERATURE (F)
 YESTERDAY
  MAXIMUM         83    432 PM  87     -4       86
  MINIMUM         50    444 AM  59     -9       55
  AVERAGE         67            72     -5       71

PRECIPITATION (IN)
  YESTERDAY        0.00          0.07  -0.07     0.00
  MONTH TO DATE    0.21          1.95  -1.74     0.91
  SINCE JUN 1      2.94          4.58  -1.64     6.45
  SINCE JAN 1      7.50         10.62  -3.12    10.79

DEGREE DAYS
 HEATING
  YESTERDAY        0             0      0        0
  MONTH TO DATE    6            21    -15       16
  SINCE JUN 1     49           135    -86      151
  SINCE JUL 1      6            21    -15       16

 COOLING
  YESTERDAY        2             8     -6        6
  MONTH TO DATE  221           193     28      149
  SINCE JUN 1    312           255     57      165
  SINCE JAN 1    312           261     51      195
......................................................


WIND (MPH)
  HIGHEST WIND SPEED    33   HIGHEST WIND DIRECTION     W (270)
  HIGHEST GUST SPEED    43   HIGHEST GUST DIRECTION     W (280)
  AVERAGE WIND SPEED    16.0




RELATIVE HUMIDITY (PERCENT)
 HIGHEST    63           400 AM
 LOWEST     20           100 PM
 AVERAGE    42

..........................................................




SUNRISE AND SUNSET
JULY 30 2015..........SUNRISE   535 AM MDT   SUNSET   825 PM MDT
JULY 31 2015..........SUNRISE   536 AM MDT   SUNSET   824 PM MDT


-  INDICATES NEGATIVE NUMBERS.
R  INDICATES RECORD WAS SET OR TIED.
MM INDICATES DATA IS MISSING.
T  INDICATES TRACE AMOUNT.




$$
