000
CDUS43 KUNR 270836
CLI2WX


CLIMATE REPORT
NATIONAL WEATHER SERVICE RAPID CITY SD
135 AM MST THU NOV 27 2014


...................................

...THE BUFFALO SD CLIMATE SUMMARY FOR NOVEMBER 26 2014...

CLIMATE NORMAL PERIOD 1981 TO 2010
CLIMATE RECORD PERIOD 9999 TO 9999


WEATHER ITEM   OBSERVED TIME   NORMAL DEPARTURE LAST
                VALUE   (LST)  VALUE  FROM      YEAR
                                      NORMAL
......................................................
TEMPERATURE (F)
 YESTERDAY
  MAXIMUM         29   1223 PM  37     -8       31
  MINIMUM         19    728 PM  16      3       17
  AVERAGE         24            26     -2       24

PRECIPITATION (IN)
  YESTERDAY        0.01          0.01   0.00     0.00
  MONTH TO DATE    0.36          0.31   0.05     0.00
  SINCE SEP 1      2.48          2.09   0.39     2.67
  SINCE JAN 1     16.85         14.23   2.62    12.15

DEGREE DAYS
 HEATING
  YESTERDAY       41            39      2       41
  MONTH TO DATE 1007           838    169      829
  SINCE SEP 1   1702          1687     15     1647
  SINCE JUL 1   1753          1739     14     1659

 COOLING
  YESTERDAY        0             0      0        0
  MONTH TO DATE    0             0      0        0
  SINCE SEP 1     55            42     13      100
  SINCE JAN 1    420           513    -93      587
......................................................


WIND (MPH)
  HIGHEST WIND SPEED    20   HIGHEST WIND DIRECTION    NW (330)
  HIGHEST GUST SPEED    24   HIGHEST GUST DIRECTION    NW (330)
  AVERAGE WIND SPEED     7.9




RELATIVE HUMIDITY (PERCENT)
 HIGHEST    84           400 PM
 LOWEST     74           400 AM
 AVERAGE    79

..........................................................




SUNRISE AND SUNSET
NOVEMBER 27 2014......SUNRISE   709 AM MST   SUNSET   414 PM MST
NOVEMBER 28 2014......SUNRISE   711 AM MST   SUNSET   413 PM MST


-  INDICATES NEGATIVE NUMBERS.
R  INDICATES RECORD WAS SET OR TIED.
MM INDICATES DATA IS MISSING.
T  INDICATES TRACE AMOUNT.




$$
