840
CDUS43 KUNR 220850
CLI2WX


CLIMATE REPORT
NATIONAL WEATHER SERVICE RAPID CITY SD
246 AM MDT FRI MAY 22 2015


...................................

...THE BUFFALO SD CLIMATE SUMMARY FOR MAY 21 2015...

CLIMATE NORMAL PERIOD 1981 TO 2010
CLIMATE RECORD PERIOD 9999 TO 9999


WEATHER ITEM   OBSERVED TIME   NORMAL DEPARTURE LAST
                VALUE   (LST)  VALUE  FROM      YEAR
                                      NORMAL
......................................................
TEMPERATURE (F)
 YESTERDAY
  MAXIMUM         68    342 PM  67      1       68
  MINIMUM         37    400 AM  43     -6       42
  AVERAGE         53            55     -2       55

PRECIPITATION (IN)
  YESTERDAY        0.00          0.15  -0.15     0.00
  MONTH TO DATE    1.16          1.66  -0.50     0.86
  SINCE MAR 1      2.41          3.98  -1.57     2.96
  SINCE JAN 1      2.88          4.55  -1.67     3.54

DEGREE DAYS
 HEATING
  YESTERDAY       12            10      2       10
  MONTH TO DATE  317           276     41      336
  SINCE MAR 1   1620          1932   -312     2140
  SINCE JUL 1   7078          7729   -651     8197

 COOLING
  YESTERDAY        0             0      0        0
  MONTH TO DATE    0             0      0        0
  SINCE MAR 1      0             0      0        0
  SINCE JAN 1      0             0      0        0
......................................................


WIND (MPH)
  HIGHEST WIND SPEED    24   HIGHEST WIND DIRECTION    SE (140)
  HIGHEST GUST SPEED    29   HIGHEST GUST DIRECTION    SE (140)
  AVERAGE WIND SPEED    10.7




RELATIVE HUMIDITY (PERCENT)
 HIGHEST    76           400 AM
 LOWEST     22           100 PM
 AVERAGE    49

..........................................................




SUNRISE AND SUNSET
MAY 22 2015...........SUNRISE   516 AM MDT   SUNSET   826 PM MDT
MAY 23 2015...........SUNRISE   515 AM MDT   SUNSET   827 PM MDT


-  INDICATES NEGATIVE NUMBERS.
R  INDICATES RECORD WAS SET OR TIED.
MM INDICATES DATA IS MISSING.
T  INDICATES TRACE AMOUNT.




$$
