000
CDUS43 KUNR 230830
CLI2WX


CLIMATE REPORT
NATIONAL WEATHER SERVICE RAPID CITY SD
230 AM MDT THU OCT 23 2014


...................................

...THE BUFFALO SD CLIMATE SUMMARY FOR OCTOBER 22 2014...

CLIMATE NORMAL PERIOD 1981 TO 2010
CLIMATE RECORD PERIOD 9999 TO 9999


WEATHER ITEM   OBSERVED TIME   RECORD YEAR NORMAL DEPARTURE LAST
                VALUE   (LST)  VALUE       VALUE  FROM      YEAR
                                                  NORMAL
..................................................................
TEMPERATURE (F)
 YESTERDAY
  MAXIMUM         63    315 PM              55      8       50
  MINIMUM         39   1157 PM              32      7       38
  AVERAGE         51                        43      8       44

PRECIPITATION (IN)
  YESTERDAY        0.00         MM      MM   0.04  -0.04     0.00
  MONTH TO DATE    0.03                      0.38  -0.35     0.50
  SINCE SEP 1      2.11                      1.46   0.65     2.67
  SINCE JAN 1     16.48                     13.60   2.88    12.15

DEGREE DAYS
 HEATING
  YESTERDAY       14                        22     -8       21
  MONTH TO DATE  297                       397   -100      456
  SINCE SEP 1    525                       636   -111      573
  SINCE JUL 1    576                       688   -112      585

 COOLING
  YESTERDAY        0                         0      0        0
  MONTH TO DATE    0                         0      0        0
  SINCE SEP 1     55                        41     14      100
  SINCE JAN 1    420                       512    -92      587
..................................................................


WIND (MPH)
  HIGHEST WIND SPEED    28   HIGHEST WIND DIRECTION     W (280)
  HIGHEST GUST SPEED    34   HIGHEST GUST DIRECTION     W (280)
  AVERAGE WIND SPEED    14.7




RELATIVE HUMIDITY (PERCENT)
 HIGHEST    77           400 AM
 LOWEST     25           200 PM
 AVERAGE    51

..........................................................




SUNRISE AND SUNSET
OCTOBER 23 2014.......SUNRISE   721 AM MDT   SUNSET   555 PM MDT
OCTOBER 24 2014.......SUNRISE   723 AM MDT   SUNSET   553 PM MDT


-  INDICATES NEGATIVE NUMBERS.
R  INDICATES RECORD WAS SET OR TIED.
MM INDICATES DATA IS MISSING.
T  INDICATES TRACE AMOUNT.




$$
