567
CDUS43 KUNR 180833
CLI2WX


CLIMATE REPORT
NATIONAL WEATHER SERVICE RAPID CITY SD
133 AM MST WED JAN 18 2017


...................................

...THE BUFFALO SD CLIMATE SUMMARY FOR JANUARY 17 2017...

CLIMATE NORMAL PERIOD 1981 TO 2010
CLIMATE RECORD PERIOD 9999 TO 9999


WEATHER ITEM   OBSERVED TIME   NORMAL DEPARTURE LAST
                VALUE   (LST)  VALUE  FROM      YEAR
                                      NORMAL
......................................................
TEMPERATURE (F)
 YESTERDAY
  MAXIMUM         38    548 PM  31      7       13
  MINIMUM         15   1241 AM  10      5      -12
  AVERAGE         27            20      7        1

PRECIPITATION (IN)
  YESTERDAY        0.00          0.01  -0.01     0.00
  MONTH TO DATE    0.00          0.16  -0.16     0.04
  SINCE DEC 1      1.17          0.45   0.72     0.50
  SINCE JAN 1      0.00          0.16  -0.16     0.04

DEGREE DAYS
 HEATING
  YESTERDAY       38            45     -7       64
  MONTH TO DATE  997           765    232      776
  SINCE DEC 1   2552          2127    425     1965
  SINCE JUL 1   3842          4025   -183     3427

 COOLING
  YESTERDAY        0             0      0        0
  MONTH TO DATE    0             0      0        0
  SINCE DEC 1      0             0      0        0
  SINCE JAN 1      0             0      0        0
......................................................


WIND (MPH)
  HIGHEST WIND SPEED    21   HIGHEST WIND DIRECTION     W (250)
  HIGHEST GUST SPEED    23   HIGHEST GUST DIRECTION     W (250)
  AVERAGE WIND SPEED     9.3




RELATIVE HUMIDITY (PERCENT)
 HIGHEST    73          1200 AM
 LOWEST     48           600 PM
 AVERAGE    61

..........................................................




SUNRISE AND SUNSET
JANUARY 18 2017.......SUNRISE   729 AM MST   SUNSET   441 PM MST
JANUARY 19 2017.......SUNRISE   728 AM MST   SUNSET   443 PM MST


-  INDICATES NEGATIVE NUMBERS.
R  INDICATES RECORD WAS SET OR TIED.
MM INDICATES DATA IS MISSING.
T  INDICATES TRACE AMOUNT.




$$
