655
CDUS43 KUNR 230831
CLI2WX


CLIMATE REPORT
NATIONAL WEATHER SERVICE RAPID CITY SD
131 AM MST THU FEB 23 2017


...................................

...THE BUFFALO SD CLIMATE SUMMARY FOR FEBRUARY 22 2017...

CLIMATE NORMAL PERIOD 1981 TO 2010
CLIMATE RECORD PERIOD 9999 TO 9999


WEATHER ITEM   OBSERVED TIME   NORMAL DEPARTURE LAST
                VALUE   (LST)  VALUE  FROM      YEAR
                                      NORMAL
......................................................
TEMPERATURE (F)
 YESTERDAY
  MAXIMUM         43    118 AM  36      7       48
  MINIMUM         29   1159 PM  15     14       23
  AVERAGE         36            25     11       36

PRECIPITATION (IN)
  YESTERDAY       MM             0.01  MM        0.00
  MONTH TO DATE    0.04          0.22  -0.18     0.27
  SINCE DEC 1      1.24          0.80   0.44     0.90
  SINCE JAN 1      0.07          0.51  -0.44     0.44

DEGREE DAYS
 HEATING
  YESTERDAY       29            40    -11       29
  MONTH TO DATE  750           927   -177      675
  SINCE DEC 1   3824          3668    156     3123
  SINCE JUL 1   5114          5566   -452     4585

 COOLING
  YESTERDAY        0             0      0        0
  MONTH TO DATE    0             0      0        0
  SINCE DEC 1      0             0      0        0
  SINCE JAN 1      0             0      0        0
......................................................


WIND (MPH)
  HIGHEST WIND SPEED    24   HIGHEST WIND DIRECTION    NW (330)
  HIGHEST GUST SPEED    28   HIGHEST GUST DIRECTION    NW (320)
  AVERAGE WIND SPEED    11.5




RELATIVE HUMIDITY (PERCENT)
 HIGHEST    92           400 AM
 LOWEST     76          1200 AM
 AVERAGE    84

..........................................................




SUNRISE AND SUNSET
FEBRUARY 23 2017......SUNRISE   643 AM MST   SUNSET   533 PM MST
FEBRUARY 24 2017......SUNRISE   641 AM MST   SUNSET   534 PM MST


-  INDICATES NEGATIVE NUMBERS.
R  INDICATES RECORD WAS SET OR TIED.
MM INDICATES DATA IS MISSING.
T  INDICATES TRACE AMOUNT.




$$
