000
CDUS43 KUNR 270831
CLI2WX


CLIMATE REPORT
NATIONAL WEATHER SERVICE RAPID CITY SD
231 AM MDT TUE SEP 27 2016


...................................

...THE BUFFALO SD CLIMATE SUMMARY FOR SEPTEMBER 26 2016...

CLIMATE NORMAL PERIOD 1981 TO 2010
CLIMATE RECORD PERIOD 9999 TO 9999


WEATHER ITEM   OBSERVED TIME   NORMAL DEPARTURE LAST
                VALUE   (LST)  VALUE  FROM      YEAR
                                      NORMAL
......................................................
TEMPERATURE (F)
 YESTERDAY
  MAXIMUM         70    339 PM  67      3       93
  MINIMUM         41    517 AM  40      1       52
  AVERAGE         56            53      3       73

PRECIPITATION (IN)
  YESTERDAY        0.00          0.02  -0.02     0.00
  MONTH TO DATE    1.02          1.04  -0.02     0.67
  SINCE SEP 1      1.02          1.04  -0.02     0.67
  SINCE JAN 1      8.70         13.18  -4.48    11.39

DEGREE DAYS
 HEATING
  YESTERDAY        9            12     -3        0
  MONTH TO DATE  132           186    -54       50
  SINCE SEP 1    132           186    -54       50
  SINCE JUL 1    162           238    -76       97

 COOLING
  YESTERDAY        0             0      0        8
  MONTH TO DATE   37            40     -3       84
  SINCE SEP 1     37            40     -3       84
  SINCE JAN 1    729           511    218      622
......................................................


WIND (MPH)
  HIGHEST WIND SPEED    30   HIGHEST WIND DIRECTION    NW (310)
  HIGHEST GUST SPEED    34   HIGHEST GUST DIRECTION    NW (310)
  AVERAGE WIND SPEED    13.4




RELATIVE HUMIDITY (PERCENT)
 HIGHEST    82           100 AM
 LOWEST     33           200 PM
 AVERAGE    58

..........................................................




SUNRISE AND SUNSET
SEPTEMBER 27 2016.....SUNRISE   648 AM MDT   SUNSET   641 PM MDT
SEPTEMBER 28 2016.....SUNRISE   649 AM MDT   SUNSET   639 PM MDT


-  INDICATES NEGATIVE NUMBERS.
R  INDICATES RECORD WAS SET OR TIED.
MM INDICATES DATA IS MISSING.
T  INDICATES TRACE AMOUNT.




$$
