000
CDUS43 KUNR 250833
CLI2WX


CLIMATE REPORT
NATIONAL WEATHER SERVICE RAPID CITY SD
132 AM MST SUN JAN 25 2015


...................................

...THE BUFFALO SD CLIMATE SUMMARY FOR JANUARY 24 2015...

CLIMATE NORMAL PERIOD 1981 TO 2010
CLIMATE RECORD PERIOD 9999 TO 9999


WEATHER ITEM   OBSERVED TIME   NORMAL DEPARTURE LAST
                VALUE   (LST)  VALUE  FROM      YEAR
                                      NORMAL
......................................................
TEMPERATURE (F)
 YESTERDAY
  MAXIMUM         53   1141 AM  31     22       51
  MINIMUM         32   1207 AM  11     21       34
  AVERAGE         43            21     22       43

PRECIPITATION (IN)
  YESTERDAY        0.00          0.01  -0.01     0.00
  MONTH TO DATE    0.27          0.22   0.05     0.02
  SINCE DEC 1      0.43          0.51  -0.08     1.18
  SINCE JAN 1      0.27          0.22   0.05     0.02

DEGREE DAYS
 HEATING
  YESTERDAY       22            44    -22       22
  MONTH TO DATE 1026          1073    -47      992
  SINCE DEC 1   2211          2435   -224     2538
  SINCE JUL 1   4132          4333   -201     4328

 COOLING
  YESTERDAY        0             0      0        0
  MONTH TO DATE    0             0      0        0
  SINCE DEC 1      0             0      0        0
  SINCE JAN 1      0             0      0        0
......................................................


WIND (MPH)
  HIGHEST WIND SPEED    56   HIGHEST WIND DIRECTION    NW (310)
  HIGHEST GUST SPEED    66   HIGHEST GUST DIRECTION    NW (310)
  AVERAGE WIND SPEED    26.9




RELATIVE HUMIDITY (PERCENT)
 HIGHEST    82           200 PM
 LOWEST     50          1100 AM
 AVERAGE    66

..........................................................




SUNRISE AND SUNSET
JANUARY 25 2015.......SUNRISE   723 AM MST   SUNSET   450 PM MST
JANUARY 26 2015.......SUNRISE   722 AM MST   SUNSET   452 PM MST


-  INDICATES NEGATIVE NUMBERS.
R  INDICATES RECORD WAS SET OR TIED.
MM INDICATES DATA IS MISSING.
T  INDICATES TRACE AMOUNT.




$$
