000
CDUS43 KABR 221035
CLI8D3


CLIMATE REPORT
NATIONAL WEATHER SERVICE ABERDEEN SD
535 AM CDT MON MAY 22 2017


...................................

...THE SISSETON SD CLIMATE SUMMARY FOR MAY 21 2017...

CLIMATE NORMAL PERIOD 1981 TO 2010
CLIMATE RECORD PERIOD 1900 TO 2017


WEATHER ITEM   OBSERVED TIME   RECORD YEAR NORMAL DEPARTURE LAST
                VALUE   (LST)  VALUE       VALUE  FROM      YEAR
                                                  NORMAL
..................................................................
TEMPERATURE (F)
 YESTERDAY
  MAXIMUM         56    640 PM  96    1964  71    -15       82
  MINIMUM         40    748 AM  32    1963  47     -7       45
  AVERAGE         48                        59    -11       64

PRECIPITATION (IN)
  YESTERDAY        0.05          3.84 1965   0.08  -0.03     0.00
  MONTH TO DATE    1.02                      1.85  -0.83     0.26
  SINCE MAR 1      2.85                      5.25  -2.40     3.26
  SINCE JAN 1      4.05                      6.11  -2.06     4.43

DEGREE DAYS
 HEATING
  YESTERDAY       17                         7     10        1
  MONTH TO DATE  160                       206    -46      198
  SINCE MAR 1   1810                      1906    -96     1608
  SINCE JUL 1   7074                      8165  -1091     6909

 COOLING
  YESTERDAY        0                         1     -1        0
  MONTH TO DATE   16                        12      4        7
  SINCE MAR 1     16                        13      3        7
  SINCE JAN 1     16                        13      3        7
..................................................................


WIND (MPH)
  HIGHEST WIND SPEED    29   HIGHEST WIND DIRECTION     N (340)
  HIGHEST GUST SPEED    34   HIGHEST GUST DIRECTION     N (340)
  AVERAGE WIND SPEED    15.5


SKY COVER
  POSSIBLE SUNSHINE  MM
  AVERAGE SKY COVER 0.0


WEATHER CONDITIONS
 THE FOLLOWING WEATHER WAS RECORDED YESTERDAY.
  LIGHT RAIN


RELATIVE HUMIDITY (PERCENT)
 HIGHEST   100           600 AM
 LOWEST     61           500 PM
 AVERAGE    81

..........................................................


THE SISSETON SD CLIMATE NORMALS FOR TODAY
                         NORMAL    RECORD    YEAR
 MAXIMUM TEMPERATURE (F)   71        92      1964
 MINIMUM TEMPERATURE (F)   47        27      1963


SUNRISE AND SUNSET
MAY 22 2017...........SUNRISE   549 AM CDT   SUNSET   901 PM CDT
MAY 23 2017...........SUNRISE   548 AM CDT   SUNSET   902 PM CDT


-  INDICATES NEGATIVE NUMBERS.
R  INDICATES RECORD WAS SET OR TIED.
MM INDICATES DATA IS MISSING.
T  INDICATES TRACE AMOUNT.




$$
