000
CDUS43 KABR 241031
CLI8D3


CLIMATE REPORT
NATIONAL WEATHER SERVICE ABERDEEN SD
531 AM CDT FRI OCT 24 2014


...................................

...THE SISSETON SD CLIMATE SUMMARY FOR OCTOBER 23 2014...

CLIMATE NORMAL PERIOD 1981 TO 2010
CLIMATE RECORD PERIOD 1900 TO 2014


WEATHER ITEM   OBSERVED TIME   RECORD YEAR NORMAL DEPARTURE LAST
                VALUE   (LST)  VALUE       VALUE  FROM      YEAR
                                                  NORMAL
..................................................................
TEMPERATURE (F)
 YESTERDAY
  MAXIMUM         73    310 PM  82    1963  54     19       42
  MINIMUM         44   1117 PM  10    1936  33     11       31
  AVERAGE         59                        43     16       37

PRECIPITATION (IN)
  YESTERDAY        0.00          1.10 1995   0.06  -0.06     0.00
  MONTH TO DATE    0.10                      1.72  -1.62     5.87
  SINCE SEP 1      0.94                      4.26  -3.32     8.51
  SINCE JAN 1     21.90                     21.00   0.90    27.18

SNOWFALL (IN)
  YESTERDAY        0.0
  MONTH TO DATE    0.0
  SINCE OCT 1      0.0
  SINCE JUL 1      0.0
  SNOW DEPTH       0

DEGREE DAYS
 HEATING
  YESTERDAY        6                        22    -16       28
  MONTH TO DATE  332                       391    -59      404
  SINCE SEP 1    498                       593    -95      501
  SINCE JUL 1    535                       636   -101      550

 COOLING
  YESTERDAY        0                         0      0        0
  MONTH TO DATE    0                         0      0        0
  SINCE SEP 1     42                        44     -2       90
  SINCE JAN 1    442                       523    -81      625
..................................................................


WIND (MPH)
  HIGHEST WIND SPEED    17   HIGHEST WIND DIRECTION     W (260)
  HIGHEST GUST SPEED    23   HIGHEST GUST DIRECTION     W (250)
  AVERAGE WIND SPEED     9.9


SKY COVER
  POSSIBLE SUNSHINE  MM
  AVERAGE SKY COVER 0.0


WEATHER CONDITIONS
 THE FOLLOWING WEATHER WAS RECORDED YESTERDAY.
  NO SIGNIFICANT WEATHER WAS OBSERVED.


RELATIVE HUMIDITY (PERCENT)
 HIGHEST    89          1200 AM
 LOWEST     26           400 PM
 AVERAGE    58

..........................................................


THE SISSETON SD CLIMATE NORMALS FOR TODAY
                         NORMAL    RECORD    YEAR
 MAXIMUM TEMPERATURE (F)   53        80      1989
 MINIMUM TEMPERATURE (F)   33        15      1955


SUNRISE AND SUNSET
OCTOBER 24 2014.......SUNRISE   757 AM CDT   SUNSET   627 PM CDT
OCTOBER 25 2014.......SUNRISE   758 AM CDT   SUNSET   625 PM CDT


-  INDICATES NEGATIVE NUMBERS.
R  INDICATES RECORD WAS SET OR TIED.
MM INDICATES DATA IS MISSING.
T  INDICATES TRACE AMOUNT.




$$
