000
CDUS43 KABR 300902
CLI8D3


CLIMATE REPORT
NATIONAL WEATHER SERVICE ABERDEEN SD
401 AM CDT SAT AUG 30 2014


...................................

...THE SISSETON SD CLIMATE SUMMARY FOR AUGUST 29 2014...

CLIMATE NORMAL PERIOD 1981 TO 2010
CLIMATE RECORD PERIOD 1900 TO 2014


WEATHER ITEM   OBSERVED TIME   RECORD YEAR NORMAL DEPARTURE LAST
                VALUE   (LST)  VALUE       VALUE  FROM      YEAR
                                                  NORMAL
..................................................................
TEMPERATURE (F)
 YESTERDAY
  MAXIMUM         79    441 PM  99    1961  78      1       96
  MINIMUM         62   1159 PM  40    1988  55      7       69
  AVERAGE         71                        66      5       83

PRECIPITATION (IN)
  YESTERDAY        0.01          3.23 1983   0.08  -0.07     0.00
  MONTH TO DATE    2.04                      2.26  -0.22     0.70
  SINCE JUN 1     12.45                      9.58   2.87     9.08
  SINCE JAN 1     20.82                     16.56   4.26    18.42

DEGREE DAYS
 HEATING
  YESTERDAY        0                         2     -2        0
  MONTH TO DATE   17                        24     -7       23
  SINCE JUN 1     72                        99    -27      118
  SINCE JUL 1     37                        37      0       49

 COOLING
  YESTERDAY        6                         3      3       18
  MONTH TO DATE  118                       150    -32      165
  SINCE JUN 1    336                       449   -113      488
  SINCE JAN 1    397                       472    -75      513
..................................................................


WIND (MPH)
  HIGHEST WIND SPEED    21   HIGHEST WIND DIRECTION     N (350)
  HIGHEST GUST SPEED    28   HIGHEST GUST DIRECTION     N (350)
  AVERAGE WIND SPEED     5.8


SKY COVER
  POSSIBLE SUNSHINE  MM
  AVERAGE SKY COVER 0.0


WEATHER CONDITIONS
 THE FOLLOWING WEATHER WAS RECORDED YESTERDAY.
  NO SIGNIFICANT WEATHER WAS OBSERVED.


RELATIVE HUMIDITY (PERCENT)
 HIGHEST   100          1200 AM
 LOWEST     67           400 PM
 AVERAGE    84

..........................................................


THE SISSETON SD CLIMATE NORMALS FOR TODAY
                         NORMAL    RECORD    YEAR
 MAXIMUM TEMPERATURE (F)   78        95      1961
 MINIMUM TEMPERATURE (F)   54        37      2009


SUNRISE AND SUNSET
AUGUST 30 2014........SUNRISE   647 AM CDT   SUNSET   810 PM CDT
AUGUST 31 2014........SUNRISE   648 AM CDT   SUNSET   808 PM CDT


-  INDICATES NEGATIVE NUMBERS.
R  INDICATES RECORD WAS SET OR TIED.
MM INDICATES DATA IS MISSING.
T  INDICATES TRACE AMOUNT.




$$
