000
CDUS43 KABR 131032
CLI8D3


CLIMATE REPORT
NATIONAL WEATHER SERVICE ABERDEEN SD
431 AM CST SAT FEB 13 2016


...................................

...THE SISSETON SD CLIMATE SUMMARY FOR FEBRUARY 12 2016...

CLIMATE NORMAL PERIOD 1981 TO 2010
CLIMATE RECORD PERIOD 1900 TO 2016


WEATHER ITEM   OBSERVED TIME   RECORD YEAR NORMAL DEPARTURE LAST
                VALUE   (LST)  VALUE       VALUE  FROM      YEAR
                                                  NORMAL
..................................................................
TEMPERATURE (F)
 YESTERDAY
  MAXIMUM         11    325 AM  51    2005  27    -16       17
  MINIMUM        -11   1141 PM -31    1905   7    -18       -8
  AVERAGE          0                        17    -17        5

PRECIPITATION (IN)
  YESTERDAY        0.00          0.30 1976   0.01  -0.01     0.04
  MONTH TO DATE    0.26                      0.14   0.12     0.28
  SINCE DEC 1      1.61                      0.96   0.65     1.35
  SINCE JAN 1      0.54                      0.57  -0.03     0.75

SNOWFALL (IN)
  YESTERDAY        0.0
  MONTH TO DATE    3.0
  SINCE OCT 1     21.9
  SINCE JUL 1     21.9
  SNOW DEPTH       3

DEGREE DAYS
 HEATING
  YESTERDAY       65                        48     17       60
  MONTH TO DATE  564                       594    -30      617
  SINCE DEC 1   3301                      3689   -388     3375
  SINCE JUL 1   4697                      5540   -843     5355

 COOLING
  YESTERDAY        0                         0      0        0
  MONTH TO DATE    0                         0      0        0
  SINCE DEC 1      0                         0      0        0
  SINCE JAN 1      0                         0      0        0
..................................................................


WIND (MPH)
  HIGHEST WIND SPEED    23   HIGHEST WIND DIRECTION     N (360)
  HIGHEST GUST SPEED    28   HIGHEST GUST DIRECTION     N (350)
  AVERAGE WIND SPEED    13.2


SKY COVER
  POSSIBLE SUNSHINE  MM
  AVERAGE SKY COVER 0.0


WEATHER CONDITIONS
 THE FOLLOWING WEATHER WAS RECORDED YESTERDAY.
  NO SIGNIFICANT WEATHER WAS OBSERVED.


RELATIVE HUMIDITY (PERCENT)
 HIGHEST    92          1200 AM
 LOWEST     65           500 PM
 AVERAGE    79

..........................................................


THE SISSETON SD CLIMATE NORMALS FOR TODAY
                         NORMAL    RECORD    YEAR
 MAXIMUM TEMPERATURE (F)   27        54      1983
 MINIMUM TEMPERATURE (F)    8       -23      1951


SUNRISE AND SUNSET
FEBRUARY 13 2016......SUNRISE   734 AM CST   SUNSET   551 PM CST
FEBRUARY 14 2016......SUNRISE   732 AM CST   SUNSET   553 PM CST


-  INDICATES NEGATIVE NUMBERS.
R  INDICATES RECORD WAS SET OR TIED.
MM INDICATES DATA IS MISSING.
T  INDICATES TRACE AMOUNT.




$$
