000
CDUS43 KABR 280921
CLI8D3


CLIMATE REPORT
NATIONAL WEATHER SERVICE ABERDEEN SD
420 AM CDT TUE MAR 28 2017


...................................

...THE SISSETON SD CLIMATE SUMMARY FOR MARCH 27 2017...

CLIMATE NORMAL PERIOD 1981 TO 2010
CLIMATE RECORD PERIOD 1900 TO 2017


WEATHER ITEM   OBSERVED TIME   RECORD YEAR NORMAL DEPARTURE LAST
                VALUE   (LST)  VALUE       VALUE  FROM      YEAR
                                                  NORMAL
..................................................................
TEMPERATURE (F)
 YESTERDAY
  MAXIMUM         58    518 PM  78    1946  45     13       56
  MINIMUM         32   1153 PM   0    1955  25      7       15
  AVERAGE         45                        35     10       36

PRECIPITATION (IN)
  YESTERDAY        0.00          1.27 1995   0.04  -0.04     0.00
  MONTH TO DATE    0.26                      0.89  -0.63     0.34
  SINCE MAR 1      0.26                      0.89  -0.63     0.34
  SINCE JAN 1      1.46                      1.75  -0.29     1.51

SNOWFALL (IN)
  YESTERDAY        0.0
  MONTH TO DATE    3.4
  SINCE OCT 1     30.4
  SINCE JUL 1     30.4
  SNOW DEPTH       0

DEGREE DAYS
 HEATING
  YESTERDAY       20                        30    -10       29
  MONTH TO DATE  997                       968     29      732
  SINCE MAR 1    997                       968     29      732
  SINCE JUL 1   6261                      7227   -966     6033

 COOLING
  YESTERDAY        0                         0      0        0
  MONTH TO DATE    0                         0      0        0
  SINCE MAR 1      0                         0      0        0
  SINCE JAN 1      0                         0      0        0
..................................................................


WIND (MPH)
  HIGHEST WIND SPEED    10   HIGHEST WIND DIRECTION     S (170)
  HIGHEST GUST SPEED    13   HIGHEST GUST DIRECTION     S (180)
  AVERAGE WIND SPEED     3.4


SKY COVER
  POSSIBLE SUNSHINE  MM
  AVERAGE SKY COVER 0.0


WEATHER CONDITIONS
 THE FOLLOWING WEATHER WAS RECORDED YESTERDAY.
  NO SIGNIFICANT WEATHER WAS OBSERVED.


RELATIVE HUMIDITY (PERCENT)
 HIGHEST   100           300 AM
 LOWEST     47           400 PM
 AVERAGE    74

..........................................................


THE SISSETON SD CLIMATE NORMALS FOR TODAY
                         NORMAL    RECORD    YEAR
 MAXIMUM TEMPERATURE (F)   46        82      1946
 MINIMUM TEMPERATURE (F)   25        -4      1964


SUNRISE AND SUNSET
MARCH 28 2017.........SUNRISE   715 AM CDT   SUNSET   751 PM CDT
MARCH 29 2017.........SUNRISE   713 AM CDT   SUNSET   753 PM CDT


-  INDICATES NEGATIVE NUMBERS.
R  INDICATES RECORD WAS SET OR TIED.
MM INDICATES DATA IS MISSING.
T  INDICATES TRACE AMOUNT.




$$
