000
CDUS43 KABR 301035
CLI8D3


CLIMATE REPORT
NATIONAL WEATHER SERVICE ABERDEEN SD
534 AM CDT SUN AUG 30 2015


...................................

...THE SISSETON SD CLIMATE SUMMARY FOR AUGUST 29 2015...

CLIMATE NORMAL PERIOD 1981 TO 2010
CLIMATE RECORD PERIOD 1900 TO 2015


WEATHER ITEM   OBSERVED TIME   RECORD YEAR NORMAL DEPARTURE LAST
                VALUE   (LST)  VALUE       VALUE  FROM      YEAR
                                                  NORMAL
..................................................................
TEMPERATURE (F)
 YESTERDAY
  MAXIMUM         84    407 PM  99    1961  78      6       79
  MINIMUM         57    611 AM  40    1988  55      2       62
  AVERAGE         71                        66      5       71

PRECIPITATION (IN)
  YESTERDAY        0.00          3.23 1983   0.08  -0.08     0.01
  MONTH TO DATE    2.19                      2.26  -0.07     2.04
  SINCE JUN 1      6.74                      9.58  -2.84    12.45
  SINCE JAN 1     14.39                     16.56  -2.17    20.82

DEGREE DAYS
 HEATING
  YESTERDAY        0                         2     -2        0
  MONTH TO DATE   45                        24     21       17
  SINCE JUN 1     72                        99    -27       72
  SINCE JUL 1     58                        37     21       37

 COOLING
  YESTERDAY        6                         3      3        6
  MONTH TO DATE  132                       150    -18      118
  SINCE JUN 1    464                       449     15      336
  SINCE JAN 1    481                       472      9      397
..................................................................


WIND (MPH)
  HIGHEST WIND SPEED    16   HIGHEST WIND DIRECTION    SW (240)
  HIGHEST GUST SPEED    21   HIGHEST GUST DIRECTION    SW (230)
  AVERAGE WIND SPEED     7.8


SKY COVER
  POSSIBLE SUNSHINE  MM
  AVERAGE SKY COVER 0.0


WEATHER CONDITIONS
 THE FOLLOWING WEATHER WAS RECORDED YESTERDAY.
  NO SIGNIFICANT WEATHER WAS OBSERVED.


RELATIVE HUMIDITY (PERCENT)
 HIGHEST   100           600 AM
 LOWEST     55           200 PM
 AVERAGE    78

..........................................................


THE SISSETON SD CLIMATE NORMALS FOR TODAY
                         NORMAL    RECORD    YEAR
 MAXIMUM TEMPERATURE (F)   78        95      1961
 MINIMUM TEMPERATURE (F)   54        37      2009


SUNRISE AND SUNSET
AUGUST 30 2015........SUNRISE   646 AM CDT   SUNSET   810 PM CDT
AUGUST 31 2015........SUNRISE   648 AM CDT   SUNSET   808 PM CDT


-  INDICATES NEGATIVE NUMBERS.
R  INDICATES RECORD WAS SET OR TIED.
MM INDICATES DATA IS MISSING.
T  INDICATES TRACE AMOUNT.




$$
