000
CDUS43 KABR 041029
CLI8D3


CLIMATE REPORT
NATIONAL WEATHER SERVICE ABERDEEN SD
529 AM CDT TUE AUG 4 2015


...................................

...THE SISSETON SD CLIMATE SUMMARY FOR AUGUST 3 2015...

CLIMATE NORMAL PERIOD 1981 TO 2010
CLIMATE RECORD PERIOD 1900 TO 2015


WEATHER ITEM   OBSERVED TIME   RECORD YEAR NORMAL DEPARTURE LAST
                VALUE   (LST)  VALUE       VALUE  FROM      YEAR
                                                  NORMAL
..................................................................
TEMPERATURE (F)
 YESTERDAY
  MAXIMUM         80    335 PM 101    1959  83     -3       84
  MINIMUM         50    515 AM  43    1978  59     -9       58
  AVERAGE         65                        71     -6       71

PRECIPITATION (IN)
  YESTERDAY        0.00          2.33 1953   0.11  -0.11     0.00
  MONTH TO DATE    0.00                      0.31  -0.31     0.00
  SINCE JUN 1      4.55                      7.63  -3.08    10.41
  SINCE JAN 1     12.20                     14.61  -2.41    18.78

DEGREE DAYS
 HEATING
  YESTERDAY        0                         0      0        0
  MONTH TO DATE    0                         0      0        0
  SINCE JUN 1     27                        75    -48       55
  SINCE JUL 1     13                        13      0       20

 COOLING
  YESTERDAY        0                         6     -6        6
  MONTH TO DATE   10                        20    -10       18
  SINCE JUN 1    342                       319     23      236
  SINCE JAN 1    359                       342     17      297
..................................................................


WIND (MPH)
  HIGHEST WIND SPEED    17   HIGHEST WIND DIRECTION     N (340)
  HIGHEST GUST SPEED    22   HIGHEST GUST DIRECTION     N (340)
  AVERAGE WIND SPEED     7.0


SKY COVER
  POSSIBLE SUNSHINE  MM
  AVERAGE SKY COVER 0.0


WEATHER CONDITIONS
 THE FOLLOWING WEATHER WAS RECORDED YESTERDAY.
  NO SIGNIFICANT WEATHER WAS OBSERVED.


RELATIVE HUMIDITY (PERCENT)
 HIGHEST    86          1000 PM
 LOWEST     35           500 PM
 AVERAGE    61

..........................................................


THE SISSETON SD CLIMATE NORMALS FOR TODAY
                         NORMAL    RECORD    YEAR
 MAXIMUM TEMPERATURE (F)   83       104      1959
 MINIMUM TEMPERATURE (F)   59        44      1971


SUNRISE AND SUNSET
AUGUST  4 2015........SUNRISE   615 AM CDT   SUNSET   853 PM CDT
AUGUST  5 2015........SUNRISE   616 AM CDT   SUNSET   851 PM CDT


-  INDICATES NEGATIVE NUMBERS.
R  INDICATES RECORD WAS SET OR TIED.
MM INDICATES DATA IS MISSING.
T  INDICATES TRACE AMOUNT.




$$
