000
CDUS43 KABR 281034
CLI8D3


CLIMATE REPORT
NATIONAL WEATHER SERVICE ABERDEEN SD
532 AM CDT THU APR 28 2016


...................................

...THE SISSETON SD CLIMATE SUMMARY FOR APRIL 27 2016...

CLIMATE NORMAL PERIOD 1981 TO 2010
CLIMATE RECORD PERIOD 1900 TO 2016


WEATHER ITEM   OBSERVED TIME   RECORD YEAR NORMAL DEPARTURE LAST
                VALUE   (LST)  VALUE       VALUE  FROM      YEAR
                                                  NORMAL
..................................................................
TEMPERATURE (F)
 YESTERDAY
  MAXIMUM         49    226 PM  88    1952  63    -14       72
  MINIMUM         38   1156 PM  20    1934  38      0       30
  AVERAGE         44                        50     -6       51

PRECIPITATION (IN)
  YESTERDAY        0.09          2.70 1938   0.12  -0.03     0.00
  MONTH TO DATE    2.46                      1.87   0.59     0.62
  SINCE MAR 1      3.00                      2.99   0.01     1.55
  SINCE JAN 1      4.17                      3.85   0.32     2.43

SNOWFALL (IN)
  YESTERDAY        0.0
  MONTH TO DATE    0.0
  SINCE OCT 1     28.9
  SINCE JUL 1     28.9
  SNOW DEPTH       0

DEGREE DAYS
 HEATING
  YESTERDAY       21                        15      6       14
  MONTH TO DATE  549                       574    -25      491
  SINCE MAR 1   1355                      1657   -302     1407
  SINCE JUL 1   6656                      7916  -1260     7676

 COOLING
  YESTERDAY        0                         0      0        0
  MONTH TO DATE    0                         0      0        0
  SINCE MAR 1      0                         0      0        0
  SINCE JAN 1      0                         0      0        0
..................................................................


WIND (MPH)
  HIGHEST WIND SPEED    28   HIGHEST WIND DIRECTION    SE (120)
  HIGHEST GUST SPEED    41   HIGHEST GUST DIRECTION     E (80)
  AVERAGE WIND SPEED    16.0


SKY COVER
  POSSIBLE SUNSHINE  MM
  AVERAGE SKY COVER 0.0


WEATHER CONDITIONS
 THE FOLLOWING WEATHER WAS RECORDED YESTERDAY.
  LIGHT RAIN


RELATIVE HUMIDITY (PERCENT)
 HIGHEST    89          1200 AM
 LOWEST     45          1200 PM
 AVERAGE    67

..........................................................


THE SISSETON SD CLIMATE NORMALS FOR TODAY
                         NORMAL    RECORD    YEAR
 MAXIMUM TEMPERATURE (F)   63        90      1934
                                             1987
 MINIMUM TEMPERATURE (F)   38        21      1958


SUNRISE AND SUNSET
APRIL 28 2016.........SUNRISE   619 AM CDT   SUNSET   832 PM CDT
APRIL 29 2016.........SUNRISE   618 AM CDT   SUNSET   833 PM CDT


-  INDICATES NEGATIVE NUMBERS.
R  INDICATES RECORD WAS SET OR TIED.
MM INDICATES DATA IS MISSING.
T  INDICATES TRACE AMOUNT.




$$
