000
CDUS46 KMFR 200835
CLIAAT


CLIMATE REPORT
NATIONAL WEATHER SERVICE MEDFORD, OR
1235 AM PST MON FEB 20 2017


...................................

...THE ALTURAS CA CLIMATE SUMMARY FOR FEBRUARY 19 2017...

CLIMATE NORMAL PERIOD 1981 TO 2010
CLIMATE RECORD PERIOD 1905 TO 2017


WEATHER ITEM   OBSERVED TIME   RECORD YEAR NORMAL DEPARTURE LAST
                VALUE   (LST)  VALUE       VALUE  FROM      YEAR
                                                  NORMAL
..................................................................
TEMPERATURE (F)
 YESTERDAY
  MAXIMUM         46    425 PM  68    1977  47     -1       46
  MINIMUM         32    514 AM  -7    1932  23      9       34
  AVERAGE         39                        35      4       40

PRECIPITATION (IN)
  YESTERDAY        0.05          1.19 1996   0.05   0.00     0.06
  MONTH TO DATE    1.82                      0.95   0.87     0.45
  SINCE OCT 1      8.83                      7.11   1.72     8.43
  SINCE JAN 1      5.08                      2.60   2.48     2.45

SNOWFALL (IN)
  YESTERDAY       MM                        MM     MM       MM
  MONTH TO DATE   MM                        MM     MM       MM
  SINCE JUL 1     MM                        MM     MM       MM
  SNOW DEPTH      MM

DEGREE DAYS
 HEATING
  YESTERDAY       26                        30     -4       25
  MONTH TO DATE  467                       605   -138      506
  SINCE DEC 1   2820                      2793     27     2622
  SINCE JUL 1   4328                      4603   -275     4149

 COOLING
  YESTERDAY        0                         0      0        0
  MONTH TO DATE    0                         0      0        0
  SINCE DEC 1      0                         0      0        0
  SINCE JAN 1      0                         0      0        0
..................................................................


WIND (MPH)
  HIGHEST WIND SPEED    28   HIGHEST WIND DIRECTION     S (200)
  HIGHEST GUST SPEED    37   HIGHEST GUST DIRECTION    SW (210)
  AVERAGE WIND SPEED    11.3


SKY COVER
  POSSIBLE SUNSHINE  MM
  AVERAGE SKY COVER 0.8


WEATHER CONDITIONS
 THE FOLLOWING WEATHER WAS RECORDED YESTERDAY.
  LIGHT RAIN
  FOG


RELATIVE HUMIDITY (PERCENT)
 HIGHEST    92          1200 AM
 LOWEST     58          1100 AM
 AVERAGE    75

..........................................................


THE ALTURAS CA CLIMATE NORMALS FOR TODAY
                         NORMAL    RECORD    YEAR
 MAXIMUM TEMPERATURE (F)   47        70      1977
 MINIMUM TEMPERATURE (F)   23        -1      1933


SUNRISE AND SUNSET
FEBRUARY 20 2017......SUNRISE   650 AM PST   SUNSET   543 PM PST
FEBRUARY 21 2017......SUNRISE   648 AM PST   SUNSET   544 PM PST


-  INDICATES NEGATIVE NUMBERS.
R  INDICATES RECORD WAS SET OR TIED.
MM INDICATES DATA IS MISSING.
T  INDICATES TRACE AMOUNT.




$$
