000
CDUS46 KMFR 260845
CLIAAT


CLIMATE REPORT
NATIONAL WEATHER SERVICE MEDFORD, OR
1244 AM PST MON JAN 26 2015


...................................

...THE ALTURAS CA CLIMATE SUMMARY FOR JANUARY 25 2015...

CLIMATE NORMAL PERIOD 1981 TO 2010
CLIMATE RECORD PERIOD 1905 TO 2015


WEATHER ITEM   OBSERVED TIME   RECORD YEAR NORMAL DEPARTURE LAST
                VALUE   (LST)  VALUE       VALUE  FROM      YEAR
                                                  NORMAL
..................................................................
TEMPERATURE (F)
 YESTERDAY
  MAXIMUM         68R   340 PM  60    2014  43     25       60
                                      1953
  MINIMUM         25    600 AM -28    1949  19      6       12
  AVERAGE         47                        31     16       36

PRECIPITATION (IN)
  YESTERDAY        0.00          0.39 1996   0.05  -0.05     0.00
  MONTH TO DATE    0.11                      1.40  -1.29     0.02
  SINCE OCT 1      4.62                      5.91  -1.29     0.65
  SINCE JAN 1      0.11                      1.40  -1.29     0.02

SNOWFALL (IN)
  YESTERDAY       MM                        MM     MM       MM
  MONTH TO DATE   MM                        MM     MM       MM
  SINCE JUL 1     MM                        MM     MM        0.0
  SNOW DEPTH      MM

DEGREE DAYS
 HEATING
  YESTERDAY       18                        34    -16       29
  MONTH TO DATE  687                       886   -199      790
  SINCE DEC 1   1540                      1986   -446     2062
  SINCE JUL 1   2831                      3796   -965     3807

 COOLING
  YESTERDAY        0                         0      0        0
  MONTH TO DATE    0                         0      0        0
  SINCE DEC 1      0                         0      0        0
  SINCE JAN 1      0                         0      0        0
..................................................................


WIND (MPH)
  HIGHEST WIND SPEED     9   HIGHEST WIND DIRECTION    NE (50)
  HIGHEST GUST SPEED    12   HIGHEST GUST DIRECTION     S (160)
  AVERAGE WIND SPEED     2.5


SKY COVER
  POSSIBLE SUNSHINE  MM
  AVERAGE SKY COVER 0.0


WEATHER CONDITIONS
 THE FOLLOWING WEATHER WAS RECORDED YESTERDAY.
  FOG
  HAZE


RELATIVE HUMIDITY (PERCENT)
 HIGHEST    92           100 AM
 LOWEST     34           300 PM
 AVERAGE    63

..........................................................


THE ALTURAS CA CLIMATE NORMALS FOR TODAY
                         NORMAL    RECORD    YEAR
 MAXIMUM TEMPERATURE (F)   43        64      1971
 MINIMUM TEMPERATURE (F)   19       -31      1949


SUNRISE AND SUNSET
JANUARY 26 2015.......SUNRISE   719 AM PST   SUNSET   511 PM PST
JANUARY 27 2015.......SUNRISE   719 AM PST   SUNSET   512 PM PST


-  INDICATES NEGATIVE NUMBERS.
R  INDICATES RECORD WAS SET OR TIED.
MM INDICATES DATA IS MISSING.
T  INDICATES TRACE AMOUNT.




$$
