000
CDUS46 KMFR 210839
CLIAAT


CLIMATE REPORT
NATIONAL WEATHER SERVICE MEDFORD, OR
138 AM PDT MON AUG 21 2017


...................................

...THE ALTURAS CA CLIMATE SUMMARY FOR AUGUST 20 2017...

CLIMATE NORMAL PERIOD 1981 TO 2010
CLIMATE RECORD PERIOD 1905 TO 2017


WEATHER ITEM   OBSERVED TIME   RECORD YEAR NORMAL DEPARTURE LAST
                VALUE   (LST)  VALUE       VALUE  FROM      YEAR
                                                  NORMAL
..................................................................
TEMPERATURE (F)
 YESTERDAY
  MAXIMUM         91    409 PM 104    1967  86      5       97
  MINIMUM         49    542 AM  29    1918  42      7       48
  AVERAGE         70                        64      6       73

PRECIPITATION (IN)
  YESTERDAY        0.00          0.91 1968   0.01  -0.01     0.00
  MONTH TO DATE    0.13                      0.22  -0.09     0.00
  SINCE OCT 1     15.23                     13.51   1.72    13.42
  SINCE JAN 1     11.48                      9.00   2.48     7.44

SNOWFALL (IN)
  YESTERDAY       MM                        MM     MM       MM
  MONTH TO DATE   MM                        MM     MM       MM
  SINCE JUL 1     MM                        MM     MM       MM
  SNOW DEPTH      MM

DEGREE DAYS
 HEATING
  YESTERDAY        0                         2     -2        0
  MONTH TO DATE    0                        30    -30        7
  SINCE JUN 1    110                       251   -141      165
  SINCE JUL 1      1                        71    -70       47

 COOLING
  YESTERDAY        5                         1      4        8
  MONTH TO DATE  115                        45     70       82
  SINCE JUN 1    376                       140    236      242
  SINCE JAN 1    376                       140    236      242
..................................................................


WIND (MPH)
  HIGHEST WIND SPEED    14   HIGHEST WIND DIRECTION     N (350)
  HIGHEST GUST SPEED    18   HIGHEST GUST DIRECTION    NW (310)
  AVERAGE WIND SPEED     4.1


SKY COVER
  POSSIBLE SUNSHINE  MM
  AVERAGE SKY COVER 0.0


WEATHER CONDITIONS
 THE FOLLOWING WEATHER WAS RECORDED YESTERDAY.
  NO SIGNIFICANT WEATHER WAS OBSERVED.


RELATIVE HUMIDITY (PERCENT)
 HIGHEST    59           500 AM
 LOWEST     12           400 PM
 AVERAGE    36

..........................................................


THE ALTURAS CA CLIMATE NORMALS FOR TODAY
                         NORMAL    RECORD    YEAR
 MAXIMUM TEMPERATURE (F)   85       102      1967
 MINIMUM TEMPERATURE (F)   42        31      1918


SUNRISE AND SUNSET
AUGUST 21 2017........SUNRISE   618 AM PDT   SUNSET   752 PM PDT
AUGUST 22 2017........SUNRISE   619 AM PDT   SUNSET   751 PM PDT


-  INDICATES NEGATIVE NUMBERS.
R  INDICATES RECORD WAS SET OR TIED.
MM INDICATES DATA IS MISSING.
T  INDICATES TRACE AMOUNT.




$$
