000
CDUS46 KMFR 220037
CLIAAT


CLIMATE REPORT
NATIONAL WEATHER SERVICE MEDFORD, OR
437 PM PST SUN DEC 21 2014


...................................

...THE ALTURAS CA CLIMATE SUMMARY FOR DECEMBER 21 2014...
VALID TODAY AS OF 0400 PM LOCAL TIME.

CLIMATE NORMAL PERIOD 1981 TO 2010
CLIMATE RECORD PERIOD 1905 TO 2014


WEATHER ITEM   OBSERVED TIME   RECORD YEAR NORMAL DEPARTURE LAST
                VALUE   (LST)  VALUE       VALUE  FROM      YEAR
                                                  NORMAL
..................................................................
TEMPERATURE (F)
 TODAY
  MAXIMUM         50    355 PM  60    1959  40     10       48
  MINIMUM         43    519 AM -19    1990  18     25       21
  AVERAGE         47                        29     18       35

PRECIPITATION (IN)
  TODAY            0.00          0.64 1969   0.06  -0.06     0.00
  MONTH TO DATE    1.96                      1.16   0.80     0.17
  SINCE SEP 1      4.70                      4.48   0.22     1.14
  SINCE JAN 1     10.98                     13.62  -2.64     6.29

SNOWFALL (IN)
  TODAY           MM                        MM     MM       MM
  MONTH TO DATE   MM                        MM     MM       MM
  SINCE JUL 1     MM                        MM     MM        0.0
  SNOW DEPTH      MM

DEGREE DAYS
 HEATING
  TODAY           18                        36    -18       30
  MONTH TO DATE  521                       739   -218      938
  SINCE DEC 1    521                       739   -218      938
  SINCE JUL 1   1812                      2549   -737     2683

 COOLING
  TODAY            0                         0      0        0
  MONTH TO DATE    0                         0      0        0
  SINCE DEC 1      0                         0      0        0
  SINCE JAN 1    380                       156    224      280
..................................................................


WIND (MPH)
  HIGHEST WIND SPEED    18   HIGHEST WIND DIRECTION    SW (240)
  HIGHEST GUST SPEED    22   HIGHEST GUST DIRECTION    SW (240)
  AVERAGE WIND SPEED     4.2


SKY COVER
  POSSIBLE SUNSHINE  MM
  AVERAGE SKY COVER 1.0


WEATHER CONDITIONS
 THE FOLLOWING WEATHER WAS RECORDED TODAY.
  NO SIGNIFICANT WEATHER WAS OBSERVED.


RELATIVE HUMIDITY (PERCENT)
 HIGHEST    86          1100 AM
 LOWEST     74           300 PM
 AVERAGE    80

..........................................................


THE ALTURAS CA CLIMATE NORMALS FOR TOMORROW
                         NORMAL    RECORD    YEAR
 MAXIMUM TEMPERATURE (F)   40        61      1960
 MINIMUM TEMPERATURE (F)   18       -25      1990


SUNRISE AND SUNSET
DECEMBER 21 2014......SUNRISE   725 AM PST   SUNSET   436 PM PST
DECEMBER 22 2014......SUNRISE   726 AM PST   SUNSET   436 PM PST


-  INDICATES NEGATIVE NUMBERS.
R  INDICATES RECORD WAS SET OR TIED.
MM INDICATES DATA IS MISSING.
T  INDICATES TRACE AMOUNT.




$$
