024
CDUS46 KMFR 070843
CLIAAT


CLIMATE REPORT
NATIONAL WEATHER SERVICE MEDFORD, OR
1243 AM PST SUN FEB 7 2016


...................................

...THE ALTURAS CA CLIMATE SUMMARY FOR FEBRUARY 6 2016...

CLIMATE NORMAL PERIOD 1981 TO 2010
CLIMATE RECORD PERIOD 1905 TO 2016


WEATHER ITEM   OBSERVED TIME   RECORD YEAR NORMAL DEPARTURE LAST
                VALUE   (LST)  VALUE       VALUE  FROM      YEAR
                                                  NORMAL
..................................................................
TEMPERATURE (F)
 YESTERDAY
  MAXIMUM         48    435 PM  67    1954  44      4       58
  MINIMUM         25    459 AM -26    1989  20      5       40
  AVERAGE         37                        32      5       49

PRECIPITATION (IN)
  YESTERDAY        0.00          0.62 1942   0.05  -0.05     0.36
  MONTH TO DATE    0.09                      0.28  -0.19     0.67
  SINCE OCT 1      8.07                      6.44   1.63     5.29
  SINCE JAN 1      2.09                      1.93   0.16     0.78

SNOWFALL (IN)
  YESTERDAY       MM                        MM     MM       MM
  MONTH TO DATE   MM                        MM     MM       MM
  SINCE JUL 1     MM                        MM     MM       MM
  SNOW DEPTH      MM

DEGREE DAYS
 HEATING
  YESTERDAY       28                        33     -5       16
  MONTH TO DATE  234                       198     36      119
  SINCE DEC 1   2350                      2386    -36     1810
  SINCE JUL 1   3877                      4196   -319     3101

 COOLING
  YESTERDAY        0                         0      0        0
  MONTH TO DATE    0                         0      0        0
  SINCE DEC 1      0                         0      0        0
  SINCE JAN 1      0                         0      0        0
..................................................................


WIND (MPH)
  HIGHEST WIND SPEED     7   HIGHEST WIND DIRECTION     E (100)
  HIGHEST GUST SPEED     8   HIGHEST GUST DIRECTION     S (180)
  AVERAGE WIND SPEED     1.1


SKY COVER
  POSSIBLE SUNSHINE  MM
  AVERAGE SKY COVER 0.2


WEATHER CONDITIONS
 THE FOLLOWING WEATHER WAS RECORDED YESTERDAY.
  FOG
  HAZE


RELATIVE HUMIDITY (PERCENT)
 HIGHEST    92           300 AM
 LOWEST     46           400 PM
 AVERAGE    69

..........................................................


THE ALTURAS CA CLIMATE NORMALS FOR TODAY
                         NORMAL    RECORD    YEAR
 MAXIMUM TEMPERATURE (F)   45        67      1954
 MINIMUM TEMPERATURE (F)   21       -25      1989


SUNRISE AND SUNSET
FEBRUARY  7 2016......SUNRISE   708 AM PST   SUNSET   525 PM PST
FEBRUARY  8 2016......SUNRISE   707 AM PST   SUNSET   527 PM PST


-  INDICATES NEGATIVE NUMBERS.
R  INDICATES RECORD WAS SET OR TIED.
MM INDICATES DATA IS MISSING.
T  INDICATES TRACE AMOUNT.




$$
