000
CDUS46 KMFR 010043
CLIAAT


CLIMATE REPORT
NATIONAL WEATHER SERVICE MEDFORD, OR
543 PM PDT MON AUG 31 2015


...................................

...THE ALTURAS CA CLIMATE SUMMARY FOR AUGUST 31 2015...
VALID TODAY AS OF 0500 PM LOCAL TIME.

CLIMATE NORMAL PERIOD 1981 TO 2010
CLIMATE RECORD PERIOD 1905 TO 2015


WEATHER ITEM   OBSERVED TIME   RECORD YEAR NORMAL DEPARTURE LAST
                VALUE   (LST)  VALUE       VALUE  FROM      YEAR
                                                  NORMAL
..................................................................
TEMPERATURE (F)
 TODAY
  MAXIMUM         85    359 PM  98    1998  82      3       81
  MINIMUM         36    540 AM  24    1908  39     -3       38
  AVERAGE         61                        61      0       60

PRECIPITATION (IN)
  TODAY            0.00          0.81 1984   0.01  -0.01     0.00
  MONTH TO DATE    0.27                      0.36  -0.09     0.46
  SINCE OCT 1     11.35                     13.65  -2.30     6.91
  SINCE JAN 1      6.84                      9.14  -2.30     6.28

SNOWFALL (IN)
  TODAY           MM                        MM     MM       MM
  MONTH TO DATE   MM                        MM     MM       MM
  SINCE JUL 1     MM                        MM     MM       MM
  SNOW DEPTH      MM

DEGREE DAYS
 HEATING
  TODAY            4                         5     -1        5
  MONTH TO DATE   18                        70    -52       19
  SINCE JUN 1     71                       291   -220      114
  SINCE JUL 1     41                       111    -70       25

 COOLING
  TODAY            0                         1     -1        0
  MONTH TO DATE   80                        56     24       95
  SINCE JUN 1    314                       151    163      368
  SINCE JAN 1    314                       151    163      368
..................................................................


WIND (MPH)
  HIGHEST WIND SPEED    14   HIGHEST WIND DIRECTION     W (280)
  HIGHEST GUST SPEED    19   HIGHEST GUST DIRECTION     W (290)
  AVERAGE WIND SPEED     3.1


SKY COVER
  POSSIBLE SUNSHINE  MM
  AVERAGE SKY COVER 0.0


WEATHER CONDITIONS
 THE FOLLOWING WEATHER WAS RECORDED TODAY.
  NO SIGNIFICANT WEATHER WAS OBSERVED.


RELATIVE HUMIDITY (PERCENT)
 HIGHEST    85           500 AM
 LOWEST     12           400 PM
 AVERAGE    49

..........................................................


THE ALTURAS CA CLIMATE NORMALS FOR TOMORROW
                         NORMAL    RECORD    YEAR
 MAXIMUM TEMPERATURE (F)   82        98      1955
 MINIMUM TEMPERATURE (F)   39        27      1999


SUNRISE AND SUNSET
AUGUST 31 2015........SUNRISE   627 AM PDT   SUNSET   737 PM PDT
SEPTEMBER  1 2015.....SUNRISE   628 AM PDT   SUNSET   735 PM PDT


-  INDICATES NEGATIVE NUMBERS.
R  INDICATES RECORD WAS SET OR TIED.
MM INDICATES DATA IS MISSING.
T  INDICATES TRACE AMOUNT.




$$
