000
CDUS46 KMFR 300837
CLIAAT


CLIMATE REPORT
NATIONAL WEATHER SERVICE MEDFORD, OR
136 AM PDT WED JUL 30 2014


...................................

...THE ALTURAS CA CLIMATE SUMMARY FOR JULY 29 2014...

CLIMATE NORMAL PERIOD 1981 TO 2010
CLIMATE RECORD PERIOD 1905 TO 2014


WEATHER ITEM   OBSERVED TIME   RECORD YEAR NORMAL DEPARTURE LAST
                VALUE   (LST)  VALUE       VALUE  FROM      YEAR
                                                  NORMAL
..................................................................
TEMPERATURE (F)
 YESTERDAY
  MAXIMUM         93    127 PM 104    1968  90      3       89
  MINIMUM         58    518 AM  33    1916  45     13       42
  AVERAGE         76                        67      9       66

PRECIPITATION (IN)
  YESTERDAY        0.00          0.47 1974   0.02  -0.02     0.00
  MONTH TO DATE    0.41                      0.31   0.10      T
  SINCE SEP 1      6.96                     13.78  -6.82     8.77
  SINCE JAN 1      5.82                      8.75  -2.93     4.43

SNOWFALL (IN)
  YESTERDAY       MM                        MM     MM       MM
  MONTH TO DATE   MM                        MM     MM       MM
  SINCE JUL 1     MM                        MM     MM       MM
  SNOW DEPTH      MM

DEGREE DAYS
 HEATING
  YESTERDAY        0                         1     -1        0
  MONTH TO DATE    6                        39    -33        4
  SINCE JUN 1     95                       219   -124      160
  SINCE JUL 1      6                        39    -33        4

 COOLING
  YESTERDAY       11                         3      8        1
  MONTH TO DATE  238                        73    165      170
  SINCE JUN 1    258                        84    174      213
  SINCE JAN 1    258                        84    174      213
..................................................................


WIND (MPH)
  HIGHEST WIND SPEED    22   HIGHEST WIND DIRECTION     S (170)
  HIGHEST GUST SPEED    28   HIGHEST GUST DIRECTION     S (170)
  AVERAGE WIND SPEED     6.1


SKY COVER
  POSSIBLE SUNSHINE  MM
  AVERAGE SKY COVER 0.0


WEATHER CONDITIONS
 THE FOLLOWING WEATHER WAS RECORDED YESTERDAY.
  NO SIGNIFICANT WEATHER WAS OBSERVED.


RELATIVE HUMIDITY (PERCENT)
 HIGHEST    43           400 AM
 LOWEST     13           200 PM
 AVERAGE    28

..........................................................


THE ALTURAS CA CLIMATE NORMALS FOR TODAY
                         NORMAL    RECORD    YEAR
 MAXIMUM TEMPERATURE (F)   90       104      1966
 MINIMUM TEMPERATURE (F)   45        34      1993


SUNRISE AND SUNSET
JULY 30 2014..........SUNRISE   555 AM PDT   SUNSET   822 PM PDT
JULY 31 2014..........SUNRISE   556 AM PDT   SUNSET   821 PM PDT


-  INDICATES NEGATIVE NUMBERS.
R  INDICATES RECORD WAS SET OR TIED.
MM INDICATES DATA IS MISSING.
T  INDICATES TRACE AMOUNT.




$$
