000
CDUS46 KMFR 250040
CLIAAT


CLIMATE REPORT
NATIONAL WEATHER SERVICE MEDFORD, OR
540 PM PDT FRI OCT 24 2014


...................................

...THE ALTURAS CA CLIMATE SUMMARY FOR OCTOBER 24 2014...
VALID TODAY AS OF 0500 PM LOCAL TIME.

CLIMATE NORMAL PERIOD 1981 TO 2010
CLIMATE RECORD PERIOD 1905 TO 2014


WEATHER ITEM   OBSERVED TIME   RECORD YEAR NORMAL DEPARTURE LAST
                VALUE   (LST)  VALUE       VALUE  FROM      YEAR
                                                  NORMAL
..................................................................
TEMPERATURE (F)
 TODAY
  MAXIMUM         72    325 PM  85    1959  61     11       75
  MINIMUM         42    644 AM  14    2001  27     15       23
                                      1935
  AVERAGE         57                        44     13       49

PRECIPITATION (IN)
  TODAY            0.00          0.86 1939   0.04  -0.04     0.00
  MONTH TO DATE    0.64                      0.67  -0.03     0.15
  SINCE SEP 1      1.00                      1.19  -0.19     0.66
  SINCE JAN 1      7.28                     10.33  -3.05     5.81

SNOWFALL (IN)
  TODAY           MM                        MM     MM       MM
  MONTH TO DATE   MM                        MM     MM       MM
  SINCE JUL 1     MM                        MM     MM       MM
  SNOW DEPTH      MM

DEGREE DAYS
 HEATING
  TODAY            8                        21    -13       16
  MONTH TO DATE  288                       410   -122      487
  SINCE SEP 1    404                       676   -272      712
  SINCE JUL 1    429                       787   -358      782

 COOLING
  TODAY            0                         0      0        0
  MONTH TO DATE    0                         0      0        0
  SINCE SEP 1     12                         5      7       25
  SINCE JAN 1    380                       156    224      280
..................................................................


WIND (MPH)
  HIGHEST WIND SPEED    26   HIGHEST WIND DIRECTION    SW (210)
  HIGHEST GUST SPEED    33   HIGHEST GUST DIRECTION    SW (220)
  AVERAGE WIND SPEED     7.4


SKY COVER
  POSSIBLE SUNSHINE  MM
  AVERAGE SKY COVER 0.5


WEATHER CONDITIONS
 THE FOLLOWING WEATHER WAS RECORDED TODAY.
  FOG


RELATIVE HUMIDITY (PERCENT)
 HIGHEST   100           300 AM
 LOWEST     22           300 PM
 AVERAGE    61

..........................................................


THE ALTURAS CA CLIMATE NORMALS FOR TOMORROW
                         NORMAL    RECORD    YEAR
 MAXIMUM TEMPERATURE (F)   61        80      1990
 MINIMUM TEMPERATURE (F)   27        11      1997


SUNRISE AND SUNSET
OCTOBER 24 2014.......SUNRISE   725 AM PDT   SUNSET   608 PM PDT
OCTOBER 25 2014.......SUNRISE   726 AM PDT   SUNSET   606 PM PDT


-  INDICATES NEGATIVE NUMBERS.
R  INDICATES RECORD WAS SET OR TIED.
MM INDICATES DATA IS MISSING.
T  INDICATES TRACE AMOUNT.




$$
