000
CDUS46 KMFR 310852
CLIAAT


CLIMATE REPORT
NATIONAL WEATHER SERVICE MEDFORD, OR
152 AM PDT FRI JUL 31 2015


...................................

...THE ALTURAS CA CLIMATE SUMMARY FOR JULY 30 2015...

CLIMATE NORMAL PERIOD 1981 TO 2010
CLIMATE RECORD PERIOD 1905 TO 2015


WEATHER ITEM   OBSERVED TIME   RECORD YEAR NORMAL DEPARTURE LAST
                VALUE   (LST)  VALUE       VALUE  FROM      YEAR
                                                  NORMAL
..................................................................
TEMPERATURE (F)
 YESTERDAY
  MAXIMUM         98    315 PM 104    1966  90      8       93
  MINIMUM         44    453 AM  34    1993  45     -1       51
  AVERAGE         71                        67      4       72

PRECIPITATION (IN)
  YESTERDAY        0.00          0.32 1960   0.01  -0.01     0.00
  MONTH TO DATE    1.17                      0.32   0.85     0.41
  SINCE OCT 1     11.08                     13.27  -2.19     6.45
  SINCE JAN 1      6.57                      8.76  -2.19     5.82

SNOWFALL (IN)
  YESTERDAY       MM                        MM     MM       MM
  MONTH TO DATE   MM                        MM     MM       MM
  SINCE JUL 1     MM                        MM     MM       MM
  SNOW DEPTH      MM

DEGREE DAYS
 HEATING
  YESTERDAY        0                         1     -1        0
  MONTH TO DATE   23                        40    -17        6
  SINCE JUN 1     53                       220   -167       95
  SINCE JUL 1     23                        40    -17        6

 COOLING
  YESTERDAY        6                         3      3        7
  MONTH TO DATE  122                        76     46      245
  SINCE JUN 1    225                        87    138      265
  SINCE JAN 1    225                        87    138      265
..................................................................


WIND (MPH)
  HIGHEST WIND SPEED    18   HIGHEST WIND DIRECTION     W (280)
  HIGHEST GUST SPEED    23   HIGHEST GUST DIRECTION     W (280)
  AVERAGE WIND SPEED     4.8


SKY COVER
  POSSIBLE SUNSHINE  MM
  AVERAGE SKY COVER 0.0


WEATHER CONDITIONS
 THE FOLLOWING WEATHER WAS RECORDED YESTERDAY.
  NO SIGNIFICANT WEATHER WAS OBSERVED.


RELATIVE HUMIDITY (PERCENT)
 HIGHEST    62           500 AM
 LOWEST      9          1200 PM
 AVERAGE    36

..........................................................


THE ALTURAS CA CLIMATE NORMALS FOR TODAY
                         NORMAL    RECORD    YEAR
 MAXIMUM TEMPERATURE (F)   90       104      1988
 MINIMUM TEMPERATURE (F)   45        31      1975


SUNRISE AND SUNSET
JULY 31 2015..........SUNRISE   556 AM PDT   SUNSET   821 PM PDT
AUGUST  1 2015........SUNRISE   557 AM PDT   SUNSET   820 PM PDT


-  INDICATES NEGATIVE NUMBERS.
R  INDICATES RECORD WAS SET OR TIED.
MM INDICATES DATA IS MISSING.
T  INDICATES TRACE AMOUNT.




$$
