000
CDUS41 KPHI 280630
CLIABE


CLIMATE REPORT
NATIONAL WEATHER SERVICE MOUNT HOLLY NJ
229 AM EDT WED SEP 28 2016


...................................

...THE ALLENTOWN PA CLIMATE SUMMARY FOR SEPTEMBER 27 2016...

CLIMATE NORMAL PERIOD 1981 TO 2010
CLIMATE RECORD PERIOD 1922 TO 2016


WEATHER ITEM   OBSERVED TIME   RECORD YEAR NORMAL DEPARTURE LAST
                VALUE   (LST)  VALUE       VALUE  FROM      YEAR
                                                  NORMAL
..................................................................
TEMPERATURE (F)
 YESTERDAY
  MAXIMUM         75    340 PM  88    1998  71      4       72
  MINIMUM         50   1159 PM  31    1947  48      2       50
  AVERAGE         63                        59      4       61

PRECIPITATION (IN)
  YESTERDAY        0.34          5.85 1985   0.18   0.16     0.00
  MONTH TO DATE    1.39                      4.09  -2.70     2.41
  SINCE SEP 1      1.39                      4.09  -2.70     2.41
  SINCE JAN 1     27.80                     33.86  -6.06    29.60

SNOWFALL (IN)
  YESTERDAY        0.0           0.0  2002   0.0    0.0      0.0
                                      2001
  MONTH TO DATE    0.0                       0.0    0.0      0.0
  SINCE SEP 1      0.0                       0.0    0.0      0.0
  SINCE JUL 1      0.0                       0.0    0.0      0.0
  SNOW DEPTH       0

DEGREE DAYS
 HEATING
  YESTERDAY        2                         6     -4        4
  MONTH TO DATE   22                        82    -60       22
  SINCE SEP 1     22                        82    -60       22
  SINCE JUL 1     22                        93    -71       22

 COOLING
  YESTERDAY        0                         1     -1        0
  MONTH TO DATE  176                        69    107      148
  SINCE SEP 1    176                        69    107      148
  SINCE JAN 1   1208                       748    460     1035
..................................................................


WIND (MPH)
  HIGHEST WIND SPEED    12   HIGHEST WIND DIRECTION    SW (220)
  HIGHEST GUST SPEED    17   HIGHEST GUST DIRECTION    SW (230)
  AVERAGE WIND SPEED     2.8


SKY COVER
  POSSIBLE SUNSHINE  MM
  AVERAGE SKY COVER 0.3


WEATHER CONDITIONS
 THE FOLLOWING WEATHER WAS RECORDED YESTERDAY.
  HEAVY RAIN
  RAIN
  LIGHT RAIN
  FOG
  HAZE


RELATIVE HUMIDITY (PERCENT)
 HIGHEST    97           200 AM
 LOWEST     35           400 PM
 AVERAGE    66

..........................................................


THE ALLENTOWN PA CLIMATE NORMALS FOR TODAY
                         NORMAL    RECORD    YEAR
 MAXIMUM TEMPERATURE (F)   70        85      1941
 MINIMUM TEMPERATURE (F)   48        30      1947


SUNRISE AND SUNSET
SEPTEMBER 28 2016.....SUNRISE   656 AM EDT   SUNSET   648 PM EDT
SEPTEMBER 29 2016.....SUNRISE   657 AM EDT   SUNSET   646 PM EDT


-  INDICATES NEGATIVE NUMBERS.
R  INDICATES RECORD WAS SET OR TIED.
MM INDICATES DATA IS MISSING.
T  INDICATES TRACE AMOUNT.




$$
