000
CDUS41 KPHI 242128
CLIABE


CLIMATE REPORT
NATIONAL WEATHER SERVICE MOUNT HOLLY NJ
526 PM EDT SAT JUN 24 2017


...................................

...THE ALLENTOWN PA CLIMATE SUMMARY FOR JUNE 24 2017...
VALID TODAY AS OF 0500 PM LOCAL TIME.

CLIMATE NORMAL PERIOD 1981 TO 2010
CLIMATE RECORD PERIOD 1922 TO 2017


WEATHER ITEM   OBSERVED TIME   RECORD YEAR NORMAL DEPARTURE LAST
                VALUE   (LST)  VALUE       VALUE  FROM      YEAR
                                                  NORMAL
..................................................................
TEMPERATURE (F)
 TODAY
  MAXIMUM         84    359 PM  98    1923  82      2       87
  MINIMUM         70    516 AM  48    2007  61      9       63
  AVERAGE         77                        71      6       75

PRECIPITATION (IN)
  TODAY            1.16          2.25 1957   0.14   1.02     0.00
  MONTH TO DATE    4.74                      3.43   1.31     1.37
  SINCE JUN 1      4.74                      3.43   1.31     1.37
  SINCE JAN 1     21.92                     20.25   1.67    17.20

SNOWFALL (IN)
  TODAY            0.0           0.0  2002   0.0    0.0      0.0
                                      2001
  MONTH TO DATE    0.0                       0.0    0.0      0.0
  SINCE JUN 1      0.0                       0.0    0.0      0.0
  SINCE JUL 1     28.3                      32.9   -4.6     36.2
  SNOW DEPTH       0

DEGREE DAYS
 HEATING
  TODAY            0                         0      0        0
  MONTH TO DATE   27                        32     -5        9
  SINCE JUN 1     27                        32     -5        9
  SINCE JUL 1   4816                      5800   -984     4665

 COOLING
  TODAY           12                         7      5       10
  MONTH TO DATE  173                       112     61      148
  SINCE JUN 1    173                       112     61      148
  SINCE JAN 1    233                       157     76      235
..................................................................


WIND (MPH)
  HIGHEST WIND SPEED    17   HIGHEST WIND DIRECTION     W (260)
  HIGHEST GUST SPEED    24   HIGHEST GUST DIRECTION     W (280)
  AVERAGE WIND SPEED    10.6


SKY COVER
  POSSIBLE SUNSHINE  MM
  AVERAGE SKY COVER 0.4


WEATHER CONDITIONS
 THE FOLLOWING WEATHER WAS RECORDED TODAY.
  HEAVY RAIN
  RAIN
  LIGHT RAIN
  FOG


RELATIVE HUMIDITY (PERCENT)
 HIGHEST    97           400 AM
 LOWEST     40           200 PM
 AVERAGE    69

..........................................................


THE ALLENTOWN PA CLIMATE NORMALS FOR TOMORROW
                         NORMAL    RECORD    YEAR
 MAXIMUM TEMPERATURE (F)   83        98      1923
 MINIMUM TEMPERATURE (F)   61        46      1979


SUNRISE AND SUNSET
JUNE 24 2017..........SUNRISE   532 AM EDT   SUNSET   837 PM EDT
JUNE 25 2017..........SUNRISE   532 AM EDT   SUNSET   837 PM EDT


-  INDICATES NEGATIVE NUMBERS.
R  INDICATES RECORD WAS SET OR TIED.
MM INDICATES DATA IS MISSING.
T  INDICATES TRACE AMOUNT.




$$
