000
CDUS41 KPHI 210630
CLIABE


CLIMATE REPORT
NATIONAL WEATHER SERVICE MOUNT HOLLY NJ
230 AM EDT MON APR 21 2014


...................................

...THE ALLENTOWN PA CLIMATE SUMMARY FOR APRIL 20 2014...

CLIMATE NORMAL PERIOD 1981 TO 2010
CLIMATE RECORD PERIOD 1922 TO 2014


WEATHER ITEM   OBSERVED TIME   RECORD YEAR NORMAL DEPARTURE LAST
                VALUE   (LST)  VALUE       VALUE  FROM      YEAR
                                                  NORMAL
..................................................................
TEMPERATURE (F)
 YESTERDAY
  MAXIMUM         62        MM  90    1941  63     -1       56
  MINIMUM         38        MM  29    1961  40     -2       38
  AVERAGE         50                        52     -2       47

PRECIPITATION (IN)
  YESTERDAY        0.00          1.14 1940   0.12  -0.12     0.03
  MONTH TO DATE    2.62                      2.39   0.23     2.72
  SINCE MAR 1      5.06                      5.78  -0.72     5.01
  SINCE JAN 1     14.05                     11.51   2.54    11.07

SNOWFALL (IN)
  YESTERDAY        0.0           T    1983   0.0    0.0      0.0
  MONTH TO DATE    0.3                       0.9   -0.6      0.0
  SINCE MAR 1      1.4                       5.8   -4.4      4.5
  SINCE JUL 1     68.1                      32.8   35.3     21.4
  SNOW DEPTH       0

DEGREE DAYS
 HEATING
  YESTERDAY       15                        14      1       18
  MONTH TO DATE  323                       338    -15      279
  SINCE MAR 1   1285                      1141    144     1112
  SINCE JUL 1   5883                      5450    433     5067

 COOLING
  YESTERDAY        0                         0      0        0
  MONTH TO DATE    7                         0      7        8
  SINCE MAR 1      7                         0      7        8
  SINCE JAN 1      7                         0      7        8
..................................................................


WIND (MPH)
  HIGHEST WIND SPEED    12   HIGHEST WIND DIRECTION     E (110)
  HIGHEST GUST SPEED    18   HIGHEST GUST DIRECTION    SE (120)
  AVERAGE WIND SPEED     7.0


SKY COVER
  POSSIBLE SUNSHINE  MM
  AVERAGE SKY COVER 0.0


WEATHER CONDITIONS
 THE FOLLOWING WEATHER WAS RECORDED YESTERDAY.
  LIGHT RAIN


RELATIVE HUMIDITY (PERCENT)
 HIGHEST    64          1100 PM
 LOWEST     27           400 PM
 AVERAGE    46

..........................................................


THE ALLENTOWN PA CLIMATE NORMALS FOR TODAY
                         NORMAL    RECORD    YEAR
 MAXIMUM TEMPERATURE (F)   64        89      1985
 MINIMUM TEMPERATURE (F)   40        28      1956
                                             1925


SUNRISE AND SUNSET
APRIL 21 2014.........SUNRISE   614 AM EDT   SUNSET   747 PM EDT
APRIL 22 2014.........SUNRISE   613 AM EDT   SUNSET   748 PM EDT


-  INDICATES NEGATIVE NUMBERS.
R  INDICATES RECORD WAS SET OR TIED.
MM INDICATES DATA IS MISSING.
T  INDICATES TRACE AMOUNT.




$$
