000
CDUS41 KPHI 020628
CLIABE


CLIMATE REPORT
NATIONAL WEATHER SERVICE MOUNT HOLLY NJ
226 AM EDT SAT AUG 2 2014


...................................

...THE ALLENTOWN PA CLIMATE SUMMARY FOR AUGUST 1 2014...

CLIMATE NORMAL PERIOD 1981 TO 2010
CLIMATE RECORD PERIOD 1922 TO 2014


WEATHER ITEM   OBSERVED TIME   RECORD YEAR NORMAL DEPARTURE LAST
                VALUE   (LST)  VALUE       VALUE  FROM      YEAR
                                                  NORMAL
..................................................................
TEMPERATURE (F)
 YESTERDAY
  MAXIMUM         84    157 PM  98    1955  84      0       74
  MINIMUM         62    442 AM  52    1998  63     -1       67
                                      1964
  AVERAGE         73                        73      0       71

PRECIPITATION (IN)
  YESTERDAY        0.07          2.10 1925   0.14  -0.07     0.70
  MONTH TO DATE    0.07                      0.14  -0.07     0.70
  SINCE JUN 1      9.79                      9.40   0.39    11.70
  SINCE JAN 1     32.09                     26.22   5.87    25.25

SNOWFALL (IN)
  YESTERDAY        0.0           0.0  2002   0.0    0.0      0.0
                                      2001
  MONTH TO DATE    0.0                       0.0    0.0      0.0
  SINCE JUN 1      0.0                       0.0    0.0      0.0
  SINCE JUL 1      0.0                       0.0    0.0      0.0
  SNOW DEPTH       0

DEGREE DAYS
 HEATING
  YESTERDAY        0                         0      0        0
  MONTH TO DATE    0                         0      0        0
  SINCE JUN 1      4                        36    -32        9
  SINCE JUL 1      0                         3     -3        0

 COOLING
  YESTERDAY        8                         8      0        6
  MONTH TO DATE    8                         8      0        6
  SINCE JUN 1    469                       428     41      577
  SINCE JAN 1    508                       473     35      649
..................................................................


WIND (MPH)
  HIGHEST WIND SPEED    18   HIGHEST WIND DIRECTION    SE (130)
  HIGHEST GUST SPEED    25   HIGHEST GUST DIRECTION     S (190)
  AVERAGE WIND SPEED     4.1


SKY COVER
  POSSIBLE SUNSHINE  MM
  AVERAGE SKY COVER 0.7


WEATHER CONDITIONS
 THE FOLLOWING WEATHER WAS RECORDED YESTERDAY.
  LIGHT RAIN
  FOG
  HAZE


RELATIVE HUMIDITY (PERCENT)
 HIGHEST    93          1200 AM
 LOWEST     51           200 PM
 AVERAGE    72

..........................................................


THE ALLENTOWN PA CLIMATE NORMALS FOR TODAY
                         NORMAL    RECORD    YEAR
 MAXIMUM TEMPERATURE (F)   84       100      1955
 MINIMUM TEMPERATURE (F)   63        49      1947


SUNRISE AND SUNSET
AUGUST  2 2014........SUNRISE   559 AM EDT   SUNSET   816 PM EDT
AUGUST  3 2014........SUNRISE   600 AM EDT   SUNSET   815 PM EDT


-  INDICATES NEGATIVE NUMBERS.
R  INDICATES RECORD WAS SET OR TIED.
MM INDICATES DATA IS MISSING.
T  INDICATES TRACE AMOUNT.




$$
