000
CDUS41 KPHI 222138
CLIABE


CLIMATE REPORT
NATIONAL WEATHER SERVICE MOUNT HOLLY NJ
538 PM EDT TUE JUL 22 2014


...................................

...THE ALLENTOWN PA CLIMATE SUMMARY FOR JULY 22 2014...
VALID TODAY AS OF 0500 PM LOCAL TIME.

CLIMATE NORMAL PERIOD 1981 TO 2010
CLIMATE RECORD PERIOD 1922 TO 2014


WEATHER ITEM   OBSERVED TIME   RECORD YEAR NORMAL DEPARTURE LAST
                VALUE   (LST)  VALUE       VALUE  FROM      YEAR
                                                  NORMAL
..................................................................
TEMPERATURE (F)
 TODAY
  MAXIMUM         87    327 PM 104    2011  84      3       87
  MINIMUM         64    525 AM  53    1966  63      1       71
                                      1944
  AVERAGE         76                        74      2       79

PRECIPITATION (IN)
  TODAY            0.00          1.54 1938   0.16  -0.16     0.90
  MONTH TO DATE    3.27                      3.52  -0.25     2.89
  SINCE JUN 1      8.67                      7.83   0.84     9.72
  SINCE JAN 1     30.97                     24.65   6.32    23.27

SNOWFALL (IN)
  TODAY            0.0           0.0  2002   0.0    0.0      0.0
                                      2001
  MONTH TO DATE    0.0                       0.0    0.0      0.0
  SINCE JUN 1      0.0                       0.0    0.0      0.0
  SINCE JUL 1      0.0                       0.0    0.0      0.0
  SNOW DEPTH       0

DEGREE DAYS
 HEATING
  TODAY            0                         0      0        0
  MONTH TO DATE    0                         0      0        0
  SINCE JUN 1      4                        33    -29        9
  SINCE JUL 1      0                         0      0        0

 COOLING
  TODAY           11                         9      2       14
  MONTH TO DATE  221                       190     31      329
  SINCE JUN 1    403                       345     58      520
  SINCE JAN 1    442                       390     52      592
..................................................................


WIND (MPH)
  HIGHEST WIND SPEED    12   HIGHEST WIND DIRECTION     W (260)
  HIGHEST GUST SPEED    15   HIGHEST GUST DIRECTION     W (260)
  AVERAGE WIND SPEED     4.3


SKY COVER
  POSSIBLE SUNSHINE  MM
  AVERAGE SKY COVER 0.2


WEATHER CONDITIONS
 THE FOLLOWING WEATHER WAS RECORDED TODAY.
  FOG
  HAZE


RELATIVE HUMIDITY (PERCENT)
 HIGHEST    93           300 AM
 LOWEST     57           300 PM
 AVERAGE    75

..........................................................


THE ALLENTOWN PA CLIMATE NORMALS FOR TOMORROW
                         NORMAL    RECORD    YEAR
 MAXIMUM TEMPERATURE (F)   84        99      1955
 MINIMUM TEMPERATURE (F)   63        51      1939


SUNRISE AND SUNSET
JULY 22 2014..........SUNRISE   549 AM EDT   SUNSET   826 PM EDT
JULY 23 2014..........SUNRISE   550 AM EDT   SUNSET   826 PM EDT


-  INDICATES NEGATIVE NUMBERS.
R  INDICATES RECORD WAS SET OR TIED.
MM INDICATES DATA IS MISSING.
T  INDICATES TRACE AMOUNT.




$$
