000
CDUS41 KPHI 232126
CLIABE


CLIMATE REPORT
NATIONAL WEATHER SERVICE MOUNT HOLLY NJ
526 PM EDT TUE SEP 23 2014


...................................

...THE ALLENTOWN PA CLIMATE SUMMARY FOR SEPTEMBER 23 2014...
VALID TODAY AS OF 0500 PM LOCAL TIME.

CLIMATE NORMAL PERIOD 1981 TO 2010
CLIMATE RECORD PERIOD 1922 TO 2014


WEATHER ITEM   OBSERVED TIME   RECORD YEAR NORMAL DEPARTURE LAST
                VALUE   (LST)  VALUE       VALUE  FROM      YEAR
                                                  NORMAL
..................................................................
TEMPERATURE (F)
 TODAY
  MAXIMUM         73    354 PM  93    1970  72      1       64
  MINIMUM         40    533 AM  35    1947  50    -10       43
  AVERAGE         57                        61     -4       54

PRECIPITATION (IN)
  TODAY            0.00          1.94 1975   0.16  -0.16     0.00
  MONTH TO DATE    1.27                      3.39  -2.12     2.08
  SINCE SEP 1      1.27                      3.39  -2.12     2.08
  SINCE JAN 1     35.26                     33.16   2.10    36.92

SNOWFALL (IN)
  TODAY            0.0           0.0  2002   0.0    0.0      0.0
                                      2001
  MONTH TO DATE    0.0                       0.0    0.0      0.0
  SINCE SEP 1      0.0                       0.0    0.0      0.0
  SINCE JUL 1      0.0                       0.0    0.0      0.0
  SNOW DEPTH       0

DEGREE DAYS
 HEATING
  TODAY            8                         5      3       11
  MONTH TO DATE   60                        59      1       83
  SINCE SEP 1     60                        59      1       83
  SINCE JUL 1     64                        70     -6       87

 COOLING
  TODAY            0                         1     -1        0
  MONTH TO DATE   99                        65     34       78
  SINCE SEP 1     99                        65     34       78
  SINCE JAN 1    786                       744     42      903
..................................................................


WIND (MPH)
  HIGHEST WIND SPEED     8   HIGHEST WIND DIRECTION     S (180)
  HIGHEST GUST SPEED    10   HIGHEST GUST DIRECTION     S (180)
  AVERAGE WIND SPEED     2.8


SKY COVER
  POSSIBLE SUNSHINE  MM
  AVERAGE SKY COVER 0.0


WEATHER CONDITIONS
 THE FOLLOWING WEATHER WAS RECORDED TODAY.
  NO SIGNIFICANT WEATHER WAS OBSERVED.


RELATIVE HUMIDITY (PERCENT)
 HIGHEST    82           500 AM
 LOWEST     33           400 PM
 AVERAGE    58

..........................................................


THE ALLENTOWN PA CLIMATE NORMALS FOR TOMORROW
                         NORMAL    RECORD    YEAR
 MAXIMUM TEMPERATURE (F)   72        92      1970
 MINIMUM TEMPERATURE (F)   50        31      1963


SUNRISE AND SUNSET
SEPTEMBER 23 2014.....SUNRISE   650 AM EDT   SUNSET   657 PM EDT
SEPTEMBER 24 2014.....SUNRISE   651 AM EDT   SUNSET   656 PM EDT


-  INDICATES NEGATIVE NUMBERS.
R  INDICATES RECORD WAS SET OR TIED.
MM INDICATES DATA IS MISSING.
T  INDICATES TRACE AMOUNT.




$$
