000
CDUS44 KSJT 290651
CLIABI


CLIMATE REPORT
NATIONAL WEATHER SERVICE SAN ANGELO TX
151 AM CDT FRI AUG 29 2014


...................................

...THE ABILENE CLIMATE SUMMARY FOR AUGUST 28 2014...

CLIMATE NORMAL PERIOD 1981 TO 2010
CLIMATE RECORD PERIOD 1886 TO 2014


WEATHER ITEM   OBSERVED TIME   RECORD YEAR NORMAL DEPARTURE LAST
                VALUE   (LST)  VALUE       VALUE  FROM      YEAR
                                                  NORMAL
..................................................................
TEMPERATURE (F)
 YESTERDAY
  MAXIMUM         98    353 PM 107    2011  92      6       94
  MINIMUM         71   1031 PM  50    1992  70      1       72
  AVERAGE         85                        81      4       83

PRECIPITATION (IN)
  YESTERDAY        0.16          2.89 1974   0.09   0.07     0.00
  MONTH TO DATE    0.23                      2.32  -2.09     0.54
  SINCE JUN 1      6.44                      7.75  -1.31    10.11
  SINCE JAN 1     10.43                     16.69  -6.26    16.33

DEGREE DAYS
 HEATING
  YESTERDAY        0                         0      0        0
  MONTH TO DATE    0                         0      0        0
  SINCE JUN 1      0                         1     -1        0
  SINCE JUL 1      0                         0      0        0

 COOLING
  YESTERDAY       20                        16      4       18
  MONTH TO DATE  565                       506     59      547
  SINCE JUN 1   1613                      1502    111     1612
  SINCE JAN 1   2127                      1899    228     2093
..................................................................


WIND (MPH)
  HIGHEST WIND SPEED    37   HIGHEST WIND DIRECTION     N (350)
  HIGHEST GUST SPEED    46   HIGHEST GUST DIRECTION     N (350)
  AVERAGE WIND SPEED    12.7


SKY COVER
  POSSIBLE SUNSHINE  MM
  AVERAGE SKY COVER 0.2


WEATHER CONDITIONS
 THE FOLLOWING WEATHER WAS RECORDED YESTERDAY.
  THUNDERSTORM
  LIGHT RAIN
  FOG


RELATIVE HUMIDITY (PERCENT)
 HIGHEST    60           700 AM
 LOWEST     28           600 PM
 AVERAGE    44

..........................................................


THE ABILENE CLIMATE NORMALS FOR TODAY
                         NORMAL    RECORD    YEAR
 MAXIMUM TEMPERATURE (F)   92       104      2011
 MINIMUM TEMPERATURE (F)   70        58      1917


SUNRISE AND SUNSET
AUGUST 29 2014........SUNRISE   712 AM CDT   SUNSET   807 PM CDT
AUGUST 30 2014........SUNRISE   712 AM CDT   SUNSET   806 PM CDT


-  INDICATES NEGATIVE NUMBERS.
R  INDICATES RECORD WAS SET OR TIED.
MM INDICATES DATA IS MISSING.
T  INDICATES TRACE AMOUNT.


$$
