000
CDUS44 KSJT 040712
CLIABI


CLIMATE REPORT
NATIONAL WEATHER SERVICE SAN ANGELO TX
212 AM CDT SAT JUL 4 2015


...................................

...THE ABILENE CLIMATE SUMMARY FOR JULY 3 2015...

CLIMATE NORMAL PERIOD 1981 TO 2010
CLIMATE RECORD PERIOD 1886 TO 2015


WEATHER ITEM   OBSERVED TIME   RECORD YEAR NORMAL DEPARTURE LAST
                VALUE   (LST)  VALUE       VALUE  FROM      YEAR
                                                  NORMAL
..................................................................
TEMPERATURE (F)
 YESTERDAY
  MAXIMUM         91    530 PM 106    1980  93     -2       86
  MINIMUM         74    707 AM  60    2013  71      3       70
  AVERAGE         83                        82      1       78

PRECIPITATION (IN)
  YESTERDAY        0.00          3.20 1932   0.07  -0.07      T
  MONTH TO DATE    0.00                      0.21  -0.21     0.27
  SINCE JUN 1      3.62                      3.77  -0.15     4.02
  SINCE JAN 1     16.25                     12.71   3.54     8.01

DEGREE DAYS
 HEATING
  YESTERDAY        0                         0      0        0
  MONTH TO DATE    0                         0      0        0
  SINCE JUN 1      0                         1     -1        0
  SINCE JUL 1      0                         0      0        0

 COOLING
  YESTERDAY       18                        17      1       13
  MONTH TO DATE   51                        51      0       50
  SINCE JUN 1    517                       486     31      517
  SINCE JAN 1    906                       883     23     1031
..................................................................


WIND (MPH)
  HIGHEST WIND SPEED    21   HIGHEST WIND DIRECTION     S (200)
  HIGHEST GUST SPEED    27   HIGHEST GUST DIRECTION    SE (140)
  AVERAGE WIND SPEED    11.1


SKY COVER
  POSSIBLE SUNSHINE  MM
  AVERAGE SKY COVER 0.1


WEATHER CONDITIONS
 THE FOLLOWING WEATHER WAS RECORDED YESTERDAY.
  NO SIGNIFICANT WEATHER WAS OBSERVED.


RELATIVE HUMIDITY (PERCENT)
 HIGHEST    79           500 AM
 LOWEST     38           500 PM
 AVERAGE    59

..........................................................


THE ABILENE CLIMATE NORMALS FOR TODAY
                         NORMAL    RECORD    YEAR
 MAXIMUM TEMPERATURE (F)   93       103      1971
                                             1894
 MINIMUM TEMPERATURE (F)   71        58      1924


SUNRISE AND SUNSET
JULY  4 2015..........SUNRISE   636 AM CDT   SUNSET   850 PM CDT
JULY  5 2015..........SUNRISE   637 AM CDT   SUNSET   850 PM CDT


-  INDICATES NEGATIVE NUMBERS.
R  INDICATES RECORD WAS SET OR TIED.
MM INDICATES DATA IS MISSING.
T  INDICATES TRACE AMOUNT.




$$
