000
CDUS44 KSJT 250807
CLIABI


CLIMATE REPORT
NATIONAL WEATHER SERVICE SAN ANGELO TX
307 AM CDT WED MAY 25 2016


...................................

...THE ABILENE CLIMATE SUMMARY FOR MAY 24 2016...

CLIMATE NORMAL PERIOD 1981 TO 2010
CLIMATE RECORD PERIOD 1886 TO 2016


WEATHER ITEM   OBSERVED TIME   RECORD YEAR NORMAL DEPARTURE LAST
                VALUE   (LST)  VALUE       VALUE  FROM      YEAR
                                                  NORMAL
..................................................................
TEMPERATURE (F)
 YESTERDAY
  MAXIMUM         84    452 PM 109    2000  86     -2       82
  MINIMUM         72    608 AM  48    1930  64      8       64
  AVERAGE         78                        75      3       73

PRECIPITATION (IN)
  YESTERDAY        0.00          3.25 1933   0.12  -0.12     0.07
  MONTH TO DATE    5.47                      2.30   3.17     3.26
  SINCE MAR 1     14.02                      5.68   8.34     7.04
  SINCE JAN 1     14.74                      8.06   6.68    10.55

DEGREE DAYS
 HEATING
  YESTERDAY        0                         0      0        0
  MONTH TO DATE   37                        13     24       12
  SINCE MAR 1    304                       422   -118      401
  SINCE JUL 1   2058                      2555   -497     2478

 COOLING
  YESTERDAY       13                        10      3        8
  MONTH TO DATE  132                       187    -55      164
  SINCE MAR 1    213                       315   -102      331
  SINCE JAN 1    227                       320    -93      335
..................................................................


WIND (MPH)
  HIGHEST WIND SPEED    23   HIGHEST WIND DIRECTION    SE (150)
  HIGHEST GUST SPEED    29   HIGHEST GUST DIRECTION     S (170)
  AVERAGE WIND SPEED    16.0


SKY COVER
  POSSIBLE SUNSHINE  MM
  AVERAGE SKY COVER 0.5


WEATHER CONDITIONS
 THE FOLLOWING WEATHER WAS RECORDED YESTERDAY.
  FOG


RELATIVE HUMIDITY (PERCENT)
 HIGHEST    93           100 AM
 LOWEST     65           100 PM
 AVERAGE    79

..........................................................


THE ABILENE CLIMATE NORMALS FOR TODAY
                         NORMAL    RECORD    YEAR
 MAXIMUM TEMPERATURE (F)   87       102      1989
 MINIMUM TEMPERATURE (F)   64        46      1947


SUNRISE AND SUNSET
MAY 25 2016...........SUNRISE   635 AM CDT   SUNSET   837 PM CDT
MAY 26 2016...........SUNRISE   634 AM CDT   SUNSET   838 PM CDT


-  INDICATES NEGATIVE NUMBERS.
R  INDICATES RECORD WAS SET OR TIED.
MM INDICATES DATA IS MISSING.
T  INDICATES TRACE AMOUNT.




$$
