000
CDUS44 KSJT 020650
CLIABI


CLIMATE REPORT
NATIONAL WEATHER SERVICE SAN ANGELO TX
150 AM CDT TUE SEP 2 2014


...................................

...THE ABILENE CLIMATE SUMMARY FOR SEPTEMBER 1 2014...

CLIMATE NORMAL PERIOD 1981 TO 2010
CLIMATE RECORD PERIOD 1886 TO 2014


WEATHER ITEM   OBSERVED TIME   RECORD YEAR NORMAL DEPARTURE LAST
                VALUE   (LST)  VALUE       VALUE  FROM      YEAR
                                                  NORMAL
..................................................................
TEMPERATURE (F)
 YESTERDAY
  MAXIMUM        102    341 PM 106    1952  91     11      102
  MINIMUM         76    659 AM  57    1950  69      7       75
                                      1915
  AVERAGE         89                        80      9       89

PRECIPITATION (IN)
  YESTERDAY        0.00          2.70 1932   0.08  -0.08      T
  MONTH TO DATE    0.00                      0.08  -0.08      T
  SINCE SEP 1      0.00                      0.08  -0.08      T
  SINCE JAN 1     10.50                     17.04  -6.54    16.33

DEGREE DAYS
 HEATING
  YESTERDAY        0                         0      0        0
  MONTH TO DATE    0                         0      0        0
  SINCE SEP 1      0                         0      0        0
  SINCE JUL 1      0                         0      0        0

 COOLING
  YESTERDAY       24                        15      9       24
  MONTH TO DATE   24                        15      9       24
  SINCE SEP 1     24                        15      9       24
  SINCE JAN 1   2208                      1960    248     2178
..................................................................


WIND (MPH)
  HIGHEST WIND SPEED    26   HIGHEST WIND DIRECTION     S (190)
  HIGHEST GUST SPEED    35   HIGHEST GUST DIRECTION    SW (210)
  AVERAGE WIND SPEED    17.3


SKY COVER
  POSSIBLE SUNSHINE  MM
  AVERAGE SKY COVER 0.0


WEATHER CONDITIONS
 THE FOLLOWING WEATHER WAS RECORDED YESTERDAY.
  NO SIGNIFICANT WEATHER WAS OBSERVED.


RELATIVE HUMIDITY (PERCENT)
 HIGHEST    82           700 AM
 LOWEST     23           500 PM
 AVERAGE    53

..........................................................


THE ABILENE CLIMATE NORMALS FOR TODAY
                         NORMAL    RECORD    YEAR
 MAXIMUM TEMPERATURE (F)   91       105      2000
                                             1947
 MINIMUM TEMPERATURE (F)   69        55      1915


SUNRISE AND SUNSET
SEPTEMBER  2 2014.....SUNRISE   714 AM CDT   SUNSET   802 PM CDT
SEPTEMBER  3 2014.....SUNRISE   715 AM CDT   SUNSET   801 PM CDT


-  INDICATES NEGATIVE NUMBERS.
R  INDICATES RECORD WAS SET OR TIED.
MM INDICATES DATA IS MISSING.
T  INDICATES TRACE AMOUNT.




$$
