000
CDUS44 KSJT 300707
CLIABI


CLIMATE REPORT
NATIONAL WEATHER SERVICE SAN ANGELO TX
206 AM CDT TUE SEP 30 2014


...................................

...THE ABILENE CLIMATE SUMMARY FOR SEPTEMBER 29 2014...

CLIMATE NORMAL PERIOD 1981 TO 2010
CLIMATE RECORD PERIOD 1886 TO 2014


WEATHER ITEM   OBSERVED TIME   RECORD YEAR NORMAL DEPARTURE LAST
                VALUE   (LST)  VALUE       VALUE  FROM      YEAR
                                                  NORMAL
..................................................................
TEMPERATURE (F)
 YESTERDAY
  MAXIMUM         87    441 PM 100    2011  82      5       79
                                      1977
  MINIMUM         62    702 AM  43    1945  60      2       55
  AVERAGE         75                        71      4       67

PRECIPITATION (IN)
  YESTERDAY        0.00          3.81 2012   0.07  -0.07     0.00
  MONTH TO DATE    0.77                      2.17  -1.40     3.18
  SINCE SEP 1      0.77                      2.17  -1.40     3.18
  SINCE JAN 1     11.27                     19.13  -7.86    19.51

DEGREE DAYS
 HEATING
  YESTERDAY        0                         1     -1        0
  MONTH TO DATE    5                        10     -5        0
  SINCE SEP 1      5                        10     -5        0
  SINCE JUL 1      5                        10     -5        0

 COOLING
  YESTERDAY       10                         7      3        2
  MONTH TO DATE  384                       320     64      408
  SINCE SEP 1    384                       320     64      408
  SINCE JAN 1   2568                      2265    303     2562
..................................................................


WIND (MPH)
  HIGHEST WIND SPEED    15   HIGHEST WIND DIRECTION    SE (130)
  HIGHEST GUST SPEED    17   HIGHEST GUST DIRECTION    SE (140)
  AVERAGE WIND SPEED     5.6


SKY COVER
  POSSIBLE SUNSHINE  MM
  AVERAGE SKY COVER 0.2


WEATHER CONDITIONS
 THE FOLLOWING WEATHER WAS RECORDED YESTERDAY.
  NO SIGNIFICANT WEATHER WAS OBSERVED.


RELATIVE HUMIDITY (PERCENT)
 HIGHEST    78           300 AM
 LOWEST     35           400 PM
 AVERAGE    57

..........................................................


THE ABILENE CLIMATE NORMALS FOR TODAY
                         NORMAL    RECORD    YEAR
 MAXIMUM TEMPERATURE (F)   82       103      1977
 MINIMUM TEMPERATURE (F)   59        40      1984


SUNRISE AND SUNSET
SEPTEMBER 30 2014.....SUNRISE   732 AM CDT   SUNSET   725 PM CDT
OCTOBER  1 2014.......SUNRISE   733 AM CDT   SUNSET   723 PM CDT


-  INDICATES NEGATIVE NUMBERS.
R  INDICATES RECORD WAS SET OR TIED.
MM INDICATES DATA IS MISSING.
T  INDICATES TRACE AMOUNT.




$$
