000
CDUS44 KSJT 220753
CLIABI


CLIMATE REPORT
NATIONAL WEATHER SERVICE SAN ANGELO TX
153 AM CST MON DEC 22 2014


...................................

...THE ABILENE CLIMATE SUMMARY FOR DECEMBER 21 2014...

CLIMATE NORMAL PERIOD 1981 TO 2010
CLIMATE RECORD PERIOD 1886 TO 2014


WEATHER ITEM   OBSERVED TIME   RECORD YEAR NORMAL DEPARTURE LAST
                VALUE   (LST)  VALUE       VALUE  FROM      YEAR
                                                  NORMAL
..................................................................
TEMPERATURE (F)
 YESTERDAY
  MAXIMUM         61    426 PM  85    2010  56      5       60
  MINIMUM         42   1251 AM   8    1983  33      9       33
  AVERAGE         52                        44      8       47

PRECIPITATION (IN)
  YESTERDAY        0.00          0.93 1907   0.04  -0.04     0.66
  MONTH TO DATE    0.02                      0.85  -0.83     1.11
  SINCE DEC 1      0.02                      0.85  -0.83     1.11
  SINCE JAN 1     14.51                     24.44  -9.93    23.19

SNOWFALL (IN)
  YESTERDAY        0.0           2.6  1990   0.1   -0.1      0.0
  MONTH TO DATE    0.0                       0.7   -0.7      0.8
  SINCE NOV 1      0.1                       1.4   -1.3      1.3
  SINCE JUL 1      0.1                       1.4   -1.3      1.3

DEGREE DAYS
 HEATING
  YESTERDAY       13                        21     -8       18
  MONTH TO DATE  233                       402   -169      446
  SINCE DEC 1    233                       402   -169      446
  SINCE JUL 1    650                       835   -185      918

 COOLING
  YESTERDAY        0                         0      0        0
  MONTH TO DATE    0                         0      0        1
  SINCE DEC 1      0                         0      0        1
  SINCE JAN 1   2819                      2408    411     2723
..................................................................


WIND (MPH)
  HIGHEST WIND SPEED    25   HIGHEST WIND DIRECTION     S (200)
  HIGHEST GUST SPEED    32   HIGHEST GUST DIRECTION    SW (210)
  AVERAGE WIND SPEED    17.0


SKY COVER
  POSSIBLE SUNSHINE  MM
  AVERAGE SKY COVER 0.5


WEATHER CONDITIONS
 THE FOLLOWING WEATHER WAS RECORDED YESTERDAY.
  NO SIGNIFICANT WEATHER WAS OBSERVED.


RELATIVE HUMIDITY (PERCENT)
 HIGHEST    89           100 AM
 LOWEST     51           200 PM
 AVERAGE    70

..........................................................


THE ABILENE CLIMATE NORMALS FOR TODAY
                         NORMAL    RECORD    YEAR
 MAXIMUM TEMPERATURE (F)   56        79      1964
 MINIMUM TEMPERATURE (F)   33        -2      1989


SUNRISE AND SUNSET
DECEMBER 22 2014......SUNRISE   737 AM CST   SUNSET   538 PM CST
DECEMBER 23 2014......SUNRISE   737 AM CST   SUNSET   539 PM CST


-  INDICATES NEGATIVE NUMBERS.
R  INDICATES RECORD WAS SET OR TIED.
MM INDICATES DATA IS MISSING.
T  INDICATES TRACE AMOUNT.




$$
