989
CDUS44 KSJT 122330
CLIABI


CLIMATE REPORT
NATIONAL WEATHER SERVICE SAN ANGELO TX
529 PM CST FRI FEB 12 2016


...................................

...THE ABILENE CLIMATE SUMMARY FOR FEBRUARY 12 2016...
VALID TODAY AS OF 0500 PM LOCAL TIME.

CLIMATE NORMAL PERIOD 1981 TO 2010
CLIMATE RECORD PERIOD 1886 TO 2016


WEATHER ITEM   OBSERVED TIME   RECORD YEAR NORMAL DEPARTURE LAST
                VALUE   (LST)  VALUE       VALUE  FROM      YEAR
                                                  NORMAL
..................................................................
TEMPERATURE (F)
 TODAY
  MAXIMUM         72    154 PM  87    1962  60     12       55
  MINIMUM         33    724 AM  -6    1899  36     -3       38
  AVERAGE         53                        48      5       47

PRECIPITATION (IN)
  TODAY            0.00          0.99 1997   0.05  -0.05     0.00
  MONTH TO DATE    0.00                      0.55  -0.55     0.00
  SINCE DEC 1      2.24                      2.80  -0.56     2.30
  SINCE JAN 1      0.04                      1.57  -1.53     1.77

SNOWFALL (IN)
  TODAY            0.0           2.0  1948   0.1   -0.1      0.0
  MONTH TO DATE    0.0                       0.4   -0.4      0.0
  SINCE NOV 1      5.1                       3.7    1.4      0.1
  SINCE JUL 1      5.1                       3.7    1.4      0.1

DEGREE DAYS
 HEATING
  TODAY           12                        17     -5       18
  MONTH TO DATE  191                       218    -27      175
  SINCE DEC 1   1255                      1454   -199     1304
  SINCE JUL 1   1598                      1887   -289     1721

 COOLING
  TODAY            0                         0      0        0
  MONTH TO DATE    0                         0      0        2
  SINCE DEC 1      0                         2     -2        2
  SINCE JAN 1      0                         1     -1        2
..................................................................


WIND (MPH)
  HIGHEST WIND SPEED    17   HIGHEST WIND DIRECTION     E (90)
  HIGHEST GUST SPEED    21   HIGHEST GUST DIRECTION     E (80)
  AVERAGE WIND SPEED     4.7


SKY COVER
  POSSIBLE SUNSHINE  MM
  AVERAGE SKY COVER 0.0


WEATHER CONDITIONS
 THE FOLLOWING WEATHER WAS RECORDED TODAY.
  HAZE


RELATIVE HUMIDITY (PERCENT)
 HIGHEST    89           800 AM
 LOWEST     20           200 PM
 AVERAGE    55

..........................................................


THE ABILENE CLIMATE NORMALS FOR TOMORROW
                         NORMAL    RECORD    YEAR
 MAXIMUM TEMPERATURE (F)   60        84      1962
                                             1886
 MINIMUM TEMPERATURE (F)   36         3      1905


SUNRISE AND SUNSET
FEBRUARY 12 2016......SUNRISE   725 AM CST   SUNSET   622 PM CST
FEBRUARY 13 2016......SUNRISE   724 AM CST   SUNSET   623 PM CST


-  INDICATES NEGATIVE NUMBERS.
R  INDICATES RECORD WAS SET OR TIED.
MM INDICATES DATA IS MISSING.
T  INDICATES TRACE AMOUNT.




$$
