000
CDUS44 KSJT 290751
CLIABI


CLIMATE REPORT
NATIONAL WEATHER SERVICE SAN ANGELO TX
251 AM CDT WED MAR 29 2017


...................................

...THE ABILENE CLIMATE SUMMARY FOR MARCH 28 2017...

CLIMATE NORMAL PERIOD 1981 TO 2010
CLIMATE RECORD PERIOD 1886 TO 2017


WEATHER ITEM   OBSERVED TIME   RECORD YEAR NORMAL DEPARTURE LAST
                VALUE   (LST)  VALUE       VALUE  FROM      YEAR
                                                  NORMAL
..................................................................
TEMPERATURE (F)
 YESTERDAY
  MAXIMUM         76    523 PM  96    1928  72      4       75
  MINIMUM         55   1148 PM  23    1931  47      8       38
                                      1899
  AVERAGE         66                        60      6       57

PRECIPITATION (IN)
  YESTERDAY        0.35          1.77 1897   0.06   0.29     0.00
  MONTH TO DATE    0.37                      1.58  -1.21     2.31
  SINCE MAR 1      0.37                      1.58  -1.21     2.31
  SINCE JAN 1      3.75                      3.96  -0.21     3.03

SNOWFALL (IN)
  YESTERDAY        0.0           T    1995   0.0    0.0      0.0
  MONTH TO DATE    0.0                       0.3   -0.3      0.0
  SINCE NOV 1      T                         4.4   -4.4      5.1
  SINCE JUL 1      T                         4.4   -4.4      5.1

DEGREE DAYS
 HEATING
  YESTERDAY        0                         7     -7        8
  MONTH TO DATE  138                       278   -140      183
  SINCE MAR 1    138                       278   -140      183
  SINCE JUL 1   1719                      2411   -692     1937

 COOLING
  YESTERDAY        1                         2     -1        0
  MONTH TO DATE   77                        24     53       11
  SINCE MAR 1     77                        24     53       11
  SINCE JAN 1    108                        29     79       25
..................................................................


WIND (MPH)
  HIGHEST WIND SPEED    36   HIGHEST WIND DIRECTION     W (260)
  HIGHEST GUST SPEED    50   HIGHEST GUST DIRECTION     W (270)
  AVERAGE WIND SPEED    17.4


SKY COVER
  POSSIBLE SUNSHINE  MM
  AVERAGE SKY COVER 0.6


WEATHER CONDITIONS
 THE FOLLOWING WEATHER WAS RECORDED YESTERDAY.
  RAIN
  LIGHT RAIN
  FOG
  HAZE


RELATIVE HUMIDITY (PERCENT)
 HIGHEST   100          1100 PM
 LOWEST     64           200 PM
 AVERAGE    82

..........................................................


THE ABILENE CLIMATE NORMALS FOR TODAY
                         NORMAL    RECORD    YEAR
 MAXIMUM TEMPERATURE (F)   73        96      1967
 MINIMUM TEMPERATURE (F)   47        24      1987
                                             1944
                                             1894


SUNRISE AND SUNSET
MARCH 29 2017.........SUNRISE   730 AM CDT   SUNSET   757 PM CDT
MARCH 30 2017.........SUNRISE   729 AM CDT   SUNSET   758 PM CDT


-  INDICATES NEGATIVE NUMBERS.
R  INDICATES RECORD WAS SET OR TIED.
MM INDICATES DATA IS MISSING.
T  INDICATES TRACE AMOUNT.




$$
