000
CDUS44 KSJT 010700
CLIABI


CLIMATE REPORT
NATIONAL WEATHER SERVICE SAN ANGELO TX
159 AM CDT FRI AUG 1 2014


...................................

...THE ABILENE CLIMATE SUMMARY FOR JULY 31 2014...

CLIMATE NORMAL PERIOD 1981 TO 2010
CLIMATE RECORD PERIOD 1886 TO 2014


WEATHER ITEM   OBSERVED TIME   RECORD YEAR NORMAL DEPARTURE LAST
                VALUE   (LST)  VALUE       VALUE  FROM      YEAR
                                                  NORMAL
..................................................................
TEMPERATURE (F)
 YESTERDAY
  MAXIMUM         83    529 PM 105    2012  95    -12      101
                                      1986
  MINIMUM         69    934 AM  54    1911  73     -4       78
  AVERAGE         76                        84     -8       90

PRECIPITATION (IN)
  YESTERDAY        0.00          3.75 1911   0.06  -0.06      T
  MONTH TO DATE    2.46                      1.87   0.59     4.44
  SINCE JUN 1      6.21                      5.43   0.78     9.57
  SINCE JAN 1     10.20                     14.37  -4.17    15.79

DEGREE DAYS
 HEATING
  YESTERDAY        0                         0      0        0
  MONTH TO DATE    0                         0      0        0
  SINCE JUN 1      0                         1     -1        0
  SINCE JUL 1      0                         0      0        0

 COOLING
  YESTERDAY       11                        19     -8       25
  MONTH TO DATE  581                       561     20      541
  SINCE JUN 1   1048                       996     52     1065
  SINCE JAN 1   1562                      1393    169     1546
..................................................................


WIND (MPH)
  HIGHEST WIND SPEED    22   HIGHEST WIND DIRECTION     N (10)
  HIGHEST GUST SPEED    28   HIGHEST GUST DIRECTION     N (10)
  AVERAGE WIND SPEED    12.3


SKY COVER
  POSSIBLE SUNSHINE  MM
  AVERAGE SKY COVER 0.9


WEATHER CONDITIONS
 THE FOLLOWING WEATHER WAS RECORDED YESTERDAY.
  FOG
  HAZE


RELATIVE HUMIDITY (PERCENT)
 HIGHEST    84           200 AM
 LOWEST     54           400 PM
 AVERAGE    69

..........................................................


THE ABILENE CLIMATE NORMALS FOR TODAY
                         NORMAL    RECORD    YEAR
 MAXIMUM TEMPERATURE (F)   95       107      2012
 MINIMUM TEMPERATURE (F)   73        60      1936


SUNRISE AND SUNSET
AUGUST  1 2014........SUNRISE   653 AM CDT   SUNSET   836 PM CDT
AUGUST  2 2014........SUNRISE   654 AM CDT   SUNSET   836 PM CDT


-  INDICATES NEGATIVE NUMBERS.
R  INDICATES RECORD WAS SET OR TIED.
MM INDICATES DATA IS MISSING.
T  INDICATES TRACE AMOUNT.




$$
