000
CDUS45 KABQ 200013
CLIABQ


CLIMATE REPORT
NATIONAL WEATHER SERVICE ALBUQUERQUE NM
512 PM MST SUN FEB 19 2017


...................................

...THE ALBUQUERQUE  NM CLIMATE SUMMARY FOR FEBRUARY 19 2017...
VALID TODAY AS OF 0500 PM LOCAL TIME.

CLIMATE NORMAL PERIOD 1981 TO 2010
CLIMATE RECORD PERIOD 1891 TO 2017


WEATHER ITEM   OBSERVED TIME   RECORD YEAR NORMAL DEPARTURE LAST
                VALUE   (LST)  VALUE       VALUE  FROM      YEAR
                                                  NORMAL
..................................................................
TEMPERATURE (F)
 TODAY
  MAXIMUM         53    229 PM  72    1981  54     -1       66
  MINIMUM         39    706 AM  12    1910  31      8       45
  AVERAGE         46                        42      4       56

PRECIPITATION (IN)
  TODAY            0.03          0.36 1915   0.02   0.01
  MONTH TO DATE    0.35                      0.32   0.03
  SINCE DEC 1      1.90                      1.20   0.70
  SINCE JAN 1      1.39                      0.70   0.69

SNOWFALL (IN)
  TODAY            0.0
  MONTH TO DATE    1.6
  SINCE DEC 1      2.8
  SINCE JUL 1      2.9
  SNOW DEPTH       0

DEGREE DAYS
 HEATING
  TODAY           19                        23     -4        9
  MONTH TO DATE  351                       469   -118      397
  SINCE DEC 1   1937                      2244   -307     2126
  SINCE JUL 1   2514                      3111   -597     2843

 COOLING
  TODAY            0                         0      0        0
  MONTH TO DATE    0                         0      0        0
  SINCE DEC 1      0                         0      0        0
  SINCE JAN 1      0                         0      0        0
..................................................................


WIND (MPH)
  HIGHEST WIND SPEED    23   HIGHEST WIND DIRECTION    SW (220)
  HIGHEST GUST SPEED    35   HIGHEST GUST DIRECTION    SW (220)
  AVERAGE WIND SPEED     9.1


SKY COVER
  POSSIBLE SUNSHINE  MM
  AVERAGE SKY COVER 0.8



RELATIVE HUMIDITY (PERCENT)
 HIGHEST    86           500 AM
 LOWEST     38           300 PM
 AVERAGE    62

..........................................................


THE ALBUQUERQUE  NM CLIMATE NORMALS FOR TOMORROW
                         NORMAL    RECORD    YEAR
 MAXIMUM TEMPERATURE (F)   54        74      1981
 MINIMUM TEMPERATURE (F)   31         9      1955


SUNRISE AND SUNSET
FEBRUARY 19 2017......SUNRISE   648 AM MST   SUNSET   553 PM MST
FEBRUARY 20 2017......SUNRISE   646 AM MST   SUNSET   554 PM MST


-  INDICATES NEGATIVE NUMBERS.
R  INDICATES RECORD WAS SET OR TIED.
MM INDICATES DATA IS MISSING.
T  INDICATES TRACE AMOUNT.




$$
