000
CDUS45 KABQ 240851
CLIABQ


CLIMATE REPORT
NATIONAL WEATHER SERVICE ALBUQUERQUE NM
241 AM MDT SUN MAY 24 2015


...................................

...THE ALBUQUERQUE  NM CLIMATE SUMMARY FOR MAY 23 2015...

CLIMATE NORMAL PERIOD 1981 TO 2010
CLIMATE RECORD PERIOD 1891 TO 2015


WEATHER ITEM   OBSERVED TIME   RECORD YEAR NORMAL DEPARTURE LAST
                VALUE   (LST)  VALUE       VALUE  FROM      YEAR
                                                  NORMAL
..................................................................
TEMPERATURE (F)
 YESTERDAY
  MAXIMUM         73    335 PM  97    2000  81     -8       74
  MINIMUM         51    412 AM  36    1975  55     -4       54
  AVERAGE         62                        68     -6       64

PRECIPITATION (IN)
  YESTERDAY        0.00          0.76 1937   0.02  -0.02
  MONTH TO DATE    1.63                      0.37   1.26
  SINCE MAR 1      2.10                      1.55   0.55
  SINCE JAN 1      3.41                      2.41   1.00

SNOWFALL (IN)
  YESTERDAY        0.0
  MONTH TO DATE    T
  SINCE MAR 1      T
  SINCE JUL 1     15.2
  SNOW DEPTH       0

DEGREE DAYS
 HEATING
  YESTERDAY        3                         1      2        1
  MONTH TO DATE  109                        64     45       95
  SINCE MAR 1    714                       865   -151      819
  SINCE JUL 1   3635                      4168   -533     3962

 COOLING
  YESTERDAY        0                         4     -4        0
  MONTH TO DATE    4                        51    -47       52
  SINCE MAR 1      4                        58    -54       58
  SINCE JAN 1      4                        58    -54       58
..................................................................


WIND (MPH)
  HIGHEST WIND SPEED    24   HIGHEST WIND DIRECTION     W (280)
  HIGHEST GUST SPEED    31   HIGHEST GUST DIRECTION     W (280)
  AVERAGE WIND SPEED     7.0


SKY COVER
  POSSIBLE SUNSHINE  MM
  AVERAGE SKY COVER 0.5


WEATHER CONDITIONS
 THE FOLLOWING WEATHER WAS RECORDED YESTERDAY.
  NO SIGNIFICANT WEATHER WAS OBSERVED.


RELATIVE HUMIDITY (PERCENT)
 HIGHEST    44           300 AM
 LOWEST     14           700 PM
 AVERAGE    29

..........................................................


THE ALBUQUERQUE  NM CLIMATE NORMALS FOR TODAY
                         NORMAL    RECORD    YEAR
 MAXIMUM TEMPERATURE (F)   82        96      1984
 MINIMUM TEMPERATURE (F)   55        38      1971


SUNRISE AND SUNSET
MAY 24 2015...........SUNRISE   557 AM MDT   SUNSET   810 PM MDT
MAY 25 2015...........SUNRISE   557 AM MDT   SUNSET   811 PM MDT


-  INDICATES NEGATIVE NUMBERS.
R  INDICATES RECORD WAS SET OR TIED.
MM INDICATES DATA IS MISSING.
T  INDICATES TRACE AMOUNT.

$$
