000
CDUS45 KABQ 220831
CLIABQ


CLIMATE REPORT
NATIONAL WEATHER SERVICE ALBUQUERQUE NM
228 AM MDT TUE AUG 22 2017


...................................

...THE ALBUQUERQUE  NM CLIMATE SUMMARY FOR AUGUST 21 2017...

CLIMATE NORMAL PERIOD 1981 TO 2010
CLIMATE RECORD PERIOD 1891 TO 2017


WEATHER ITEM   OBSERVED TIME   RECORD YEAR NORMAL DEPARTURE LAST
                VALUE   (LST)  VALUE       VALUE  FROM      YEAR
                                                  NORMAL
..................................................................
TEMPERATURE (F)
 YESTERDAY
  MAXIMUM         79    522 PM  97    2007  87     -8       78
                                      2003
                                      1938
  MINIMUM         60    351 AM  54    1915  65     -5       59
  AVERAGE         70                        76     -6       69

PRECIPITATION (IN)
  YESTERDAY        0.07          0.77 1909   0.04   0.03
  MONTH TO DATE    0.86                      1.15  -0.29
  SINCE JUN 1      2.19                      3.31  -1.12
  SINCE JAN 1      4.80                      5.85  -1.05

SNOWFALL (IN)
  YESTERDAY        0.0
  MONTH TO DATE    0.0
  SINCE JUN 1      T
  SINCE JUL 1      0.0
  SNOW DEPTH       0

DEGREE DAYS
 HEATING
  YESTERDAY        0                         0      0        0
  MONTH TO DATE    0                         0      0        0
  SINCE JUN 1      0                         4     -4        0
  SINCE JUL 1      0                         0      0        0

 COOLING
  YESTERDAY        5                        11     -6        4
  MONTH TO DATE  250                       245      5      240
  SINCE JUN 1   1127                       958    169     1190
  SINCE JAN 1   1206                      1056    150     1261
..................................................................


WIND (MPH)
  HIGHEST WIND SPEED    15   HIGHEST WIND DIRECTION     N (350)
  HIGHEST GUST SPEED    20   HIGHEST GUST DIRECTION     N (350)
  AVERAGE WIND SPEED     5.0


SKY COVER
  POSSIBLE SUNSHINE  MM
  AVERAGE SKY COVER 0.8


WEATHER CONDITIONS
 THE FOLLOWING WEATHER WAS RECORDED YESTERDAY.
  RAIN
  LIGHT RAIN
  FOG


RELATIVE HUMIDITY (PERCENT)
 HIGHEST   100           300 AM
 LOWEST     45           400 PM
 AVERAGE    73

..........................................................


THE ALBUQUERQUE  NM CLIMATE NORMALS FOR TODAY
                         NORMAL    RECORD    YEAR
 MAXIMUM TEMPERATURE (F)   87        97      2007
 MINIMUM TEMPERATURE (F)   65        52      1917


SUNRISE AND SUNSET
AUGUST 22 2017........SUNRISE   632 AM MDT   SUNSET   746 PM MDT
AUGUST 23 2017........SUNRISE   633 AM MDT   SUNSET   745 PM MDT


-  INDICATES NEGATIVE NUMBERS.
R  INDICATES RECORD WAS SET OR TIED.
MM INDICATES DATA IS MISSING.
T  INDICATES TRACE AMOUNT.


$$
