000
CDUS45 KABQ 290839
CLIABQ


CLIMATE REPORT
NATIONAL WEATHER SERVICE ALBUQUERQUE NM
238 AM MDT FRI APR 29 2016


...................................

...THE ALBUQUERQUE  NM CLIMATE SUMMARY FOR APRIL 28 2016...

CLIMATE NORMAL PERIOD 1981 TO 2010
CLIMATE RECORD PERIOD 1891 TO 2016


WEATHER ITEM   OBSERVED TIME   RECORD YEAR NORMAL DEPARTURE LAST
                VALUE   (LST)  VALUE       VALUE  FROM      YEAR
                                                  NORMAL
..................................................................
TEMPERATURE (F)
 YESTERDAY
  MAXIMUM         75    300 PM  87    1992  73      2       64
                                      1981
                                      1910
  MINIMUM         56   1159 PM  27    1918  47      9       42
  AVERAGE         66                        60      6       53

PRECIPITATION (IN)
  YESTERDAY        0.00          1.17 1985   0.02  -0.02
  MONTH TO DATE    0.51                      0.58  -0.07
  SINCE MAR 1      0.51                      1.15  -0.64
  SINCE JAN 1      0.93                      2.01  -1.08

SNOWFALL (IN)
  YESTERDAY        0.0
  MONTH TO DATE    T
  SINCE MAR 1      T
  SINCE JUL 1      9.8
  SNOW DEPTH      MM

DEGREE DAYS
 HEATING
  YESTERDAY        0                         6     -6       12
  MONTH TO DATE  246                       267    -21      235
  SINCE MAR 1    658                       791   -133      599
  SINCE JUL 1   3668                      4094   -426     3520

 COOLING
  YESTERDAY        1                         1      0        0
  MONTH TO DATE    5                         4      1        0
  SINCE MAR 1      5                         4      1        0
  SINCE JAN 1      5                         4      1        0
..................................................................


WIND (MPH)
  HIGHEST WIND SPEED    33   HIGHEST WIND DIRECTION     S (170)
  HIGHEST GUST SPEED    40   HIGHEST GUST DIRECTION     S (170)
  AVERAGE WIND SPEED    13.6


SKY COVER
  POSSIBLE SUNSHINE  MM
  AVERAGE SKY COVER 0.6


WEATHER CONDITIONS
 THE FOLLOWING WEATHER WAS RECORDED YESTERDAY.
  NO SIGNIFICANT WEATHER WAS OBSERVED.


RELATIVE HUMIDITY (PERCENT)
 HIGHEST    30           400 AM
 LOWEST      8           700 PM
 AVERAGE    19

..........................................................


THE ALBUQUERQUE  NM CLIMATE NORMALS FOR TODAY
                         NORMAL    RECORD    YEAR
 MAXIMUM TEMPERATURE (F)   73        88      1992
                                             1981
                                             1943
 MINIMUM TEMPERATURE (F)   47        31      1991


SUNRISE AND SUNSET
APRIL 29 2016.........SUNRISE   617 AM MDT   SUNSET   751 PM MDT
APRIL 30 2016.........SUNRISE   616 AM MDT   SUNSET   752 PM MDT


-  INDICATES NEGATIVE NUMBERS.
R  INDICATES RECORD WAS SET OR TIED.
MM INDICATES DATA IS MISSING.
T  INDICATES TRACE AMOUNT.




$$
