000
CDUS45 KABQ 231024
CLIABQ

CLIMATE REPORT
NATIONAL WEATHER SERVICE ALBUQUERQUE NM
229 AM MDT WED JUL 23 2014


...................................

...THE ALBUQUERQUE  NM CLIMATE SUMMARY FOR JULY 22 2014...

CLIMATE NORMAL PERIOD 1981 TO 2010
CLIMATE RECORD PERIOD 1897 TO 2014


WEATHER ITEM   OBSERVED TIME   RECORD YEAR NORMAL DEPARTURE LAST
                VALUE   (LST)  VALUE       VALUE  FROM      YEAR
                                                  NORMAL
..................................................................
TEMPERATURE (F)
 YESTERDAY
  MAXIMUM         96    221 PM 101    1981  90      6       94
                                      1963
  MINIMUM         72    758 PM  52    1918  67      5       69
  AVERAGE         84                        78      6       82

PRECIPITATION (IN)
  YESTERDAY        0.10          1.46 1930   0.06   0.04
  MONTH TO DATE    2.26                      1.00   1.26
  SINCE JUN 1      2.37                      1.66   0.71
  SINCE JAN 1      3.38                      4.20  -0.82

SNOWFALL (IN)
  YESTERDAY        0.0
  MONTH TO DATE    0.0
  SINCE JUN 1      0.0
  SINCE JUL 1      0.0
  SNOW DEPTH       0

DEGREE DAYS
 HEATING
  YESTERDAY        0                         0      0        0
  MONTH TO DATE    0                         0      0        0
  SINCE JUN 1      0                         4     -4        0
  SINCE JUL 1      0                         0      0        0

 COOLING
  YESTERDAY       19                        13      6       17
  MONTH TO DATE  306                       297      9      287
  SINCE JUN 1    692                       599     93      742
  SINCE JAN 1    804                       697    107      859
..................................................................


WIND (MPH)
  HIGHEST WIND SPEED    35   HIGHEST WIND DIRECTION     E (90)
  HIGHEST GUST SPEED    42   HIGHEST GUST DIRECTION     E (90)
  AVERAGE WIND SPEED     9.7


SKY COVER
  POSSIBLE SUNSHINE  MM
  AVERAGE SKY COVER 0.7


WEATHER CONDITIONS
 THE FOLLOWING WEATHER WAS RECORDED YESTERDAY.
  THUNDERSTORM
  HEAVY RAIN
  LIGHT RAIN
  HAZE


RELATIVE HUMIDITY (PERCENT)
 HIGHEST    50          1000 PM
 LOWEST     19           200 PM
 AVERAGE    35

..........................................................


THE ALBUQUERQUE  NM CLIMATE NORMALS FOR TODAY
                         NORMAL    RECORD    YEAR
 MAXIMUM TEMPERATURE (F)   89       100      1981
                                             1963
 MINIMUM TEMPERATURE (F)   67        57      1973
                                             1930
                                             1914


SUNRISE AND SUNSET
JULY 23 2014..........SUNRISE   609 AM MDT   SUNSET   816 PM MDT
JULY 24 2014..........SUNRISE   610 AM MDT   SUNSET   816 PM MDT


-  INDICATES NEGATIVE NUMBERS.
R  INDICATES RECORD WAS SET OR TIED.
MM INDICATES DATA IS MISSING.
T  INDICATES TRACE AMOUNT.

$$
