000
CDUS45 KABQ 250829
CLIABQ


CLIMATE REPORT
NATIONAL WEATHER SERVICE ALBUQUERQUE NM
225 AM MDT SUN SEP 25 2016


...................................

...THE ALBUQUERQUE  NM CLIMATE SUMMARY FOR SEPTEMBER 24 2016...

CLIMATE NORMAL PERIOD 1981 TO 2010
CLIMATE RECORD PERIOD 1891 TO 2016


WEATHER ITEM   OBSERVED TIME   RECORD YEAR NORMAL DEPARTURE LAST
                VALUE   (LST)  VALUE       VALUE  FROM      YEAR
                                                  NORMAL
..................................................................
TEMPERATURE (F)
 YESTERDAY
  MAXIMUM         72    310 PM  91    1979  78     -6       84
  MINIMUM         42    634 AM  39    1916  55    -13       60
                                      1910
                                      1907
  AVERAGE         57                        66     -9       72

PRECIPITATION (IN)
  YESTERDAY        0.00          1.92 1955   0.04  -0.04
  MONTH TO DATE    1.01                      0.86   0.15
  SINCE SEP 1      1.01                      0.86   0.15
  SINCE JAN 1      4.37                      7.14  -2.77

SNOWFALL (IN)
  YESTERDAY        0.0
  MONTH TO DATE    0.0
  SINCE SEP 1      0.0
  SINCE JUL 1      0.0
  SNOW DEPTH       0

DEGREE DAYS
 HEATING
  YESTERDAY        8                         2      6        0
  MONTH TO DATE    8                        12     -4        0
  SINCE SEP 1      8                        12     -4        0
  SINCE JUL 1      8                        12     -4        0

 COOLING
  YESTERDAY        0                         3     -3        7
  MONTH TO DATE  182                       144     38      218
  SINCE SEP 1    182                       144     38      218
  SINCE JAN 1   1494                      1301    193     1444
..................................................................


WIND (MPH)
  HIGHEST WIND SPEED    20   HIGHEST WIND DIRECTION     N (340)
  HIGHEST GUST SPEED    27   HIGHEST GUST DIRECTION    NW (330)
  AVERAGE WIND SPEED     7.8


SKY COVER
  POSSIBLE SUNSHINE  MM
  AVERAGE SKY COVER 0.1


WEATHER CONDITIONS
 THE FOLLOWING WEATHER WAS RECORDED YESTERDAY.
  NO SIGNIFICANT WEATHER WAS OBSERVED.


RELATIVE HUMIDITY (PERCENT)
 HIGHEST    89           600 AM
 LOWEST     20           100 PM
 AVERAGE    55

..........................................................


THE ALBUQUERQUE  NM CLIMATE NORMALS FOR TODAY
                         NORMAL    RECORD    YEAR
 MAXIMUM TEMPERATURE (F)   77        90      1998
                                             1911
 MINIMUM TEMPERATURE (F)   54        36      1916
                                             1913


SUNRISE AND SUNSET
SEPTEMBER 25 2016.....SUNRISE   657 AM MDT   SUNSET   658 PM MDT
SEPTEMBER 26 2016.....SUNRISE   658 AM MDT   SUNSET   657 PM MDT


-  INDICATES NEGATIVE NUMBERS.
R  INDICATES RECORD WAS SET OR TIED.
MM INDICATES DATA IS MISSING.
T  INDICATES TRACE AMOUNT.

$$
