000
CDUS45 KABQ 030829
CLIABQ


CLIMATE REPORT
NATIONAL WEATHER SERVICE ALBUQUERQUE NM
228 AM MDT FRI JUL 3 2015


...................................

...THE ALBUQUERQUE  NM CLIMATE SUMMARY FOR JULY 2 2015...

CLIMATE NORMAL PERIOD 1981 TO 2010
CLIMATE RECORD PERIOD 1891 TO 2015


WEATHER ITEM   OBSERVED TIME   RECORD YEAR NORMAL DEPARTURE LAST
                VALUE   (LST)  VALUE       VALUE  FROM      YEAR
                                                  NORMAL
..................................................................
TEMPERATURE (F)
 YESTERDAY
  MAXIMUM         95    144 PM 103    1957  91      4       88
  MINIMUM         70   1159 PM  44    1916  66      4       67
  AVERAGE         83                        78      5       78

PRECIPITATION (IN)
  YESTERDAY        0.05          0.60 1911   0.03   0.02
  MONTH TO DATE    0.05                      0.07  -0.02
  SINCE JUN 1      0.61                      0.73  -0.12
  SINCE JAN 1      4.25                      3.27   0.98

SNOWFALL (IN)
  YESTERDAY        0.0
  MONTH TO DATE    0.0
  SINCE JUN 1      0.0
  SINCE JUL 1      0.0
  SNOW DEPTH       0

DEGREE DAYS
 HEATING
  YESTERDAY        0                         0      0        0
  MONTH TO DATE    0                         0      0        0
  SINCE JUN 1      0                         4     -4        0
  SINCE JUL 1      0                         0      0        0

 COOLING
  YESTERDAY       18                        13      5       13
  MONTH TO DATE   36                        26     10       30
  SINCE JUN 1    423                       328     95      416
  SINCE JAN 1    456                       426     30      528
..................................................................


WIND (MPH)
  HIGHEST WIND SPEED    39   HIGHEST WIND DIRECTION     E (70)
  HIGHEST GUST SPEED    46   HIGHEST GUST DIRECTION     E (70)
  AVERAGE WIND SPEED    13.1


SKY COVER
  POSSIBLE SUNSHINE  MM
  AVERAGE SKY COVER 0.7


WEATHER CONDITIONS
 THE FOLLOWING WEATHER WAS RECORDED YESTERDAY.
  THUNDERSTORM
  LIGHT RAIN


RELATIVE HUMIDITY (PERCENT)
 HIGHEST    68           900 PM
 LOWEST     20           200 PM
 AVERAGE    44

..........................................................


THE ALBUQUERQUE  NM CLIMATE NORMALS FOR TODAY
                         NORMAL    RECORD    YEAR
 MAXIMUM TEMPERATURE (F)   91       104      1957
 MINIMUM TEMPERATURE (F)   66        45      1916


SUNRISE AND SUNSET
JULY  3 2015..........SUNRISE   557 AM MDT   SUNSET   824 PM MDT
JULY  4 2015..........SUNRISE   557 AM MDT   SUNSET   824 PM MDT


-  INDICATES NEGATIVE NUMBERS.
R  INDICATES RECORD WAS SET OR TIED.
MM INDICATES DATA IS MISSING.
T  INDICATES TRACE AMOUNT.




$$
