000
CDUS45 KABQ 200828
CLIABQ


CLIMATE REPORT
NATIONAL WEATHER SERVICE ALBUQUERQUE NM
228 AM MDT FRI OCT 20 2017


...................................

...THE ALBUQUERQUE  NM CLIMATE SUMMARY FOR OCTOBER 19 2017...

CLIMATE NORMAL PERIOD 1981 TO 2010
CLIMATE RECORD PERIOD 1891 TO 2017


WEATHER ITEM   OBSERVED TIME   RECORD YEAR NORMAL DEPARTURE LAST
                VALUE   (LST)  VALUE       VALUE  FROM      YEAR
                                                  NORMAL
..................................................................
TEMPERATURE (F)
 YESTERDAY
  MAXIMUM         76    301 PM  83    1950  68      8       72
                                      1921
  MINIMUM         51    708 AM  19    1917  45      6       51
  AVERAGE         64                        56      8       62

PRECIPITATION (IN)
  YESTERDAY        T             0.75 1957   0.03  -0.03
  MONTH TO DATE    0.04                      0.71  -0.67
  SINCE SEP 1      2.24                      1.79   0.45
  SINCE JAN 1      7.67                      8.07  -0.40

SNOWFALL (IN)
  YESTERDAY        0.0
  MONTH TO DATE    0.0
  SINCE SEP 1      0.0
  SINCE JUL 1      0.0
  SNOW DEPTH       0

DEGREE DAYS
 HEATING
  YESTERDAY        1                         9     -8        3
  MONTH TO DATE   72                       107    -35       46
  SINCE SEP 1     93                       133    -40       60
  SINCE JUL 1     93                       133    -40       60

 COOLING
  YESTERDAY        0                         0      0        0
  MONTH TO DATE   27                         7     20       17
  SINCE SEP 1    247                       162     85      212
  SINCE JAN 1   1557                      1319    238     1524
..................................................................


WIND (MPH)
  HIGHEST WIND SPEED    25   HIGHEST WIND DIRECTION     W (280)
  HIGHEST GUST SPEED    32   HIGHEST GUST DIRECTION     W (280)
  AVERAGE WIND SPEED     7.1


SKY COVER
  POSSIBLE SUNSHINE  MM
  AVERAGE SKY COVER 0.8


WEATHER CONDITIONS
 THE FOLLOWING WEATHER WAS RECORDED YESTERDAY.
  LIGHT RAIN
  HAZE


RELATIVE HUMIDITY (PERCENT)
 HIGHEST    83          1100 PM
 LOWEST     21           300 PM
 AVERAGE    52

..........................................................


THE ALBUQUERQUE  NM CLIMATE NORMALS FOR TODAY
                         NORMAL    RECORD    YEAR
 MAXIMUM TEMPERATURE (F)   68        84      2007
 MINIMUM TEMPERATURE (F)   45        24      1898


SUNRISE AND SUNSET
OCTOBER 20 2017.......SUNRISE   717 AM MDT   SUNSET   625 PM MDT
OCTOBER 21 2017.......SUNRISE   718 AM MDT   SUNSET   624 PM MDT


-  INDICATES NEGATIVE NUMBERS.
R  INDICATES RECORD WAS SET OR TIED.
MM INDICATES DATA IS MISSING.
T  INDICATES TRACE AMOUNT.




$$
