000
CDUS43 KABR 242235
CLIABR


CLIMATE REPORT
NATIONAL WEATHER SERVICE ABERDEEN SD
533 PM CDT FRI OCT 24 2014


...................................

...THE ABERDEEN SD CLIMATE SUMMARY FOR OCTOBER 24 2014...
VALID TODAY AS OF 0500 PM LOCAL TIME.

CLIMATE NORMAL PERIOD 1981 TO 2010
CLIMATE RECORD PERIOD 1893 TO 2014


WEATHER ITEM   OBSERVED TIME   RECORD YEAR NORMAL DEPARTURE LAST
                VALUE   (LST)  VALUE       VALUE  FROM      YEAR
                                                  NORMAL
..................................................................
TEMPERATURE (F)
 TODAY
  MAXIMUM         80    201 PM  83    1989  54     26       46
  MINIMUM         33    357 AM   6    1917  30      3       20
  AVERAGE         57                        42     15       33

PRECIPITATION (IN)
  TODAY            0.00          1.25 1900   0.05  -0.05     0.00
  MONTH TO DATE    0.25                      1.66  -1.41     4.35
  SINCE SEP 1      1.25                      3.85  -2.60     6.79
  SINCE JAN 1     16.88                     20.14  -3.26    20.55

SNOWFALL (IN)
  TODAY            0.0
  MONTH TO DATE    0.0
  SINCE OCT 1      0.0
  SINCE JUL 1      0.0
  SNOW DEPTH       0

DEGREE DAYS
 HEATING
  TODAY            8                        23    -15       32
  MONTH TO DATE  344                       439    -95      485
  SINCE SEP 1    537                       662   -125      600
  SINCE JUL 1    599                       713   -114      651

 COOLING
  TODAY            0                         0      0        0
  MONTH TO DATE    0                         0      0        0
  SINCE SEP 1     38                        40     -2       91
  SINCE JAN 1    342                       523   -181      580
..................................................................


WIND (MPH)
  HIGHEST WIND SPEED    18   HIGHEST WIND DIRECTION    NW (300)
  HIGHEST GUST SPEED    23   HIGHEST GUST DIRECTION     W (290)
  AVERAGE WIND SPEED     5.4


SKY COVER
  POSSIBLE SUNSHINE  MM
  AVERAGE SKY COVER 0.0


WEATHER CONDITIONS
 THE FOLLOWING WEATHER WAS RECORDED TODAY.
  FOG


RELATIVE HUMIDITY (PERCENT)
 HIGHEST   100           500 AM
 LOWEST     22           400 PM
 AVERAGE    61

..........................................................


THE ABERDEEN SD CLIMATE NORMALS FOR TOMORROW
                         NORMAL    RECORD    YEAR
 MAXIMUM TEMPERATURE (F)   53        81      1989
 MINIMUM TEMPERATURE (F)   29        10      1942


SUNRISE AND SUNSET
OCTOBER 24 2014.......SUNRISE   802 AM CDT   SUNSET   633 PM CDT
OCTOBER 25 2014.......SUNRISE   803 AM CDT   SUNSET   631 PM CDT


-  INDICATES NEGATIVE NUMBERS.
R  INDICATES RECORD WAS SET OR TIED.
MM INDICATES DATA IS MISSING.
T  INDICATES TRACE AMOUNT.

&&

PEAK WIND WAS 23 MPH FROM THE WEST AT 308 PM CDT

$$
