000
CDUS43 KABR 011027
CLIABR


CLIMATE REPORT
NATIONAL WEATHER SERVICE ABERDEEN SD
527 AM CDT FRI AUG 1 2014


...................................

...THE ABERDEEN SD CLIMATE SUMMARY FOR JULY 31 2014...

CLIMATE NORMAL PERIOD 1981 TO 2010
CLIMATE RECORD PERIOD 1893 TO 2014


WEATHER ITEM   OBSERVED TIME   RECORD YEAR NORMAL DEPARTURE LAST
                VALUE   (LST)  VALUE       VALUE  FROM      YEAR
                                                  NORMAL
..................................................................
TEMPERATURE (F)
 YESTERDAY
  MAXIMUM         82    404 PM 106    1987  84     -2       81
  MINIMUM         52    542 AM  42    1903  59     -7       53
  AVERAGE         67                        72     -5       67

PRECIPITATION (IN)
  YESTERDAY        0.00          0.97 1917   0.08  -0.08     0.07
  MONTH TO DATE    0.70                      3.02  -2.32     2.70
  SINCE JUN 1      4.01                      6.72  -2.71     4.90
  SINCE JAN 1      9.44                     13.86  -4.42    13.42

DEGREE DAYS
 HEATING
  YESTERDAY        0                         0      0        0
  MONTH TO DATE   37                         8     29       32
  SINCE JUN 1    120                        90     30      113
  SINCE JUL 1     37                        14     23       32

 COOLING
  YESTERDAY        2                         7     -5        2
  MONTH TO DATE  114                       208    -94      194
  SINCE JUN 1    160                       300   -140      290
  SINCE JAN 1    202                       323   -121      311
..................................................................


WIND (MPH)
  HIGHEST WIND SPEED    12   HIGHEST WIND DIRECTION    NE (50)
  HIGHEST GUST SPEED    15   HIGHEST GUST DIRECTION    NE (30)
  AVERAGE WIND SPEED     3.5


SKY COVER
  POSSIBLE SUNSHINE  MM
  AVERAGE SKY COVER 0.2


WEATHER CONDITIONS
 THE FOLLOWING WEATHER WAS RECORDED YESTERDAY.
  NO SIGNIFICANT WEATHER WAS OBSERVED.


RELATIVE HUMIDITY (PERCENT)
 HIGHEST    93           400 AM
 LOWEST     36           400 PM
 AVERAGE    65

..........................................................


THE ABERDEEN SD CLIMATE NORMALS FOR TODAY
                         NORMAL    RECORD    YEAR
 MAXIMUM TEMPERATURE (F)   84       111      1900
 MINIMUM TEMPERATURE (F)   59        44      1948


SUNRISE AND SUNSET
AUGUST  1 2014........SUNRISE   618 AM CDT   SUNSET   902 PM CDT
AUGUST  2 2014........SUNRISE   619 AM CDT   SUNSET   900 PM CDT


-  INDICATES NEGATIVE NUMBERS.
R  INDICATES RECORD WAS SET OR TIED.
MM INDICATES DATA IS MISSING.
T  INDICATES TRACE AMOUNT.




$$
