000
CDUS43 KABR 221019
CLIABR


CLIMATE REPORT
NATIONAL WEATHER SERVICE ABERDEEN SD
419 AM CST MON DEC 22 2014


...................................

...THE ABERDEEN SD CLIMATE SUMMARY FOR DECEMBER 21 2014...

CLIMATE NORMAL PERIOD 1981 TO 2010
CLIMATE RECORD PERIOD 1893 TO 2014


WEATHER ITEM   OBSERVED TIME   RECORD YEAR NORMAL DEPARTURE LAST
                VALUE   (LST)  VALUE       VALUE  FROM      YEAR
                                                  NORMAL
..................................................................
TEMPERATURE (F)
 YESTERDAY
  MAXIMUM         36   1159 PM  50    1979  24     12        1
                                      1957
                                      1893
  MINIMUM         30    645 AM -31    1916   4     26      -16
  AVERAGE         33                        14     19       -7

PRECIPITATION (IN)
  YESTERDAY        0.00          0.30 1918   0.01  -0.01      T
                                      1911
  MONTH TO DATE    T                         0.34  -0.34     0.52
  SINCE DEC 1      T                         0.34  -0.34     0.52
  SINCE JAN 1     17.53                     21.54  -4.01    21.54

SNOWFALL (IN)
  YESTERDAY        0.0
  MONTH TO DATE    T
  SINCE OCT 1      8.1
  SINCE JUL 1      8.1
  SNOW DEPTH       0

DEGREE DAYS
 HEATING
  YESTERDAY       32                        51    -19       72
  MONTH TO DATE  838                      1010   -172     1211
  SINCE DEC 1    838                      1010   -172     1211
  SINCE JUL 1   2884                      2973    -89     3202

 COOLING
  YESTERDAY        0                         0      0        0
  MONTH TO DATE    0                         0      0        0
  SINCE DEC 1      0                         0      0        0
  SINCE JAN 1    342                       525   -183      580
..................................................................


WIND (MPH)
  HIGHEST WIND SPEED    18   HIGHEST WIND DIRECTION     S (170)
  HIGHEST GUST SPEED    22   HIGHEST GUST DIRECTION     S (170)
  AVERAGE WIND SPEED    11.8


SKY COVER
  POSSIBLE SUNSHINE  MM
  AVERAGE SKY COVER 1.0


WEATHER CONDITIONS
 THE FOLLOWING WEATHER WAS RECORDED YESTERDAY.
  FOG


RELATIVE HUMIDITY (PERCENT)
 HIGHEST   100           900 AM
 LOWEST     89           100 PM
 AVERAGE    95

..........................................................


THE ABERDEEN SD CLIMATE NORMALS FOR TODAY
                         NORMAL    RECORD    YEAR
 MAXIMUM TEMPERATURE (F)   24        59      1893
 MINIMUM TEMPERATURE (F)    4       -28      1990


SUNRISE AND SUNSET
DECEMBER 22 2014......SUNRISE   811 AM CST   SUNSET   454 PM CST
DECEMBER 23 2014......SUNRISE   811 AM CST   SUNSET   454 PM CST


-  INDICATES NEGATIVE NUMBERS.
R  INDICATES RECORD WAS SET OR TIED.
MM INDICATES DATA IS MISSING.
T  INDICATES TRACE AMOUNT.




$$
