000
CDUS43 KABR 212234
CLIABR


CLIMATE REPORT
NATIONAL WEATHER SERVICE ABERDEEN SD
532 PM CDT MON AUG 21 2017


...................................

...THE ABERDEEN SD CLIMATE SUMMARY FOR AUGUST 21 2017...
VALID TODAY AS OF 0500 PM LOCAL TIME.

CLIMATE NORMAL PERIOD 1981 TO 2010
CLIMATE RECORD PERIOD 1893 TO 2017


WEATHER ITEM   OBSERVED TIME   RECORD YEAR NORMAL DEPARTURE LAST
                VALUE   (LST)  VALUE       VALUE  FROM      YEAR
                                                  NORMAL
..................................................................
TEMPERATURE (F)
 TODAY
  MAXIMUM         80    359 PM 105    1947  81     -1       81
  MINIMUM         50    214 AM  37    2004  55     -5       43
  AVERAGE         65                        68     -3       62

PRECIPITATION (IN)
  TODAY            0.21          1.80 1916   0.08   0.13     0.00
  MONTH TO DATE    1.63                      1.64  -0.01     1.99
  SINCE JUN 1      7.62                      8.36  -0.74     7.09
  SINCE JAN 1     11.00                     15.50  -4.50    14.03

DEGREE DAYS
 COOLING
  TODAY            0                         5     -5        0
  MONTH TO DATE   28                       124    -96      149
  SINCE JUN 1    445                       424     21      571
  SINCE JAN 1    457                       447     10      604
..................................................................


WIND (MPH)
  HIGHEST WIND SPEED    30   HIGHEST WIND DIRECTION    SE (150)
  HIGHEST GUST SPEED    34   HIGHEST GUST DIRECTION     S (160)
  AVERAGE WIND SPEED     7.3


SKY COVER
  POSSIBLE SUNSHINE  MM
  AVERAGE SKY COVER 0.3


WEATHER CONDITIONS
 THE FOLLOWING WEATHER WAS RECORDED TODAY.
  HEAVY RAIN
  LIGHT RAIN
  FOG


RELATIVE HUMIDITY (PERCENT)
 HIGHEST   100          1200 AM
 LOWEST     54           400 PM
 AVERAGE    77

..........................................................


THE ABERDEEN SD CLIMATE NORMALS FOR TOMORROW
                         NORMAL    RECORD    YEAR
 MAXIMUM TEMPERATURE (F)   81       105      1971
 MINIMUM TEMPERATURE (F)   55        36      1904


SUNRISE AND SUNSET
AUGUST 21 2017........SUNRISE   642 AM CDT   SUNSET   831 PM CDT
AUGUST 22 2017........SUNRISE   643 AM CDT   SUNSET   829 PM CDT


-  INDICATES NEGATIVE NUMBERS.
R  INDICATES RECORD WAS SET OR TIED.
MM INDICATES DATA IS MISSING.
T  INDICATES TRACE AMOUNT.


$$

PEAK WIND SPEED WAS 34 MPH FROM THE SOUTH AT 857 AM CDT.

$$
