000
CDUS43 KABR 291031
CLIABR


CLIMATE REPORT
NATIONAL WEATHER SERVICE ABERDEEN SD
531 AM CDT SAT APR 29 2017


...................................

...THE ABERDEEN SD CLIMATE SUMMARY FOR APRIL 28 2017...

CLIMATE NORMAL PERIOD 1981 TO 2010
CLIMATE RECORD PERIOD 1893 TO 2017


WEATHER ITEM   OBSERVED TIME   RECORD YEAR NORMAL DEPARTURE LAST
                VALUE   (LST)  VALUE       VALUE  FROM      YEAR
                                                  NORMAL
..................................................................
TEMPERATURE (F)
 YESTERDAY
  MAXIMUM         54    448 PM  90    1934  63     -9       53
  MINIMUM         26    535 AM  19    2008  37    -11       34
  AVERAGE         40                        50    -10       44

PRECIPITATION (IN)
  YESTERDAY        0.00          1.84 1989   0.09  -0.09     0.01
  MONTH TO DATE    1.38                      1.68  -0.30     3.66
  SINCE MAR 1      2.05                      2.84  -0.79     4.12
  SINCE JAN 1      2.73                      3.86  -1.13     4.81

SNOWFALL (IN)
  YESTERDAY        0.0           4.5  1994   0.0    0.0       T
  MONTH TO DATE    1.8                       3.0   -1.2       T
  SINCE OCT 1     39.9                      38.0    1.9     26.5
  SINCE JUL 1     39.9                      38.0    1.9     26.5
  SNOW DEPTH       0

DEGREE DAYS
 HEATING
  YESTERDAY       25                        15     10       21
  MONTH TO DATE  537                       592    -55      533
  SINCE MAR 1   1583                      1680    -97     1287
  SINCE JUL 1   7198                      8143   -945     6524

 COOLING
  YESTERDAY        0                         0      0        0
  MONTH TO DATE    0                         0      0        1
  SINCE MAR 1      0                         0      0        1
  SINCE JAN 1      0                         0      0        1
..................................................................


WIND (MPH)
  HIGHEST WIND SPEED    25   HIGHEST WIND DIRECTION    NE (30)
  HIGHEST GUST SPEED    30   HIGHEST GUST DIRECTION    NE (30)
  AVERAGE WIND SPEED     9.9


SKY COVER
  POSSIBLE SUNSHINE  MM
  AVERAGE SKY COVER 0.0


WEATHER CONDITIONS
 THE FOLLOWING WEATHER WAS RECORDED YESTERDAY.
  NO SIGNIFICANT WEATHER WAS OBSERVED.


RELATIVE HUMIDITY (PERCENT)
 HIGHEST    92          1200 AM
 LOWEST     20           600 PM
 AVERAGE    56

..........................................................


THE ABERDEEN SD CLIMATE NORMALS FOR TODAY
                         NORMAL    RECORD    YEAR
 MAXIMUM TEMPERATURE (F)   64        92      1934
 MINIMUM TEMPERATURE (F)   38        16      1966


SUNRISE AND SUNSET
APRIL 29 2017.........SUNRISE   625 AM CDT   SUNSET   838 PM CDT
APRIL 30 2017.........SUNRISE   623 AM CDT   SUNSET   840 PM CDT


-  INDICATES NEGATIVE NUMBERS.
R  INDICATES RECORD WAS SET OR TIED.
MM INDICATES DATA IS MISSING.
T  INDICATES TRACE AMOUNT.




$$
