000
CDUS43 KABR 220915
CLIABR


CLIMATE REPORT
NATIONAL WEATHER SERVICE ABERDEEN SD
415 AM CDT FRI AUG 22 2014


...................................

...THE ABERDEEN SD CLIMATE SUMMARY FOR AUGUST 21 2014...

CLIMATE NORMAL PERIOD 1981 TO 2010
CLIMATE RECORD PERIOD 1893 TO 2014


WEATHER ITEM   OBSERVED TIME   RECORD YEAR NORMAL DEPARTURE LAST
                VALUE   (LST)  VALUE       VALUE  FROM      YEAR
                                                  NORMAL
..................................................................
TEMPERATURE (F)
 YESTERDAY
  MAXIMUM         85    309 PM 105    1947  81      4       83
  MINIMUM         63   1042 PM  37    2004  55      8       60
  AVERAGE         74                        68      6       72

PRECIPITATION (IN)
  YESTERDAY        0.71          1.80 1916   0.08   0.63     0.00
  MONTH TO DATE    2.07                      1.64   0.43     0.05
  SINCE JUN 1      6.08                      8.36  -2.28     4.95
  SINCE JAN 1     11.51                     15.50  -3.99    13.47

DEGREE DAYS
 HEATING
  YESTERDAY        0                         1     -1        0
  MONTH TO DATE    3                        17    -14       19
  SINCE JUN 1    123                       107     16      132
  SINCE JUL 1     40                        31      9       51

 COOLING
  YESTERDAY        9                         5      4        7
  MONTH TO DATE   88                       124    -36       52
  SINCE JUN 1    248                       424   -176      342
  SINCE JAN 1    290                       447   -157      363
..................................................................


WIND (MPH)
  HIGHEST WIND SPEED    16   HIGHEST WIND DIRECTION     N (340)
  HIGHEST GUST SPEED    20   HIGHEST GUST DIRECTION     N (340)
  AVERAGE WIND SPEED     7.8


SKY COVER
  POSSIBLE SUNSHINE  MM
  AVERAGE SKY COVER 0.3


WEATHER CONDITIONS
 THE FOLLOWING WEATHER WAS RECORDED YESTERDAY.
  THUNDERSTORM
  HEAVY RAIN
  RAIN
  LIGHT RAIN
  FOG


RELATIVE HUMIDITY (PERCENT)
 HIGHEST   100           300 AM
 LOWEST     58           400 PM
 AVERAGE    79

..........................................................


THE ABERDEEN SD CLIMATE NORMALS FOR TODAY
                         NORMAL    RECORD    YEAR
 MAXIMUM TEMPERATURE (F)   81       105      1971
 MINIMUM TEMPERATURE (F)   55        36      1904


SUNRISE AND SUNSET
AUGUST 22 2014........SUNRISE   643 AM CDT   SUNSET   829 PM CDT
AUGUST 23 2014........SUNRISE   644 AM CDT   SUNSET   828 PM CDT


-  INDICATES NEGATIVE NUMBERS.
R  INDICATES RECORD WAS SET OR TIED.
MM INDICATES DATA IS MISSING.
T  INDICATES TRACE AMOUNT.




$$
