000
CDUS43 KABR 211036
CLIABR


CLIMATE REPORT
NATIONAL WEATHER SERVICE ABERDEEN SD
535 AM CDT SAT OCT 21 2017


...................................

...THE ABERDEEN SD CLIMATE SUMMARY FOR OCTOBER 20 2017...

CLIMATE NORMAL PERIOD 1981 TO 2010
CLIMATE RECORD PERIOD 1893 TO 2017


WEATHER ITEM   OBSERVED TIME   RECORD YEAR NORMAL DEPARTURE LAST
                VALUE   (LST)  VALUE       VALUE  FROM      YEAR
                                                  NORMAL
..................................................................
TEMPERATURE (F)
 YESTERDAY
  MAXIMUM         79    204 PM  87    1947  56     23       50
  MINIMUM         55    708 AM  12    1930  31     24       30
  AVERAGE         67                        43     24       40

PRECIPITATION (IN)
  YESTERDAY        0.00          0.50 1908   0.06  -0.06     0.00
  MONTH TO DATE    0.68                      1.43  -0.75     0.67
  SINCE SEP 1      2.57                      3.62  -1.05     1.90
  SINCE JAN 1     14.63                     19.91  -5.28    15.96

SNOWFALL (IN)
  YESTERDAY        0.0           3.0  1898   0.0    0.0      0.0
  MONTH TO DATE    0.0                       0.2   -0.2      0.0
  SINCE OCT 1      0.0                       0.2   -0.2      0.0
  SINCE JUL 1      0.0                       0.2   -0.2      0.0
  SNOW DEPTH       0

DEGREE DAYS
 HEATING
  YESTERDAY        0                        22    -22       25
  MONTH TO DATE  285                       348    -63      291
  SINCE SEP 1    439                       571   -132      418
  SINCE JUL 1    458                       622   -164      449

 COOLING
  YESTERDAY        2                         0      2        0
  MONTH TO DATE    4                         0      4        7
  SINCE SEP 1     67                        40     27       61
  SINCE JAN 1    552                       523     29      722
..................................................................


WIND (MPH)
  HIGHEST WIND SPEED    33   HIGHEST WIND DIRECTION     S (170)
  HIGHEST GUST SPEED    44   HIGHEST GUST DIRECTION     S (180)
  AVERAGE WIND SPEED    19.5


SKY COVER
  POSSIBLE SUNSHINE  MM
  AVERAGE SKY COVER 0.0


WEATHER CONDITIONS
 THE FOLLOWING WEATHER WAS RECORDED YESTERDAY.
  NO SIGNIFICANT WEATHER WAS OBSERVED.


RELATIVE HUMIDITY (PERCENT)
 HIGHEST    77           100 AM
 LOWEST     46           200 PM
 AVERAGE    62

..........................................................


THE ABERDEEN SD CLIMATE NORMALS FOR TODAY
                         NORMAL    RECORD    YEAR
 MAXIMUM TEMPERATURE (F)   55        86      1947
 MINIMUM TEMPERATURE (F)   31         9      1987


SUNRISE AND SUNSET
OCTOBER 21 2017.......SUNRISE   758 AM CDT   SUNSET   638 PM CDT
OCTOBER 22 2017.......SUNRISE   800 AM CDT   SUNSET   636 PM CDT


-  INDICATES NEGATIVE NUMBERS.
R  INDICATES RECORD WAS SET OR TIED.
MM INDICATES DATA IS MISSING.
T  INDICATES TRACE AMOUNT.




$$
