000
CDUS43 KABR 272235
CLIABR


CLIMATE REPORT
NATIONAL WEATHER SERVICE ABERDEEN SD
534 PM CDT WED JUL 27 2016


...................................

...THE ABERDEEN SD CLIMATE SUMMARY FOR JULY 27 2016...
VALID TODAY AS OF 0500 PM LOCAL TIME.

CLIMATE NORMAL PERIOD 1981 TO 2010
CLIMATE RECORD PERIOD 1893 TO 2016


WEATHER ITEM   OBSERVED TIME   RECORD YEAR NORMAL DEPARTURE LAST
                VALUE   (LST)  VALUE       VALUE  FROM      YEAR
                                                  NORMAL
..................................................................
TEMPERATURE (F)
 TODAY
  MAXIMUM         81    358 PM 110    1931  84     -3       92
  MINIMUM         66    606 AM  41    2013  59      7       68
  AVERAGE         74                        72      2       80

PRECIPITATION (IN)
  TODAY            0.00          2.14 1914   0.08  -0.08     0.02
  MONTH TO DATE    3.69                      2.68   1.01     3.50
  SINCE JUN 1      5.10                      6.38  -1.28     5.60
  SINCE JAN 1     12.04                     13.52  -1.48    13.82

DEGREE DAYS
 COOLING
  TODAY            9                         7      2       15
  MONTH TO DATE  199                       180     19      225
  SINCE JUN 1    391                       272    119      364
  SINCE JAN 1    424                       295    129      378
..................................................................


WIND (MPH)
  HIGHEST WIND SPEED    21   HIGHEST WIND DIRECTION    NE (60)
  HIGHEST GUST SPEED    26   HIGHEST GUST DIRECTION    NE (50)
  AVERAGE WIND SPEED    11.2


SKY COVER
  POSSIBLE SUNSHINE  MM
  AVERAGE SKY COVER 0.5


WEATHER CONDITIONS
 THE FOLLOWING WEATHER WAS RECORDED TODAY.
  NO SIGNIFICANT WEATHER WAS OBSERVED.


RELATIVE HUMIDITY (PERCENT)
 HIGHEST    93           500 AM
 LOWEST     49           400 PM
 AVERAGE    71

..........................................................


THE ABERDEEN SD CLIMATE NORMALS FOR TOMORROW
                         NORMAL    RECORD    YEAR
 MAXIMUM TEMPERATURE (F)   84       109      1975
 MINIMUM TEMPERATURE (F)   59        40      2013


SUNRISE AND SUNSET
JULY 27 2016..........SUNRISE   613 AM CDT   SUNSET   907 PM CDT
JULY 28 2016..........SUNRISE   614 AM CDT   SUNSET   906 PM CDT


-  INDICATES NEGATIVE NUMBERS.
R  INDICATES RECORD WAS SET OR TIED.
MM INDICATES DATA IS MISSING.
T  INDICATES TRACE AMOUNT.

&&

PEAK WIND WAS 26 MPH FROM THE NORTHEAST AT 206 AM CDT.




$$
