000
CDUS42 KTAE 282233
CLIABY


CLIMATE REPORT
NATIONAL WEATHER SERVICE TALLAHASSEE FL
533 PM EST SAT FEB 28 2015


...................................

...THE ALBANY CLIMATE SUMMARY FOR FEBRUARY 28 2015...
VALID TODAY AS OF 0500 PM LOCAL TIME.

CLIMATE NORMAL PERIOD 1981 TO 2010
CLIMATE RECORD PERIOD 1930 TO 2015


WEATHER ITEM   OBSERVED TIME   RECORD YEAR NORMAL DEPARTURE LAST
                VALUE   (LST)  VALUE       VALUE  FROM      YEAR
                                                  NORMAL
..................................................................
TEMPERATURE (F)
 TODAY
  MAXIMUM         51   1225 PM  84    2011  68    -17       64
                                      1948
  MINIMUM         40   1236 AM  18    2002  43     -3       26
  AVERAGE         46                        55     -9       45

PRECIPITATION (IN)
  TODAY            0.03                      0.17  -0.14     0.00
  MONTH TO DATE    4.00                      4.16  -0.16     3.59
  SINCE DEC 1     15.03                     12.73   2.30     8.34
  SINCE JAN 1      7.30                      8.98  -1.68     5.24

..................................................................







THE ALBANY CLIMATE NORMALS FOR TOMORROW
                         NORMAL    RECORD    YEAR
 MAXIMUM TEMPERATURE (F)   68        83      1951
 MINIMUM TEMPERATURE (F)   43        23      1984



-  INDICATES NEGATIVE NUMBERS.
R  INDICATES RECORD WAS SET OR TIED.
MM INDICATES DATA IS MISSING.
T  INDICATES TRACE AMOUNT.




$$
