000
CDUS42 KTAE 290633
CLIABY


CLIMATE REPORT
NATIONAL WEATHER SERVICE TALLAHASSEE FL
232 AM EDT THU JUN 29 2017


...................................

...THE ALBANY CLIMATE SUMMARY FOR JUNE 28 2017...

CLIMATE NORMAL PERIOD 1981 TO 2010
CLIMATE RECORD PERIOD 1930 TO 2017


WEATHER ITEM   OBSERVED TIME   RECORD YEAR NORMAL DEPARTURE LAST
                VALUE   (LST)  VALUE       VALUE  FROM      YEAR
                                                  NORMAL
..................................................................
TEMPERATURE (F)
 YESTERDAY
  MAXIMUM         90    400 PM 105    1952  92     -2       95
  MINIMUM         70    423 AM  56    1968  72     -2       73
  AVERAGE         80                        82     -2       84

PRECIPITATION (IN)
  YESTERDAY        0.00                      0.16  -0.16     0.28
  MONTH TO DATE    3.53                      4.63  -1.10     4.22
  SINCE JUN 1      3.53                      4.63  -1.10     4.22
  SINCE JAN 1     22.53                     24.99  -2.46    26.95

SNOWFALL (IN)
  YESTERDAY        0.0

DEGREE DAYS
 HEATING
  YESTERDAY        0                         0      0        0
  MONTH TO DATE    0                         0      0        0
  SINCE JUN 1      0                         0      0        0
  SINCE JUL 1   1002                      1838   -836     1290

 COOLING
  YESTERDAY       15                        17     -2       19
  MONTH TO DATE  408                       431    -23      482
  SINCE JUN 1    408                       431    -23      482
  SINCE JAN 1   1038                       871    167      974
..................................................................


WIND (MPH)
  HIGHEST WIND SPEED    16   HIGHEST WIND DIRECTION     E (70)
  HIGHEST GUST SPEED    26   HIGHEST GUST DIRECTION     E (90)
  AVERAGE WIND SPEED     6.5




RELATIVE HUMIDITY (PERCENT)
 HIGHEST   100
 LOWEST     52
 AVERAGE    76

..........................................................


THE ALBANY CLIMATE NORMALS FOR TODAY
                         NORMAL    RECORD    YEAR
 MAXIMUM TEMPERATURE (F)   92       104      1936
 MINIMUM TEMPERATURE (F)   72        58      1968


SUNRISE AND SUNSET
JUNE 29 2017..........SUNRISE   635 AM EDT   SUNSET   846 PM EDT
JUNE 30 2017..........SUNRISE   635 AM EDT   SUNSET   846 PM EDT


-  INDICATES NEGATIVE NUMBERS.
R  INDICATES RECORD WAS SET OR TIED.
MM INDICATES DATA IS MISSING.
T  INDICATES TRACE AMOUNT.




$$
