000
CDUS42 KTAE 200633
CLIABY


CLIMATE REPORT
NATIONAL WEATHER SERVICE TALLAHASSEE FL
132 AM EST SAT JAN 20 2018


...................................

...THE ALBANY CLIMATE SUMMARY FOR JANUARY 19 2018...

CLIMATE NORMAL PERIOD 1981 TO 2010
CLIMATE RECORD PERIOD 1930 TO 2018


WEATHER ITEM   OBSERVED TIME   RECORD YEAR NORMAL DEPARTURE LAST
                VALUE   (LST)  VALUE       VALUE  FROM      YEAR
                                                  NORMAL
..................................................................
TEMPERATURE (F)
 YESTERDAY
  MAXIMUM         60    354 PM  79    2017  61     -1       79
                                      2002
  MINIMUM         22    741 AM   9    1977  38    -16       50
  AVERAGE         41                        49     -8       65

PRECIPITATION (IN)
  YESTERDAY        0.00                      0.16  -0.16      T
  MONTH TO DATE    0.54                      2.55  -2.01     3.30
  SINCE DEC 1      3.66                      6.30  -2.64    13.98
  SINCE JAN 1      0.54                      2.55  -2.01     3.30

SNOWFALL (IN)
  YESTERDAY        0.0
  MONTH TO DATE    0.1
  SINCE DEC 1      0.1
  SINCE JUL 1      0.1

DEGREE DAYS
 HEATING
  YESTERDAY       24                        16      8        0
  MONTH TO DATE  417                       304    113      159
  SINCE DEC 1    778                       747     31      412
  SINCE JUL 1    993                      1017    -24      553

 COOLING
  YESTERDAY        0                         0      0        0
  MONTH TO DATE    5                         0      5       11
  SINCE DEC 1     18                         9      9       34
  SINCE JAN 1      5                         0      5       11
..................................................................


WIND (MPH)
  HIGHEST WIND SPEED     8   HIGHEST WIND DIRECTION     W (250)
  HIGHEST GUST SPEED    14   HIGHEST GUST DIRECTION     E (70)
  AVERAGE WIND SPEED     1.2




RELATIVE HUMIDITY (PERCENT)
 HIGHEST    92
 LOWEST     11
 AVERAGE    52

..........................................................


THE ALBANY CLIMATE NORMALS FOR TODAY
                         NORMAL    RECORD    YEAR
 MAXIMUM TEMPERATURE (F)   61        80      1990
 MINIMUM TEMPERATURE (F)   38        10      1977


SUNRISE AND SUNSET
JANUARY 20 2018.......SUNRISE   735 AM EST   SUNSET   601 PM EST
JANUARY 21 2018.......SUNRISE   735 AM EST   SUNSET   602 PM EST


-  INDICATES NEGATIVE NUMBERS.
R  INDICATES RECORD WAS SET OR TIED.
MM INDICATES DATA IS MISSING.
T  INDICATES TRACE AMOUNT.




$$
