000
CDUS42 KTAE 280631
CLIABY


CLIMATE REPORT
NATIONAL WEATHER SERVICE TALLAHASSEE FL
230 AM EDT FRI APR 28 2017


...................................

...THE ALBANY CLIMATE SUMMARY FOR APRIL 27 2017...

CLIMATE NORMAL PERIOD 1981 TO 2010
CLIMATE RECORD PERIOD 1930 TO 2017


WEATHER ITEM   OBSERVED TIME   RECORD YEAR NORMAL DEPARTURE LAST
                VALUE   (LST)  VALUE       VALUE  FROM      YEAR
                                                  NORMAL
..................................................................
TEMPERATURE (F)
 YESTERDAY
  MAXIMUM         89    200 PM  93    2011  82      7       86
  MINIMUM         64    121 AM  40    1983  56      8       63
  AVERAGE         77                        69      8       75

PRECIPITATION (IN)
  YESTERDAY        T                         0.09  -0.09     0.58
  MONTH TO DATE    2.13                      3.42  -1.29     6.87
  SINCE MAR 1      3.35                      8.47  -5.12    11.64
  SINCE JAN 1     15.17                     17.45  -2.28    21.95

SNOWFALL (IN)
  YESTERDAY        0.0

DEGREE DAYS
 HEATING
  YESTERDAY        0                         1     -1        0
  MONTH TO DATE   26                        64    -38       36
  SINCE MAR 1    189                       273    -84      151
  SINCE JUL 1    992                      1833   -841     1286

 COOLING
  YESTERDAY       12                         5      7       10
  MONTH TO DATE  158                        86     72       64
  SINCE MAR 1    235                       115    120      146
  SINCE JAN 1    273                       124    149      149
..................................................................


WIND (MPH)
  HIGHEST WIND SPEED    25   HIGHEST WIND DIRECTION     S (200)
  HIGHEST GUST SPEED    33   HIGHEST GUST DIRECTION     S (190)
  AVERAGE WIND SPEED    10.2




RELATIVE HUMIDITY (PERCENT)
 HIGHEST    90
 LOWEST     46
 AVERAGE    68

..........................................................


THE ALBANY CLIMATE NORMALS FOR TODAY
                         NORMAL    RECORD    YEAR
 MAXIMUM TEMPERATURE (F)   83        94      1986
 MINIMUM TEMPERATURE (F)   56        40      1978


SUNRISE AND SUNSET
APRIL 28 2017.........SUNRISE   654 AM EDT   SUNSET   815 PM EDT
APRIL 29 2017.........SUNRISE   653 AM EDT   SUNSET   815 PM EDT


-  INDICATES NEGATIVE NUMBERS.
R  INDICATES RECORD WAS SET OR TIED.
MM INDICATES DATA IS MISSING.
T  INDICATES TRACE AMOUNT.




$$
