000
CDUS42 KTAE 010634
CLIABY


CLIMATE REPORT
NATIONAL WEATHER SERVICE TALLAHASSEE FL
233 AM EDT WED JUL 1 2015


...................................

...THE ALBANY CLIMATE SUMMARY FOR JUNE 30 2015...

CLIMATE NORMAL PERIOD 1981 TO 2010
CLIMATE RECORD PERIOD 1930 TO 2015


WEATHER ITEM   OBSERVED TIME   RECORD YEAR NORMAL DEPARTURE LAST
                VALUE   (LST)  VALUE       VALUE  FROM      YEAR
                                                  NORMAL
..................................................................
TEMPERATURE (F)
 YESTERDAY
  MAXIMUM         89   1119 AM 106    1931  92     -3       93
  MINIMUM         70   1159 PM  58    1970  72     -2       73
  AVERAGE         80                        82     -2       83

PRECIPITATION (IN)
  YESTERDAY        0.06                      0.15  -0.09      T
  MONTH TO DATE    5.37                      4.94   0.43     4.76
  SINCE JUN 1      5.37                      4.94   0.43     4.76
  SINCE JAN 1     21.23                     25.30  -4.07    23.82

SNOWFALL (IN)
  YESTERDAY        0.0

DEGREE DAYS
 HEATING
  YESTERDAY        0                         0      0        0
  MONTH TO DATE    0                         0      0        0
  SINCE JUN 1      0                         0      0        0
  SINCE JUL 1   1849                      1838     11     1945

 COOLING
  YESTERDAY       15                        17     -2       18
  MONTH TO DATE  482                       465     17      465
  SINCE JUN 1    482                       465     17      465
  SINCE JAN 1   1086                       905    181      859
..................................................................


WIND (MPH)
  HIGHEST WIND SPEED    25   HIGHEST WIND DIRECTION    SW (220)
  HIGHEST GUST SPEED    35   HIGHEST GUST DIRECTION    SW (220)
  AVERAGE WIND SPEED     6.4




RELATIVE HUMIDITY (PERCENT)
 HIGHEST    94
 LOWEST     63
 AVERAGE    79

..........................................................


THE ALBANY CLIMATE NORMALS FOR TODAY
                         NORMAL    RECORD    YEAR
 MAXIMUM TEMPERATURE (F)   92       104      2012
 MINIMUM TEMPERATURE (F)   72        60      1970


SUNRISE AND SUNSET
JULY  1 2015..........SUNRISE   635 AM EDT   SUNSET   846 PM EDT
JULY  2 2015..........SUNRISE   636 AM EDT   SUNSET   846 PM EDT


-  INDICATES NEGATIVE NUMBERS.
R  INDICATES RECORD WAS SET OR TIED.
MM INDICATES DATA IS MISSING.
T  INDICATES TRACE AMOUNT.




$$
