000
CDUS42 KTAE 300632
CLIABY


CLIMATE REPORT
NATIONAL WEATHER SERVICE TALLAHASSEE FL
231 AM EDT MON MAY 30 2016


...................................

...THE ALBANY CLIMATE SUMMARY FOR MAY 29 2016...

CLIMATE NORMAL PERIOD 1981 TO 2010
CLIMATE RECORD PERIOD 1930 TO 2016


WEATHER ITEM   OBSERVED TIME   RECORD YEAR NORMAL DEPARTURE LAST
                VALUE   (LST)  VALUE       VALUE  FROM      YEAR
                                                  NORMAL
..................................................................
TEMPERATURE (F)
 YESTERDAY
  MAXIMUM         93    247 PM  99    1937  90      3       90
  MINIMUM         65    500 AM  49    1988  66     -1       65
  AVERAGE         79                        78      1       78

PRECIPITATION (IN)
  YESTERDAY        0.00                      0.14  -0.14     0.00
  MONTH TO DATE    0.78                      2.40  -1.62     0.29
  SINCE MAR 1     12.42                     11.09   1.33     7.64
  SINCE JAN 1     22.73                     20.07   2.66    14.97

SNOWFALL (IN)
  YESTERDAY        0.0

DEGREE DAYS
 HEATING
  YESTERDAY        0                         0      0        0
  MONTH TO DATE    4                         0      4        2
  SINCE MAR 1    155                       274   -119      125
  SINCE JUL 1   1290                      1834   -544     1849

 COOLING
  YESTERDAY       14                        13      1       13
  MONTH TO DATE  269                       275     -6      326
  SINCE MAR 1    453                       406     47      572
  SINCE JAN 1    456                       415     41      574
..................................................................


WIND (MPH)
  HIGHEST WIND SPEED    13   HIGHEST WIND DIRECTION    NW (330)
  HIGHEST GUST SPEED    16   HIGHEST GUST DIRECTION    NW (330)
  AVERAGE WIND SPEED     3.4




RELATIVE HUMIDITY (PERCENT)
 HIGHEST    93
 LOWEST     32
 AVERAGE    63

..........................................................


THE ALBANY CLIMATE NORMALS FOR TODAY
                         NORMAL    RECORD    YEAR
 MAXIMUM TEMPERATURE (F)   90       100      1941
 MINIMUM TEMPERATURE (F)   67        49      1971


SUNRISE AND SUNSET
MAY 30 2016...........SUNRISE   633 AM EDT   SUNSET   836 PM EDT
MAY 31 2016...........SUNRISE   633 AM EDT   SUNSET   837 PM EDT


-  INDICATES NEGATIVE NUMBERS.
R  INDICATES RECORD WAS SET OR TIED.
MM INDICATES DATA IS MISSING.
T  INDICATES TRACE AMOUNT.




$$
